Last updated on 2025-02-21 09:50:57 CET.
Flavor | Version | Tinstall | Tcheck | Ttotal | Status | Flags |
---|---|---|---|---|---|---|
r-devel-linux-x86_64-debian-clang | 0.4.0 | 5.07 | 108.57 | 113.64 | NOTE | |
r-devel-linux-x86_64-debian-gcc | 0.4.0 | 3.85 | 80.93 | 84.78 | NOTE | |
r-devel-linux-x86_64-fedora-clang | 0.4.0 | 175.35 | OK | |||
r-devel-linux-x86_64-fedora-gcc | 0.4.0 | 189.77 | OK | |||
r-devel-macos-arm64 | 0.4.0 | 61.00 | OK | |||
r-devel-macos-x86_64 | 0.4.0 | 130.00 | OK | |||
r-devel-windows-x86_64 | 0.4.0 | 9.00 | 112.00 | 121.00 | NOTE | |
r-patched-linux-x86_64 | 0.4.0 | 9.32 | 102.09 | 111.41 | OK | |
r-release-linux-x86_64 | 0.4.0 | 5.01 | 101.16 | 106.17 | OK | |
r-release-macos-arm64 | 0.4.0 | 59.00 | OK | |||
r-release-macos-x86_64 | 0.4.0 | 104.00 | OK | |||
r-release-windows-x86_64 | 0.4.0 | 9.00 | 114.00 | 123.00 | OK | |
r-oldrel-macos-arm64 | 0.4.0 | 68.00 | OK | |||
r-oldrel-macos-x86_64 | 0.4.0 | 107.00 | OK | |||
r-oldrel-windows-x86_64 | 0.4.0 | 13.00 | 134.00 | 147.00 | OK |
Version: 0.4.0
Check: Rd cross-references
Result: NOTE
Found the following Rd file(s) with Rd \link{} targets missing package
anchors:
conduct_ri.Rd: declare_ra, obtain_permutation_matrix
Please provide package anchors for all Rd \link{} targets not in the
package itself and the base packages.
Flavors: r-devel-linux-x86_64-debian-clang, r-devel-linux-x86_64-debian-gcc, r-devel-windows-x86_64