Last updated on 2025-10-21 09:48:44 CEST.
Flavor | Version | Tinstall | Tcheck | Ttotal | Status | Flags |
---|---|---|---|---|---|---|
r-devel-linux-x86_64-debian-clang | 1.0.7 | 10.87 | 71.91 | 82.78 | OK | |
r-devel-linux-x86_64-debian-gcc | 1.0.7 | 7.03 | 55.36 | 62.39 | NOTE | |
r-devel-linux-x86_64-fedora-clang | 1.0.7 | 136.70 | OK | |||
r-devel-linux-x86_64-fedora-gcc | 1.0.7 | 140.55 | OK | |||
r-devel-windows-x86_64 | 1.0.7 | 17.00 | 96.00 | 113.00 | OK | |
r-patched-linux-x86_64 | 1.0.7 | 10.94 | 67.07 | 78.01 | OK | |
r-release-linux-x86_64 | 1.0.7 | 9.83 | 67.88 | 77.71 | OK | |
r-release-macos-arm64 | 1.0.7 | 42.00 | OK | |||
r-release-macos-x86_64 | 1.0.7 | 92.00 | OK | |||
r-release-windows-x86_64 | 1.0.7 | 16.00 | 97.00 | 113.00 | OK | |
r-oldrel-macos-arm64 | 1.0.7 | 50.00 | OK | |||
r-oldrel-macos-x86_64 | 1.0.7 | 81.00 | OK | |||
r-oldrel-windows-x86_64 | 1.0.7 | 17.00 | 115.00 | 132.00 | OK |
Version: 1.0.7
Check: HTML version of manual
Result: NOTE
Found the following HTML validation problems:
Gltf.html:264:1 (Gltf.Rd:138): Warning: <h5> anchor "Usage" already defined
Gltf.html:270:1 (Gltf.Rd:142): Warning: <h5> anchor "Arguments" already defined
Gltf.html:307:1 (Gltf.Rd:165): Warning: <h5> anchor "Usage" already defined
Gltf.html:313:1 (Gltf.Rd:169): Warning: <h5> anchor "Arguments" already defined
Gltf.html:326:1 (Gltf.Rd:176): Warning: <h5> anchor "Returns" already defined
Gltf.html:344:1 (Gltf.Rd:186): Warning: <h5> anchor "Usage" already defined
Gltf.html:350:1 (Gltf.Rd:190): Warning: <h5> anchor "Arguments" already defined
Gltf.html:375:1 (Gltf.Rd:205): Warning: <h5> anchor "Usage" already defined
Gltf.html:381:1 (Gltf.Rd:209): Warning: <h5> anchor "Returns" already defined
Gltf.html:398:1 (Gltf.Rd:218): Warning: <h5> anchor "Usage" already defined
Gltf.html:404:1 (Gltf.Rd:222): Warning: <h5> anchor "Arguments" already defined
Gltf.html:429:1 (Gltf.Rd:237): Warning: <h5> anchor "Usage" already defined
Gltf.html:435:1 (Gltf.Rd:241): Warning: <h5> anchor "Returns" already defined
Gltf.html:452:1 (Gltf.Rd:250): Warning: <h5> anchor "Usage" already defined
Gltf.html:458:1 (Gltf.Rd:254): Warning: <h5> anchor "Arguments" already defined
Gltf.html:471:1 (Gltf.Rd:261): Warning: <h5> anchor "Returns" already defined
Gltf.html:489:1 (Gltf.Rd:271): Warning: <h5> anchor "Usage" already defined
Gltf.html:495:1 (Gltf.Rd:275): Warning: <h5> anchor "Arguments" already defined
Gltf.html:520:1 (Gltf.Rd:290): Warning: <h5> anchor "Usage" already defined
Gltf.html:526:1 (Gltf.Rd:294): Warning: <h5> anchor "Arguments" already defined
Gltf.html:543:1 (Gltf.Rd:305): Warning: <h5> anchor "Returns" already defined
Gltf.html:560:1 (Gltf.Rd:314): Warning: <h5> anchor "Usage" already defined
Gltf.html:566:1 (Gltf.Rd:318): Warning: <h5> anchor "Arguments" already defined
Gltf.html:591:1 (Gltf.Rd:333): Warning: <h5> anchor "Usage" already defined
Gltf.html:607:1 (Gltf.Rd:343): Warning: <h5> anchor "Usage" already defined
Gltf.html:613:1 (Gltf.Rd:347): Warning: <h5> anchor "Arguments" already defined
Gltf.html:626:1 (Gltf.Rd:354): Warning: <h5> anchor "Returns" already defined
Gltf.html:644:1 (Gltf.Rd:364): Warning: <h5> anchor "Usage" already defined
Gltf.html:650:1 (Gltf.Rd:368): Warning: <h5> anchor "Arguments" already defined
Gltf.html:675:1 (Gltf.Rd:383): Warning: <h5> anchor "Usage" already defined
Gltf.html:681:1 (Gltf.Rd:387): Warning: <h5> anchor "Arguments" already defined
Gltf.html:696:1 (Gltf.Rd:396): Warning: <h5> anchor "Returns" already defined
Gltf.html:717:1 (Gltf.Rd:409): Warning: <h5> anchor "Usage" already defined
Gltf.html:723:1 (Gltf.Rd:413): Warning: <h5> anchor "Arguments" already defined
Gltf.html:736:1 (Gltf.Rd:420): Warning: <h5> anchor "Returns" already defined
Gltf.html:756:1 (Gltf.Rd:432): Warning: <h5> anchor "Usage" already defined
Gltf.html:762:1 (Gltf.Rd:436): Warning: <h5> anchor "Arguments" already defined
Gltf.html:775:1 (Gltf.Rd:443): Warning: <h5> anchor "Returns" already defined
Gltf.html:792:1 (Gltf.Rd:452): Warning: <h5> anchor "Usage" already defined
Gltf.html:798:1 (Gltf.Rd:456): Warning: <h5> anchor "Arguments" already defined
Gltf.html:811:1 (Gltf.Rd:463): Warning: <h5> anchor "Returns" already defined
Gltf.html:829:1 (Gltf.Rd:473): Warning: <h5> anchor "Usage" already defined
Gltf.html:835:1 (Gltf.Rd:477): Warning: <h5> anchor "Returns" already defined
Gltf.html:852:1 (Gltf.Rd:486): Warning: <h5> anchor "Usage" already defined
Gltf.html:858:1 (Gltf.Rd:490): Warning: <h5> anchor "Arguments" already defined
Gltf.html:881:1 (Gltf.Rd:503): Warning: <h5> anchor "Usage" already defined
Gltf.html:887:1 (Gltf.Rd:507): Warning: <h5> anchor "Arguments" already defined
Gltf.html:900:1 (Gltf.Rd:514): Warning: <h5> anchor "Returns" already defined
Gltf.html:918:1 (Gltf.Rd:524): Warning: <h5> anchor "Usage" already defined
Gltf.html:924:1 (Gltf.Rd:528): Warning: <h5> anchor "Arguments" already defined
Gltf.html:949:1 (Gltf.Rd:543): Warning: <h5> anchor "Usage" already defined
Gltf.html:955:1 (Gltf.Rd:547): Warning: <h5> anchor "Arguments" already defined
Gltf.html:968:1 (Gltf.Rd:554): Warning: <h5> anchor "Returns" already defined
Gltf.html:985:1 (Gltf.Rd:563): Warning: <h5> anchor "Usage" already defined
Gltf.html:991:1 (Gltf.Rd:567): Warning: <h5> anchor "Arguments" already defined
Gltf.html:1004:1 (Gltf.Rd:574): Warning: <h5> anchor "Returns" already defined
Gltf.html:1022:1 (Gltf.Rd:584): Warning: <h5> anchor "Usage" already defined
Gltf.html:1028:1 (Gltf.Rd:588): Warning: <h5> anchor "Arguments" already defined
Gltf.html:1041:1 (Gltf.Rd:595): Warning: <h5> anchor "Returns" already defined
Gltf.html:1059:1 (Gltf.Rd:605): Warning: <h5> anchor "Usage" already defined
Gltf.html:1065:1 (Gltf.Rd:609): Warning: <h5> anchor "Arguments" already defined
Gltf.html:1078:1 (Gltf.Rd:616): Warning: <h5> anchor "Returns" already defined
Gltf.html:1098:1 (Gltf.Rd:628): Warning: <h5> anchor "Usage" already defined
Gltf.html:1104:1 (Gltf.Rd:632): Warning: <h5> anchor "Arguments" already defined
Gltf.html:1119:1 (Gltf.Rd:641): Warning: <h5> anchor "Returns" already defined
Gltf.html:1136:1 (Gltf.Rd:650): Warning: <h5> anchor "Usage" already defined
Gltf.html:1142:1 (Gltf.Rd:654): Warning: <h5> anchor "Arguments" already defined
Gltf.html:1155:1 (Gltf.Rd:661): Warning: <h5> anchor "Returns" already defined
Gltf.html:1172:1 (Gltf.Rd:670): Warning: <h5> anchor "Usage" already defined
Gltf.html:1178:1 (Gltf.Rd:674): Warning: <h5> anchor "Arguments" already defined
Gltf.html:1191:1 (Gltf.Rd:681): Warning: <h5> anchor "Returns" already defined
Gltf.html:1208:1 (Gltf.Rd:690): Warning: <h5> anchor "Usage" already defined
Gltf.html:1214:1 (Gltf.Rd:694): Warning: <h5> anchor "Arguments" already defined
Gltf.html:1227:1 (Gltf.Rd:701): Warning: <h5> anchor "Returns" already defined
Gltf.html:1244:1 (Gltf.Rd:710): Warning: <h5> anchor "Usage" already defined
Gltf.html:1250:1 (Gltf.Rd:714): Warning: <h5> anchor "Arguments" already defined
Gltf.html:1263:1 (Gltf.Rd:721): Warning: <h5> anchor "Returns" already defined
Gltf.html:1280:1 (Gltf.Rd:730): Warning: <h5> anchor "Usage" already defined
Gltf.html:1291:1 (Gltf.Rd:739): Warning: <h5> anchor "Arguments" already defined
Gltf.html:1310:1 (Gltf.Rd:752): Warning: <h5> anchor "Returns" already defined
Gltf.html:1327:1 (Gltf.Rd:761): Warning: <h5> anchor "Usage" already defined
Gltf.html:1333:1 (Gltf.Rd:765): Warning: <h5> anchor "Arguments" already defined
Gltf.html:1352:1 (Gltf.Rd:778): Warning: <h5> anchor "Returns" already defined
Gltf.html:1370:1 (Gltf.Rd:788): Warning: <h5> anchor "Usage" already defined
Gltf.html:1376:1 (Gltf.Rd:792): Warning: <h5> anchor "Returns" already defined
Gltf.html:1394:1 (Gltf.Rd:802): Warning: <h5> anchor "Usage" already defined
Gltf.html:1400:1 (Gltf.Rd:806): Warning: <h5> anchor "Arguments" already defined
Gltf.html:1425:1 (Gltf.Rd:821): Warning: <h5> anchor "Usage" already defined
Gltf.html:1431:1 (Gltf.Rd:825): Warning: <h5> anchor "Arguments" already defined
Gltf.html:1444:1 (Gltf.Rd:832): Warning: <h5> anchor "Returns" already defined
Gltf.html:1461:1 (Gltf.Rd:841): Warning: <h5> anchor "Usage" already defined
Gltf.html:1467:1 (Gltf.Rd:845): Warning: <h5> anchor "Arguments" already defined
Gltf.html:1480:1 (Gltf.Rd:852): Warning: <h5> anchor "Returns" already defined
Gltf.html:1497:1 (Gltf.Rd:861): Warning: <h5> anchor "Usage" already defined
Gltf.html:1503:1 (Gltf.Rd:865): Warning: <h5> anchor "Arguments" already defined
Gltf.html:1516:1 (Gltf.Rd:872): Warning: <h5> anchor "Returns" already defined
Gltf.html:1534:1 (Gltf.Rd:882): Warning: <h5> anchor "Usage" already defined
Gltf.html:1540:1 (Gltf.Rd:886): Warning: <h5> anchor "Arguments" already defined
Gltf.html:1565:1 (Gltf.Rd:901): Warning: <h5> anchor "Usage" already defined
Gltf.html:1571:1 (Gltf.Rd:905): Warning: <h5> anchor "Arguments" already defined
Gltf.html:1584:1 (Gltf.Rd:912): Warning: <h5> anchor "Returns" already defined
Gltf.html:1604:1 (Gltf.Rd:924): Warning: <h5> anchor "Usage" already defined
Gltf.html:1610:1 (Gltf.Rd:928): Warning: <h5> anchor "Arguments" already defined
Gltf.html:1623:1 (Gltf.Rd:935): Warning: <h5> anchor "Returns" already defined
Gltf.html:1643:1 (Gltf.Rd:947): Warning: <h5> anchor "Usage" already defined
Gltf.html:1649:1 (Gltf.Rd:951): Warning: <h5> anchor "Arguments" already defined
Gltf.html:1664:1 (Gltf.Rd:960): Warning: <h5> anchor "Returns" already defined
Gltf.html:1681:1 (Gltf.Rd:969): Warning: <h5> anchor "Usage" already defined
Gltf.html:1687:1 (Gltf.Rd:973): Warning: <h5> anchor "Arguments" already defined
Gltf.html:1730:1 (Gltf.Rd:1005): Warning: <h5> anchor "Usage" already defined
Gltf.html:1736:1 (Gltf.Rd:1009): Warning: <h5> anchor "Arguments" already defined
Gltf.html:1759:1 (Gltf.Rd:1022): Warning: <h5> anchor "Usage" already defined
Gltf.html:1765:1 (Gltf.Rd:1026): Warning: <h5> anchor "Arguments" already defined
showtree.html:67:1 (showtree.Rd:26): Warning: missing </ul> before </div>
Flavor: r-devel-linux-x86_64-debian-gcc