Last updated on 2025-10-21 09:48:44 CEST.
Flavor | Version | Tinstall | Tcheck | Ttotal | Status | Flags |
---|---|---|---|---|---|---|
r-devel-linux-x86_64-debian-clang | 2.0.0 | 1.75 | 20.84 | 22.59 | OK | |
r-devel-linux-x86_64-debian-gcc | 2.0.0 | 1.44 | 17.01 | 18.45 | NOTE | |
r-devel-linux-x86_64-fedora-clang | 2.0.0 | 32.12 | OK | |||
r-devel-linux-x86_64-fedora-gcc | 2.0.0 | 32.33 | OK | |||
r-devel-windows-x86_64 | 2.0.0 | 3.00 | 40.00 | 43.00 | OK | |
r-patched-linux-x86_64 | 2.0.0 | 1.81 | 19.38 | 21.19 | OK | |
r-release-linux-x86_64 | 2.0.0 | 1.67 | 19.77 | 21.44 | OK | |
r-release-macos-arm64 | 2.0.0 | 14.00 | OK | |||
r-release-macos-x86_64 | 2.0.0 | 22.00 | OK | |||
r-release-windows-x86_64 | 2.0.0 | 4.00 | 41.00 | 45.00 | OK | |
r-oldrel-macos-arm64 | 2.0.0 | 16.00 | OK | |||
r-oldrel-macos-x86_64 | 2.0.0 | 29.00 | OK | |||
r-oldrel-windows-x86_64 | 2.0.0 | 4.00 | 50.00 | 54.00 | OK |
Version: 2.0.0
Check: top-level files
Result: NOTE
Found the following validation problem for the NEWS.Rd HTML conversion:
NEWS.html:297:1 (inst/NEWS.Rd:139): Warning: missing </ul> before </div>
NEWS.html:67:1 (inst/NEWS.Rd:31): Warning: <h4> anchor "Changed" already defined
NEWS.html:85:1 (inst/NEWS.Rd:40): Warning: <h4> anchor "Added" already defined
NEWS.html:100:1 (inst/NEWS.Rd:47): Warning: <h4> anchor "Changed" already defined
NEWS.html:125:1 (inst/NEWS.Rd:59): Warning: <h4> anchor "Changed" already defined
NEWS.html:142:1 (inst/NEWS.Rd:66): Warning: <h4> anchor "Added" already defined
NEWS.html:157:1 (inst/NEWS.Rd:74): Warning: <h4> anchor "Changed" already defined
NEWS.html:186:1 (inst/NEWS.Rd:88): Warning: <h4> anchor "Changed" already defined
NEWS.html:207:1 (inst/NEWS.Rd:98): Warning: <h4> anchor "Fixed" already defined
NEWS.html:222:1 (inst/NEWS.Rd:106): Warning: <h4> anchor "Changed" already defined
NEWS.html:239:1 (inst/NEWS.Rd:113): Warning: <h4> anchor "Added" already defined
NEWS.html:253:1 (inst/NEWS.Rd:119): Warning: <h4> anchor "Fixed" already defined
NEWS.html:268:1 (inst/NEWS.Rd:127): Warning: <h4> anchor "Fixed" already defined
NEWS.html:283:1 (inst/NEWS.Rd:135): Warning: <h4> anchor "Added" already defined
Flavor: r-devel-linux-x86_64-debian-gcc