CRAN Package Check Results for Package retistruct

Last updated on 2025-10-21 09:48:44 CEST.

Flavor Version Tinstall Tcheck Ttotal Status Flags
r-devel-linux-x86_64-debian-clang 0.8.1 29.02 159.87 188.89 OK
r-devel-linux-x86_64-debian-gcc 0.8.1 21.87 108.01 129.88 NOTE
r-devel-linux-x86_64-fedora-clang 0.8.1 296.37 OK
r-devel-linux-x86_64-fedora-gcc 0.8.1 303.69 OK
r-devel-windows-x86_64 0.8.1 38.00 217.00 255.00 OK
r-patched-linux-x86_64 0.8.1 32.61 149.69 182.30 OK
r-release-linux-x86_64 0.8.1 27.11 149.09 176.20 OK
r-release-macos-arm64 0.8.1 78.00 OK
r-release-macos-x86_64 0.8.1 172.00 OK
r-release-windows-x86_64 0.8.1 39.00 210.00 249.00 OK
r-oldrel-macos-arm64 0.8.1 92.00 OK
r-oldrel-macos-x86_64 0.8.1 167.00 OK
r-oldrel-windows-x86_64 0.8.1 44.00 256.00 300.00 OK

Check Details

Version: 0.8.1
Check: HTML version of manual
Result: NOTE Found the following HTML validation problems: AnnotatedOutline.html:219:1 (AnnotatedOutline.Rd:145): Warning: <h5> anchor "Usage" already defined AnnotatedOutline.html:225:1 (AnnotatedOutline.Rd:149): Warning: <h5> anchor "Arguments" already defined AnnotatedOutline.html:255:1 (AnnotatedOutline.Rd:165): Warning: <h5> anchor "Usage" already defined AnnotatedOutline.html:261:1 (AnnotatedOutline.Rd:169): Warning: <h5> anchor "Arguments" already defined AnnotatedOutline.html:274:1 (AnnotatedOutline.Rd:176): Warning: <h5> anchor "Returns" already defined AnnotatedOutline.html:291:1 (AnnotatedOutline.Rd:185): Warning: <h5> anchor "Usage" already defined AnnotatedOutline.html:297:1 (AnnotatedOutline.Rd:189): Warning: <h5> anchor "Arguments" already defined AnnotatedOutline.html:310:1 (AnnotatedOutline.Rd:196): Warning: <h5> anchor "Returns" already defined AnnotatedOutline.html:328:1 (AnnotatedOutline.Rd:206): Warning: <h5> anchor "Usage" already defined AnnotatedOutline.html:334:1 (AnnotatedOutline.Rd:210): Warning: <h5> anchor "Returns" already defined AnnotatedOutline.html:352:1 (AnnotatedOutline.Rd:220): Warning: <h5> anchor "Usage" already defined AnnotatedOutline.html:358:1 (AnnotatedOutline.Rd:224): Warning: <h5> anchor "Arguments" already defined AnnotatedOutline.html:373:1 (AnnotatedOutline.Rd:233): Warning: <h5> anchor "Returns" already defined AnnotatedOutline.html:408:1 (AnnotatedOutline.Rd:252): Warning: <h5> anchor "Usage" already defined AnnotatedOutline.html:414:1 (AnnotatedOutline.Rd:256): Warning: <h5> anchor "Arguments" already defined AnnotatedOutline.html:437:1 (AnnotatedOutline.Rd:269): Warning: <h5> anchor "Usage" already defined AnnotatedOutline.html:443:1 (AnnotatedOutline.Rd:273): Warning: <h5> anchor "Arguments" already defined AnnotatedOutline.html:466:1 (AnnotatedOutline.Rd:286): Warning: <h5> anchor "Usage" already defined AnnotatedOutline.html:472:1 (AnnotatedOutline.Rd:290): Warning: <h5> anchor "Returns" already defined AnnotatedOutline.html:490:1 (AnnotatedOutline.Rd:300): Warning: <h5> anchor "Usage" already defined AnnotatedOutline.html:496:1 (AnnotatedOutline.Rd:304): Warning: <h5> anchor "Arguments" already defined AnnotatedOutline.html:521:1 (AnnotatedOutline.Rd:319): Warning: <h5> anchor "Usage" already defined AnnotatedOutline.html:527:1 (AnnotatedOutline.Rd:323): Warning: <h5> anchor "Returns" already defined AnnotatedOutline.html:544:1 (AnnotatedOutline.Rd:332): Warning: <h5> anchor "Usage" already defined AnnotatedOutline.html:550:1 (AnnotatedOutline.Rd:336): Warning: <h5> anchor "Returns" already defined AnnotatedOutline.html:570:1 (AnnotatedOutline.Rd:348): Warning: <h5> anchor "Usage" already defined AnnotatedOutline.html:576:1 (AnnotatedOutline.Rd:352): Warning: <h5> anchor "Returns" already defined AnnotatedOutline.html:600:1 (AnnotatedOutline.Rd:368): Warning: <h5> anchor "Usage" already defined AnnotatedOutline.html:617:1 (AnnotatedOutline.Rd:379): Warning: <h5> anchor "Usage" already defined AnnotatedOutline.html:623:1 (AnnotatedOutline.Rd:383): Warning: <h5> anchor "Arguments" already defined AnnotatedOutline.html:646:1 (AnnotatedOutline.Rd:396): Warning: <h5> anchor "Usage" already defined AnnotatedOutline.html:652:1 (AnnotatedOutline.Rd:400): Warning: <h5> anchor "Arguments" already defined AnnotatedOutline.html:676:1 (AnnotatedOutline.Rd:414): Warning: <h5> anchor "Usage" already defined AnnotatedOutline.html:682:1 (AnnotatedOutline.Rd:418): Warning: <h5> anchor "Arguments" already defined AnnotatedOutline.html:695:1 (AnnotatedOutline.Rd:425): Warning: <h5> anchor "Returns" already defined AnnotatedOutline.html:712:1 (AnnotatedOutline.Rd:434): Warning: <h5> anchor "Usage" already defined AnnotatedOutline.html:718:1 (AnnotatedOutline.Rd:438): Warning: <h5> anchor "Arguments" already defined AnnotatedOutline.html:742:1 (AnnotatedOutline.Rd:452): Warning: <h5> anchor "Usage" already defined AnnotatedOutline.html:748:1 (AnnotatedOutline.Rd:456): Warning: <h5> anchor "Arguments" already defined AnnotatedOutline.html:763:1 (AnnotatedOutline.Rd:465): Warning: <h5> anchor "Returns" already defined AnnotatedOutline.html:798:1 (AnnotatedOutline.Rd:484): Warning: <h5> anchor "Usage" already defined AnnotatedOutline.html:804:1 (AnnotatedOutline.Rd:488): Warning: <h5> anchor "Arguments" already defined AnnotatedOutline.html:817:1 (AnnotatedOutline.Rd:495): Warning: <h5> anchor "Returns" already defined AnnotatedOutline.html:835:1 (AnnotatedOutline.Rd:505): Warning: <h5> anchor "Usage" already defined AnnotatedOutline.html:841:1 (AnnotatedOutline.Rd:509): Warning: <h5> anchor "Returns" already defined AnnotatedOutline.html:859:1 (AnnotatedOutline.Rd:519): Warning: <h5> anchor "Usage" already defined AnnotatedOutline.html:865:1 (AnnotatedOutline.Rd:523): Warning: <h5> anchor "Arguments" already defined AnnotatedOutline.html:880:1 (AnnotatedOutline.Rd:532): Warning: <h5> anchor "Returns" already defined AnnotatedOutline.html:899:1 (AnnotatedOutline.Rd:543): Warning: <h5> anchor "Usage" already defined AnnotatedOutline.html:905:1 (AnnotatedOutline.Rd:547): Warning: <h5> anchor "Returns" already defined AnnotatedOutline.html:922:1 (AnnotatedOutline.Rd:556): Warning: <h5> anchor "Usage" already defined AnnotatedOutline.html:928:1 (AnnotatedOutline.Rd:560): Warning: <h5> anchor "Arguments" already defined CountSet.html:115:1 (CountSet.Rd:68): Warning: <h5> anchor "Usage" already defined CountSet.html:121:1 (CountSet.Rd:72): Warning: <h5> anchor "Arguments" already defined CountSet.html:144:1 (CountSet.Rd:85): Warning: <h5> anchor "Usage" already defined CountSet.html:150:1 (CountSet.Rd:89): Warning: <h5> anchor "Arguments" already defined FeatureSet.html:116:1 (FeatureSet.Rd:71): Warning: <h5> anchor "Usage" already defined FeatureSet.html:122:1 (FeatureSet.Rd:75): Warning: <h5> anchor "Arguments" already defined FeatureSetCommon.html:117:1 (FeatureSetCommon.Rd:60): Warning: <h5> anchor "Usage" already defined FeatureSetCommon.html:140:1 (FeatureSetCommon.Rd:73): Warning: <h5> anchor "Usage" already defined FeatureSetCommon.html:146:1 (FeatureSetCommon.Rd:77): Warning: <h5> anchor "Arguments" already defined FeatureSetCommon.html:171:1 (FeatureSetCommon.Rd:92): Warning: <h5> anchor "Usage" already defined FeatureSetCommon.html:177:1 (FeatureSetCommon.Rd:96): Warning: <h5> anchor "Arguments" already defined FeatureSetCommon.html:190:1 (FeatureSetCommon.Rd:103): Warning: <h5> anchor "Returns" already defined FeatureSetCommon.html:207:1 (FeatureSetCommon.Rd:112): Warning: <h5> anchor "Usage" already defined FeatureSetCommon.html:223:1 (FeatureSetCommon.Rd:122): Warning: <h5> anchor "Usage" already defined FeatureSetCommon.html:229:1 (FeatureSetCommon.Rd:126): Warning: <h5> anchor "Arguments" already defined FeatureSetCommon.html:252:1 (FeatureSetCommon.Rd:139): Warning: <h5> anchor "Usage" already defined FeatureSetCommon.html:258:1 (FeatureSetCommon.Rd:143): Warning: <h5> anchor "Arguments" already defined Fragment.html:112:1 (Fragment.Rd:65): Warning: <h5> anchor "Usage" already defined Fragment.html:118:1 (Fragment.Rd:69): Warning: <h5> anchor "Arguments" already defined LandmarkSet.html:114:1 (LandmarkSet.Rd:67): Warning: <h5> anchor "Usage" already defined LandmarkSet.html:120:1 (LandmarkSet.Rd:71): Warning: <h5> anchor "Arguments" already defined LandmarkSet.html:143:1 (LandmarkSet.Rd:84): Warning: <h5> anchor "Usage" already defined LandmarkSet.html:149:1 (LandmarkSet.Rd:88): Warning: <h5> anchor "Arguments" already defined Outline.html:213:1 (Outline.Rd:127): Warning: <h5> anchor "Usage" already defined Outline.html:236:1 (Outline.Rd:140): Warning: <h5> anchor "Usage" already defined Outline.html:242:1 (Outline.Rd:144): Warning: <h5> anchor "Arguments" already defined Outline.html:266:1 (Outline.Rd:158): Warning: <h5> anchor "Usage" already defined Outline.html:272:1 (Outline.Rd:162): Warning: <h5> anchor "Arguments" already defined Outline.html:297:1 (Outline.Rd:177): Warning: <h5> anchor "Usage" already defined Outline.html:303:1 (Outline.Rd:181): Warning: <h5> anchor "Arguments" already defined Outline.html:320:1 (Outline.Rd:192): Warning: <h5> anchor "Returns" already defined Outline.html:337:1 (Outline.Rd:201): Warning: <h5> anchor "Usage" already defined Outline.html:343:1 (Outline.Rd:205): Warning: <h5> anchor "Arguments" already defined Outline.html:356:1 (Outline.Rd:212): Warning: <h5> anchor "Returns" already defined Outline.html:373:1 (Outline.Rd:221): Warning: <h5> anchor "Usage" already defined Outline.html:379:1 (Outline.Rd:225): Warning: <h5> anchor "Arguments" already defined Outline.html:394:1 (Outline.Rd:234): Warning: <h5> anchor "Returns" already defined Outline.html:413:1 (Outline.Rd:245): Warning: <h5> anchor "Usage" already defined Outline.html:419:1 (Outline.Rd:249): Warning: <h5> anchor "Arguments" already defined Outline.html:432:1 (Outline.Rd:256): Warning: <h5> anchor "Returns" already defined Outline.html:451:1 (Outline.Rd:267): Warning: <h5> anchor "Usage" already defined Outline.html:457:1 (Outline.Rd:271): Warning: <h5> anchor "Arguments" already defined Outline.html:470:1 (Outline.Rd:278): Warning: <h5> anchor "Returns" already defined Outline.html:487:1 (Outline.Rd:287): Warning: <h5> anchor "Usage" already defined Outline.html:493:1 (Outline.Rd:291): Warning: <h5> anchor "Arguments" already defined Outline.html:506:1 (Outline.Rd:298): Warning: <h5> anchor "Returns" already defined Outline.html:523:1 (Outline.Rd:307): Warning: <h5> anchor "Usage" already defined Outline.html:529:1 (Outline.Rd:311): Warning: <h5> anchor "Arguments" already defined Outline.html:542:1 (Outline.Rd:318): Warning: <h5> anchor "Returns" already defined Outline.html:559:1 (Outline.Rd:327): Warning: <h5> anchor "Usage" already defined Outline.html:565:1 (Outline.Rd:331): Warning: <h5> anchor "Returns" already defined Outline.html:582:1 (Outline.Rd:340): Warning: <h5> anchor "Usage" already defined Outline.html:588:1 (Outline.Rd:344): Warning: <h5> anchor "Arguments" already defined Outline.html:601:1 (Outline.Rd:351): Warning: <h5> anchor "Returns" already defined Outline.html:618:1 (Outline.Rd:360): Warning: <h5> anchor "Usage" already defined Outline.html:624:1 (Outline.Rd:364): Warning: <h5> anchor "Arguments" already defined Outline.html:637:1 (Outline.Rd:371): Warning: <h5> anchor "Returns" already defined Outline.html:654:1 (Outline.Rd:380): Warning: <h5> anchor "Usage" already defined Outline.html:660:1 (Outline.Rd:384): Warning: <h5> anchor "Returns" already defined Outline.html:678:1 (Outline.Rd:394): Warning: <h5> anchor "Usage" already defined Outline.html:684:1 (Outline.Rd:398): Warning: <h5> anchor "Returns" already defined Outline.html:703:1 (Outline.Rd:409): Warning: <h5> anchor "Usage" already defined Outline.html:709:1 (Outline.Rd:413): Warning: <h5> anchor "Returns" already defined Outline.html:726:1 (Outline.Rd:422): Warning: <h5> anchor "Usage" already defined Outline.html:732:1 (Outline.Rd:426): Warning: <h5> anchor "Returns" already defined Outline.html:750:1 (Outline.Rd:436): Warning: <h5> anchor "Usage" already defined Outline.html:756:1 (Outline.Rd:440): Warning: <h5> anchor "Arguments" already defined Outline.html:779:1 (Outline.Rd:453): Warning: <h5> anchor "Usage" already defined Outline.html:785:1 (Outline.Rd:457): Warning: <h5> anchor "Arguments" already defined OutlineCommon.html:226:1 (OutlineCommon.Rd:116): Warning: missing </ul> before </div> OutlineCommon.html:105:1 (OutlineCommon.Rd:49): Warning: <h5> anchor "Usage" already defined OutlineCommon.html:124:1 (OutlineCommon.Rd:60): Warning: <h5> anchor "Returns" already defined OutlineCommon.html:141:1 (OutlineCommon.Rd:69): Warning: <h5> anchor "Usage" already defined OutlineCommon.html:157:1 (OutlineCommon.Rd:79): Warning: <h5> anchor "Usage" already defined OutlineCommon.html:163:1 (OutlineCommon.Rd:83): Warning: <h5> anchor "Returns" already defined OutlineCommon.html:180:1 (OutlineCommon.Rd:92): Warning: <h5> anchor "Usage" already defined OutlineCommon.html:186:1 (OutlineCommon.Rd:96): Warning: <h5> anchor "Returns" already defined OutlineCommon.html:203:1 (OutlineCommon.Rd:105): Warning: <h5> anchor "Usage" already defined OutlineCommon.html:209:1 (OutlineCommon.Rd:109): Warning: <h5> anchor "Arguments" already defined PathOutline.html:310:1 (PathOutline.Rd:185): Warning: missing </ul> before </div> PathOutline.html:187:1 (PathOutline.Rd:110): Warning: <h5> anchor "Usage" already defined PathOutline.html:193:1 (PathOutline.Rd:114): Warning: <h5> anchor "Arguments" already defined PathOutline.html:216:1 (PathOutline.Rd:127): Warning: <h5> anchor "Usage" already defined PathOutline.html:222:1 (PathOutline.Rd:131): Warning: <h5> anchor "Arguments" already defined PathOutline.html:250:1 (PathOutline.Rd:149): Warning: <h5> anchor "Usage" already defined PathOutline.html:256:1 (PathOutline.Rd:153): Warning: <h5> anchor "Arguments" already defined PathOutline.html:287:1 (PathOutline.Rd:174): Warning: <h5> anchor "Usage" already defined PathOutline.html:293:1 (PathOutline.Rd:178): Warning: <h5> anchor "Arguments" already defined PointSet.html:113:1 (PointSet.Rd:66): Warning: <h5> anchor "Usage" already defined PointSet.html:119:1 (PointSet.Rd:70): Warning: <h5> anchor "Arguments" already defined PointSet.html:142:1 (PointSet.Rd:83): Warning: <h5> anchor "Usage" already defined PointSet.html:148:1 (PointSet.Rd:87): Warning: <h5> anchor "Arguments" already defined ReconstructedCountSet.html:126:1 (ReconstructedCountSet.Rd:74): Warning: <h5> anchor "Usage" already defined ReconstructedCountSet.html:150:1 (ReconstructedCountSet.Rd:88): Warning: <h5> anchor "Usage" already defined ReconstructedCountSet.html:156:1 (ReconstructedCountSet.Rd:92): Warning: <h5> anchor "Arguments" already defined ReconstructedFeatureSet.html:113:1 (ReconstructedFeatureSet.Rd:68): Warning: <h5> anchor "Usage" already defined ReconstructedFeatureSet.html:119:1 (ReconstructedFeatureSet.Rd:72): Warning: <h5> anchor "Arguments" already defined ReconstructedOutline.html:283:1 (ReconstructedOutline.Rd:195): Warning: <h5> anchor "Usage" already defined ReconstructedOutline.html:295:1 (ReconstructedOutline.Rd:205): Warning: <h5> anchor "Arguments" already defined ReconstructedOutline.html:371:1 (ReconstructedOutline.Rd:255): Warning: <h5> anchor "Usage" already defined ReconstructedOutline.html:403:1 (ReconstructedOutline.Rd:276): Warning: <h5> anchor "Usage" already defined ReconstructedOutline.html:421:1 (ReconstructedOutline.Rd:288): Warning: <h5> anchor "Usage" already defined ReconstructedOutline.html:457:1 (ReconstructedOutline.Rd:308): Warning: <h5> anchor "Usage" already defined ReconstructedOutline.html:473:1 (ReconstructedOutline.Rd:322): Warning: <h5> anchor "Arguments" already defined ReconstructedOutline.html:515:1 (ReconstructedOutline.Rd:354): Warning: <h5> anchor "Usage" already defined ReconstructedOutline.html:531:1 (ReconstructedOutline.Rd:368): Warning: <h5> anchor "Arguments" already defined ReconstructedOutline.html:583:1 (ReconstructedOutline.Rd:407): Warning: <h5> anchor "Usage" already defined ReconstructedOutline.html:600:1 (ReconstructedOutline.Rd:418): Warning: <h5> anchor "Usage" already defined ReconstructedOutline.html:606:1 (ReconstructedOutline.Rd:422): Warning: <h5> anchor "Returns" already defined ReconstructedOutline.html:623:1 (ReconstructedOutline.Rd:431): Warning: <h5> anchor "Usage" already defined ReconstructedOutline.html:629:1 (ReconstructedOutline.Rd:435): Warning: <h5> anchor "Returns" already defined ReconstructedOutline.html:646:1 (ReconstructedOutline.Rd:444): Warning: <h5> anchor "Usage" already defined ReconstructedOutline.html:652:1 (ReconstructedOutline.Rd:448): Warning: <h5> anchor "Returns" already defined ReconstructedOutline.html:669:1 (ReconstructedOutline.Rd:457): Warning: <h5> anchor "Usage" already defined ReconstructedOutline.html:675:1 (ReconstructedOutline.Rd:461): Warning: <h5> anchor "Returns" already defined ReconstructedOutline.html:692:1 (ReconstructedOutline.Rd:470): Warning: <h5> anchor "Usage" already defined ReconstructedOutline.html:698:1 (ReconstructedOutline.Rd:474): Warning: <h5> anchor "Arguments" already defined ReconstructedOutline.html:722:1 (ReconstructedOutline.Rd:488): Warning: <h5> anchor "Usage" already defined ReconstructedOutline.html:738:1 (ReconstructedOutline.Rd:498): Warning: <h5> anchor "Usage" already defined ReconstructedOutline.html:744:1 (ReconstructedOutline.Rd:502): Warning: <h5> anchor "Returns" already defined ReconstructedOutline.html:763:1 (ReconstructedOutline.Rd:513): Warning: <h5> anchor "Usage" already defined ReconstructedOutline.html:769:1 (ReconstructedOutline.Rd:517): Warning: <h5> anchor "Arguments" already defined ReconstructedOutline.html:794:1 (ReconstructedOutline.Rd:532): Warning: <h5> anchor "Usage" already defined ReconstructedOutline.html:806:1 (ReconstructedOutline.Rd:542): Warning: <h5> anchor "Arguments" already defined ReconstructedOutline.html:839:1 (ReconstructedOutline.Rd:565): Warning: <h5> anchor "Usage" already defined ReconstructedOutline.html:845:1 (ReconstructedOutline.Rd:569): Warning: <h5> anchor "Arguments" already defined ReconstructedPointSet.html:121:1 (ReconstructedPointSet.Rd:69): Warning: <h5> anchor "Usage" already defined ReconstructedPointSet.html:127:1 (ReconstructedPointSet.Rd:73): Warning: <h5> anchor "Returns" already defined ReconstructedPointSet.html:144:1 (ReconstructedPointSet.Rd:82): Warning: <h5> anchor "Usage" already defined ReconstructedPointSet.html:150:1 (ReconstructedPointSet.Rd:86): Warning: <h5> anchor "Returns" already defined ReconstructedPointSet.html:167:1 (ReconstructedPointSet.Rd:95): Warning: <h5> anchor "Usage" already defined RetinalOutline.html:171:1 (RetinalOutline.Rd:121): Warning: <h5> anchor "Usage" already defined RetinalOutline.html:177:1 (RetinalOutline.Rd:125): Warning: <h5> anchor "Arguments" already defined RetinalReconstructedOutline.html:135:1 (RetinalReconstructedOutline.Rd:81): Warning: <h5> anchor "Usage" already defined RetinalReconstructedOutline.html:141:1 (RetinalReconstructedOutline.Rd:85): Warning: <h5> anchor "Returns" already defined RetinalReconstructedOutline.html:156:1 (RetinalReconstructedOutline.Rd:93): Warning: <h5> anchor "Usage" already defined RetinalReconstructedOutline.html:186:1 (RetinalReconstructedOutline.Rd:111): Warning: <h5> anchor "Usage" already defined RetinalReconstructedOutline.html:192:1 (RetinalReconstructedOutline.Rd:115): Warning: <h5> anchor "Arguments" already defined RetinalReconstructedOutline.html:216:1 (RetinalReconstructedOutline.Rd:129): Warning: <h5> anchor "Usage" already defined RetinalReconstructedOutline.html:222:1 (RetinalReconstructedOutline.Rd:133): Warning: <h5> anchor "Arguments" already defined StitchedOutline.html:181:1 (StitchedOutline.Rd:123): Warning: <h5> anchor "Usage" already defined StitchedOutline.html:199:1 (StitchedOutline.Rd:135): Warning: <h5> anchor "Usage" already defined StitchedOutline.html:215:1 (StitchedOutline.Rd:145): Warning: <h5> anchor "Usage" already defined StitchedOutline.html:238:1 (StitchedOutline.Rd:158): Warning: <h5> anchor "Usage" already defined StitchedOutline.html:244:1 (StitchedOutline.Rd:162): Warning: <h5> anchor "Returns" already defined StitchedOutline.html:267:1 (StitchedOutline.Rd:177): Warning: <h5> anchor "Usage" already defined StitchedOutline.html:273:1 (StitchedOutline.Rd:181): Warning: <h5> anchor "Arguments" already defined TriangulatedFragment.html:137:1 (TriangulatedFragment.Rd:87): Warning: <h5> anchor "Usage" already defined TriangulatedFragment.html:143:1 (TriangulatedFragment.Rd:91): Warning: <h5> anchor "Arguments" already defined TriangulatedOutline.html:176:1 (TriangulatedOutline.Rd:147): Warning: <h5> anchor "Usage" already defined TriangulatedOutline.html:182:1 (TriangulatedOutline.Rd:151): Warning: <h5> anchor "Arguments" already defined TriangulatedOutline.html:207:1 (TriangulatedOutline.Rd:166): Warning: <h5> anchor "Usage" already defined TriangulatedOutline.html:213:1 (TriangulatedOutline.Rd:170): Warning: <h5> anchor "Arguments" already defined projection.ReconstructedOutline.html:152:1 (projection.ReconstructedOutline.Rd:76): Warning: missing </ul> before </div> projection.RetinalReconstructedOutline.html:135:1 (projection.RetinalReconstructedOutline.Rd:66): Warning: missing </ul> before </div> retistruct.batch.get.titrations.html:48:1 (retistruct.batch.get.titrations.Rd:12): Warning: missing </ul> before </div> retistruct.batch.plot.titrations.html:46:1 (retistruct.batch.plot.titrations.Rd:10): Warning: missing </ul> before </div> Flavor: r-devel-linux-x86_64-debian-gcc