Last updated on 2025-10-21 09:48:44 CEST.
Flavor | Version | Tinstall | Tcheck | Ttotal | Status | Flags |
---|---|---|---|---|---|---|
r-devel-linux-x86_64-debian-clang | 0.3.0 | 6.65 | 55.22 | 61.87 | OK | |
r-devel-linux-x86_64-debian-gcc | 0.3.0 | 3.94 | 40.58 | 44.52 | NOTE | |
r-devel-linux-x86_64-fedora-clang | 0.3.0 | 92.07 | OK | |||
r-devel-linux-x86_64-fedora-gcc | 0.3.0 | 107.60 | OK | |||
r-devel-windows-x86_64 | 0.3.0 | 8.00 | 78.00 | 86.00 | OK | |
r-patched-linux-x86_64 | 0.3.0 | 7.32 | 53.00 | 60.32 | OK | |
r-release-linux-x86_64 | 0.3.0 | 5.71 | 52.70 | 58.41 | OK | |
r-release-macos-arm64 | 0.3.0 | 44.00 | OK | |||
r-release-macos-x86_64 | 0.3.0 | 102.00 | OK | |||
r-release-windows-x86_64 | 0.3.0 | 8.00 | 78.00 | 86.00 | OK | |
r-oldrel-macos-arm64 | 0.3.0 | 46.00 | OK | |||
r-oldrel-macos-x86_64 | 0.3.0 | 87.00 | OK | |||
r-oldrel-windows-x86_64 | 0.3.0 | 10.00 | 88.00 | 98.00 | OK |
Version: 0.3.0
Check: HTML version of manual
Result: NOTE
Found the following HTML validation problems:
binding_lapply.html:50:1 (binding_lapply.Rd:12): Warning: missing </ul> before </div>
check_function_input.html:123:1 (check_function_input.Rd:57): Warning: missing </ul> before </div>
check_results.html:46:1 (check_results.Rd:10): Warning: missing </ul> before </div>
dot-gen_api_core.html:54:1 (dot-gen_api_core.Rd:14): Warning: missing </ul> before </div>
find_token.html:58:1 (find_token.Rd:16): Warning: missing </ul> before </div>
forming_evas.html:46:1 (forming_evas.Rd:10): Warning: missing </ul> before </div>
ggsub.html:46:1 (ggsub.Rd:10): Warning: missing </ul> before </div>
insert_and_save_credentials.html:50:1 (insert_and_save_credentials.Rd:12): Warning: missing </ul> before </div>
is_cube_metadata_header.html:46:1 (is_cube_metadata_header.Rd:10): Warning: missing </ul> before </div>
param_check_regionalkey.html:46:1 (param_check_regionalkey.Rd:10): Warning: missing </ul> before </div>
param_check_year.html:46:1 (param_check_year.Rd:10): Warning: missing </ul> before </div>
param_collapse_vec.html:46:1 (param_collapse_vec.Rd:10): Warning: missing </ul> before </div>
read_cube.html:46:1 (read_cube.Rd:10): Warning: missing </ul> before </div>
read_cube_block.html:46:1 (read_cube_block.Rd:10): Warning: missing </ul> before </div>
read_cube_data_lines.html:50:1 (read_cube_data_lines.Rd:12): Warning: missing </ul> before </div>
read_cube_metadata_header.html:50:1 (read_cube_metadata_header.Rd:12): Warning: missing </ul> before </div>
rename_cube_data_columns.html:46:1 (rename_cube_data_columns.Rd:10): Warning: missing </ul> before </div>
resp_check_data.html:46:1 (resp_check_data.Rd:10): Warning: missing </ul> before </div>
return_table_object.html:58:1 (return_table_object.Rd:16): Warning: missing </ul> before </div>
set_credentials_auth.html:58:1 (set_credentials_auth.Rd:16): Warning: missing </ul> before </div>
spezifisch_create.html:46:1 (spezifisch_create.Rd:10): Warning: missing </ul> before </div>
split_cube.html:46:1 (split_cube.Rd:10): Warning: missing </ul> before </div>
test_database_function.html:54:1 (test_database_function.Rd:14): Warning: missing </ul> before </div>
test_if_error.html:54:1 (test_if_error.Rd:14): Warning: missing </ul> before </div>
test_if_error_find.html:54:1 (test_if_error_find.Rd:14): Warning: missing </ul> before </div>
test_if_error_light.html:50:1 (test_if_error_light.Rd:12): Warning: missing </ul> before </div>
test_if_error_variables.html:50:1 (test_if_error_variables.Rd:12): Warning: missing </ul> before </div>
test_if_json.html:46:1 (test_if_json.Rd:10): Warning: missing </ul> before </div>
test_if_okay.html:46:1 (test_if_okay.Rd:10): Warning: missing </ul> before </div>
test_if_process_further.html:54:1 (test_if_process_further.Rd:14): Warning: missing </ul> before </div>
titel_search.html:54:1 (titel_search.Rd:14): Warning: missing </ul> before </div>
Flavor: r-devel-linux-x86_64-debian-gcc