CRAN Package Check Results for Package reservr

Last updated on 2025-10-21 09:48:44 CEST.

Flavor Version Tinstall Tcheck Ttotal Status Flags
r-devel-linux-x86_64-debian-clang 0.0.3 131.40 212.63 344.03 OK
r-devel-linux-x86_64-debian-gcc 0.0.3 84.37 170.66 255.03 NOTE
r-devel-linux-x86_64-fedora-clang 0.0.3 1094.85 OK
r-devel-linux-x86_64-fedora-gcc 0.0.3 1181.92 OK
r-devel-windows-x86_64 0.0.3 131.00 569.00 700.00 OK
r-patched-linux-x86_64 0.0.3 130.27 203.19 333.46 OK
r-release-linux-x86_64 0.0.3 127.82 203.60 331.42 OK
r-release-macos-arm64 0.0.3 167.00 OK
r-release-macos-x86_64 0.0.3 562.00 OK
r-release-windows-x86_64 0.0.3 139.00 576.00 715.00 OK
r-oldrel-macos-arm64 0.0.3 79.00 NOTE
r-oldrel-macos-x86_64 0.0.3 242.00 NOTE
r-oldrel-windows-x86_64 0.0.3 168.00 329.00 497.00 NOTE

Check Details

Version: 0.0.3
Check: HTML version of manual
Result: NOTE Found the following HTML validation problems: Distribution.html:198:1 (Distribution.Rd:300): Warning: <h5> anchor "Usage" already defined Distribution.html:204:1 (Distribution.Rd:304): Warning: <h5> anchor "Arguments" already defined Distribution.html:221:1 (Distribution.Rd:315): Warning: <h5> anchor "Details" already defined Distribution.html:253:1 (Distribution.Rd:336): Warning: <h5> anchor "Usage" already defined Distribution.html:259:1 (Distribution.Rd:340): Warning: <h5> anchor "Arguments" already defined Distribution.html:278:1 (Distribution.Rd:353): Warning: <h5> anchor "Details" already defined Distribution.html:285:1 (Distribution.Rd:357): Warning: <h5> anchor "Returns" already defined Distribution.html:292:1 (Distribution.Rd:360): Warning: <h5> anchor "Examples" already defined Distribution.html:309:1 (Distribution.Rd:373): Warning: <h5> anchor "Usage" already defined Distribution.html:315:1 (Distribution.Rd:377): Warning: <h5> anchor "Details" already defined Distribution.html:322:1 (Distribution.Rd:381): Warning: <h5> anchor "Returns" already defined Distribution.html:338:1 (Distribution.Rd:390): Warning: <h5> anchor "Usage" already defined Distribution.html:349:1 (Distribution.Rd:399): Warning: <h5> anchor "Arguments" already defined Distribution.html:371:1 (Distribution.Rd:415): Warning: <h5> anchor "Details" already defined Distribution.html:378:1 (Distribution.Rd:419): Warning: <h5> anchor "Returns" already defined Distribution.html:385:1 (Distribution.Rd:422): Warning: <h5> anchor "Examples" already defined Distribution.html:405:1 (Distribution.Rd:438): Warning: <h5> anchor "Usage" already defined Distribution.html:411:1 (Distribution.Rd:442): Warning: <h5> anchor "Details" already defined Distribution.html:418:1 (Distribution.Rd:446): Warning: <h5> anchor "Returns" already defined Distribution.html:435:1 (Distribution.Rd:456): Warning: <h5> anchor "Usage" already defined Distribution.html:446:1 (Distribution.Rd:465): Warning: <h5> anchor "Arguments" already defined Distribution.html:467:1 (Distribution.Rd:480): Warning: <h5> anchor "Details" already defined Distribution.html:474:1 (Distribution.Rd:484): Warning: <h5> anchor "Returns" already defined Distribution.html:481:1 (Distribution.Rd:487): Warning: <h5> anchor "Examples" already defined Distribution.html:498:1 (Distribution.Rd:500): Warning: <h5> anchor "Usage" already defined Distribution.html:504:1 (Distribution.Rd:504): Warning: <h5> anchor "Arguments" already defined Distribution.html:523:1 (Distribution.Rd:517): Warning: <h5> anchor "Details" already defined Distribution.html:530:1 (Distribution.Rd:521): Warning: <h5> anchor "Returns" already defined Distribution.html:537:1 (Distribution.Rd:524): Warning: <h5> anchor "Examples" already defined Distribution.html:554:1 (Distribution.Rd:537): Warning: <h5> anchor "Usage" already defined Distribution.html:560:1 (Distribution.Rd:541): Warning: <h5> anchor "Arguments" already defined Distribution.html:580:1 (Distribution.Rd:555): Warning: <h5> anchor "Details" already defined Distribution.html:587:1 (Distribution.Rd:559): Warning: <h5> anchor "Returns" already defined Distribution.html:595:1 (Distribution.Rd:563): Warning: <h5> anchor "Examples" already defined Distribution.html:615:1 (Distribution.Rd:579): Warning: <h5> anchor "Usage" already defined Distribution.html:626:1 (Distribution.Rd:588): Warning: <h5> anchor "Arguments" already defined Distribution.html:648:1 (Distribution.Rd:604): Warning: <h5> anchor "Details" already defined Distribution.html:655:1 (Distribution.Rd:608): Warning: <h5> anchor "Returns" already defined Distribution.html:663:1 (Distribution.Rd:612): Warning: <h5> anchor "Examples" already defined Distribution.html:683:1 (Distribution.Rd:628): Warning: <h5> anchor "Usage" already defined Distribution.html:689:1 (Distribution.Rd:632): Warning: <h5> anchor "Arguments" already defined Distribution.html:706:1 (Distribution.Rd:643): Warning: <h5> anchor "Details" already defined Distribution.html:713:1 (Distribution.Rd:647): Warning: <h5> anchor "Returns" already defined Distribution.html:721:1 (Distribution.Rd:651): Warning: <h5> anchor "Examples" already defined Distribution.html:738:1 (Distribution.Rd:664): Warning: <h5> anchor "Usage" already defined Distribution.html:744:1 (Distribution.Rd:668): Warning: <h5> anchor "Arguments" already defined Distribution.html:761:1 (Distribution.Rd:679): Warning: <h5> anchor "Details" already defined Distribution.html:768:1 (Distribution.Rd:683): Warning: <h5> anchor "Returns" already defined Distribution.html:777:1 (Distribution.Rd:688): Warning: <h5> anchor "Examples" already defined Distribution.html:794:1 (Distribution.Rd:701): Warning: <h5> anchor "Usage" already defined Distribution.html:800:1 (Distribution.Rd:705): Warning: <h5> anchor "Details" already defined Distribution.html:807:1 (Distribution.Rd:709): Warning: <h5> anchor "Returns" already defined Distribution.html:823:1 (Distribution.Rd:718): Warning: <h5> anchor "Usage" already defined Distribution.html:829:1 (Distribution.Rd:722): Warning: <h5> anchor "Arguments" already defined Distribution.html:842:1 (Distribution.Rd:729): Warning: <h5> anchor "Details" already defined Distribution.html:849:1 (Distribution.Rd:733): Warning: <h5> anchor "Returns" already defined Distribution.html:856:1 (Distribution.Rd:736): Warning: <h5> anchor "Examples" already defined Distribution.html:873:1 (Distribution.Rd:749): Warning: <h5> anchor "Usage" already defined Distribution.html:879:1 (Distribution.Rd:753): Warning: <h5> anchor "Details" already defined Distribution.html:887:1 (Distribution.Rd:758): Warning: <h5> anchor "Returns" already defined Distribution.html:894:1 (Distribution.Rd:761): Warning: <h5> anchor "Examples" already defined Distribution.html:915:1 (Distribution.Rd:778): Warning: <h5> anchor "Usage" already defined Distribution.html:921:1 (Distribution.Rd:782): Warning: <h5> anchor "Details" already defined Distribution.html:928:1 (Distribution.Rd:786): Warning: <h5> anchor "Returns" already defined Distribution.html:935:1 (Distribution.Rd:789): Warning: <h5> anchor "Examples" already defined Distribution.html:954:1 (Distribution.Rd:804): Warning: <h5> anchor "Usage" already defined Distribution.html:960:1 (Distribution.Rd:808): Warning: <h5> anchor "Details" already defined Distribution.html:968:1 (Distribution.Rd:813): Warning: <h5> anchor "Returns" already defined Distribution.html:976:1 (Distribution.Rd:817): Warning: <h5> anchor "Examples" already defined Distribution.html:994:1 (Distribution.Rd:831): Warning: <h5> anchor "Usage" already defined Distribution.html:1000:1 (Distribution.Rd:835): Warning: <h5> anchor "Details" already defined Distribution.html:1008:1 (Distribution.Rd:840): Warning: <h5> anchor "Returns" already defined Distribution.html:1016:1 (Distribution.Rd:844): Warning: <h5> anchor "Examples" already defined Distribution.html:1034:1 (Distribution.Rd:858): Warning: <h5> anchor "Usage" already defined Distribution.html:1043:1 (Distribution.Rd:865): Warning: <h5> anchor "Arguments" already defined Distribution.html:1059:1 (Distribution.Rd:875): Warning: <h5> anchor "Details" already defined Distribution.html:1067:1 (Distribution.Rd:880): Warning: <h5> anchor "Returns" already defined Distribution.html:1074:1 (Distribution.Rd:883): Warning: <h5> anchor "Examples" already defined Distribution.html:1091:1 (Distribution.Rd:896): Warning: <h5> anchor "Usage" already defined Distribution.html:1097:1 (Distribution.Rd:900): Warning: <h5> anchor "Details" already defined Distribution.html:1105:1 (Distribution.Rd:905): Warning: <h5> anchor "Returns" already defined Distribution.html:1113:1 (Distribution.Rd:909): Warning: <h5> anchor "Examples" already defined Distribution.html:1131:1 (Distribution.Rd:923): Warning: <h5> anchor "Usage" already defined Distribution.html:1137:1 (Distribution.Rd:927): Warning: <h5> anchor "Details" already defined Distribution.html:1149:1 (Distribution.Rd:936): Warning: <h5> anchor "Returns" already defined Distribution.html:1157:1 (Distribution.Rd:940): Warning: <h5> anchor "Examples" already defined Distribution.html:1175:1 (Distribution.Rd:954): Warning: <h5> anchor "Usage" already defined Distribution.html:1181:1 (Distribution.Rd:958): Warning: <h5> anchor "Arguments" already defined Distribution.html:1196:1 (Distribution.Rd:967): Warning: <h5> anchor "Details" already defined Distribution.html:1203:1 (Distribution.Rd:971): Warning: <h5> anchor "Returns" already defined Distribution.html:1213:1 (Distribution.Rd:977): Warning: <h5> anchor "Examples" already defined Distribution.html:1232:1 (Distribution.Rd:992): Warning: <h5> anchor "Usage" already defined Distribution.html:1238:1 (Distribution.Rd:996): Warning: <h5> anchor "Arguments" already defined Distribution.html:1253:1 (Distribution.Rd:1005): Warning: <h5> anchor "Details" already defined Distribution.html:1260:1 (Distribution.Rd:1009): Warning: <h5> anchor "Returns" already defined Distribution.html:1277:1 (Distribution.Rd:1019): Warning: <h5> anchor "Usage" already defined Distribution.html:1283:1 (Distribution.Rd:1023): Warning: <h5> anchor "Arguments" already defined Distribution.html:1298:1 (Distribution.Rd:1032): Warning: <h5> anchor "Details" already defined Distribution.html:1305:1 (Distribution.Rd:1036): Warning: <h5> anchor "Returns" already defined Distribution.html:1331:1 (Distribution.Rd:1050): Warning: <h5> anchor "Usage" already defined Distribution.html:1337:1 (Distribution.Rd:1054): Warning: <h5> anchor "Details" already defined Distribution.html:1344:1 (Distribution.Rd:1058): Warning: <h5> anchor "Returns" already defined Distribution.html:1353:1 (Distribution.Rd:1063): Warning: <h5> anchor "Examples" already defined Distribution.html:1380:1 (Distribution.Rd:1086): Warning: <h5> anchor "Usage" already defined Distribution.html:1386:1 (Distribution.Rd:1090): Warning: <h5> anchor "Details" already defined Distribution.html:1394:1 (Distribution.Rd:1095): Warning: <h5> anchor "Returns" already defined Distribution.html:1415:1 (Distribution.Rd:1107): Warning: <h5> anchor "Examples" already defined Distribution.html:1434:1 (Distribution.Rd:1122): Warning: <h5> anchor "Usage" already defined Distribution.html:1444:1 (Distribution.Rd:1130): Warning: <h5> anchor "Arguments" already defined Distribution.html:1462:1 (Distribution.Rd:1142): Warning: <h5> anchor "Details" already defined Distribution.html:1478:1 (Distribution.Rd:1155): Warning: <h5> anchor "Returns" already defined Distribution.html:1485:1 (Distribution.Rd:1158): Warning: <h5> anchor "Examples" already defined Distribution.html:1513:1 (Distribution.Rd:1181): Warning: <h5> anchor "Usage" already defined Distribution.html:1519:1 (Distribution.Rd:1185): Warning: <h5> anchor "Arguments" already defined Flavor: r-devel-linux-x86_64-debian-gcc

Version: 0.0.3
Check: installed package size
Result: NOTE installed size is 17.3Mb sub-directories of 1Mb or more: R 2.1Mb doc 1.2Mb libs 13.8Mb Flavors: r-oldrel-macos-arm64, r-oldrel-macos-x86_64

Version: 0.0.3
Check: for GNU extensions in Makefiles
Result: NOTE GNU make is a SystemRequirements. Flavors: r-oldrel-macos-arm64, r-oldrel-macos-x86_64, r-oldrel-windows-x86_64