Last updated on 2025-10-21 09:48:44 CEST.
Flavor | Version | Tinstall | Tcheck | Ttotal | Status | Flags |
---|---|---|---|---|---|---|
r-devel-linux-x86_64-debian-clang | 1.0.0 | 7.24 | 53.50 | 60.74 | OK | |
r-devel-linux-x86_64-debian-gcc | 1.0.0 | 5.47 | 39.20 | 44.67 | NOTE | |
r-devel-linux-x86_64-fedora-clang | 1.0.0 | 87.00 | OK | |||
r-devel-linux-x86_64-fedora-gcc | 1.0.0 | 85.12 | OK | |||
r-devel-windows-x86_64 | 1.0.0 | 11.00 | 77.00 | 88.00 | OK | |
r-patched-linux-x86_64 | 1.0.0 | 8.32 | 48.95 | 57.27 | OK | |
r-release-linux-x86_64 | 1.0.0 | 6.81 | 48.76 | 55.57 | OK | |
r-release-macos-arm64 | 1.0.0 | 30.00 | OK | |||
r-release-macos-x86_64 | 1.0.0 | 71.00 | OK | |||
r-release-windows-x86_64 | 1.0.0 | 10.00 | 77.00 | 87.00 | OK | |
r-oldrel-macos-arm64 | 1.0.0 | 47.00 | OK | |||
r-oldrel-macos-x86_64 | 1.0.0 | 59.00 | OK | |||
r-oldrel-windows-x86_64 | 1.0.0 | 13.00 | 90.00 | 103.00 | OK |
Version: 1.0.0
Check: HTML version of manual
Result: NOTE
Found the following HTML validation problems:
Request.html:337:1 (Request.Rd:262): Warning: <h5> anchor "Usage" already defined
Request.html:343:1 (Request.Rd:266): Warning: <h5> anchor "Arguments" already defined
Request.html:368:1 (Request.Rd:281): Warning: <h5> anchor "Usage" already defined
Request.html:374:1 (Request.Rd:285): Warning: <h5> anchor "Arguments" already defined
Request.html:399:1 (Request.Rd:300): Warning: <h5> anchor "Usage" already defined
Request.html:405:1 (Request.Rd:304): Warning: <h5> anchor "Arguments" already defined
Request.html:429:1 (Request.Rd:318): Warning: <h5> anchor "Usage" already defined
Request.html:435:1 (Request.Rd:322): Warning: <h5> anchor "Arguments" already defined
Request.html:459:1 (Request.Rd:336): Warning: <h5> anchor "Usage" already defined
Request.html:465:1 (Request.Rd:340): Warning: <h5> anchor "Arguments" already defined
Request.html:491:1 (Request.Rd:356): Warning: <h5> anchor "Usage" already defined
Request.html:497:1 (Request.Rd:360): Warning: <h5> anchor "Arguments" already defined
Request.html:521:1 (Request.Rd:374): Warning: <h5> anchor "Usage" already defined
Request.html:527:1 (Request.Rd:378): Warning: <h5> anchor "Arguments" already defined
Request.html:552:1 (Request.Rd:393): Warning: <h5> anchor "Usage" already defined
Request.html:558:1 (Request.Rd:397): Warning: <h5> anchor "Arguments" already defined
Request.html:582:1 (Request.Rd:411): Warning: <h5> anchor "Usage" already defined
Request.html:588:1 (Request.Rd:415): Warning: <h5> anchor "Arguments" already defined
Request.html:611:1 (Request.Rd:428): Warning: <h5> anchor "Usage" already defined
Request.html:617:1 (Request.Rd:432): Warning: <h5> anchor "Arguments" already defined
Request.html:640:1 (Request.Rd:445): Warning: <h5> anchor "Usage" already defined
Request.html:668:1 (Request.Rd:467): Warning: <h5> anchor "Usage" already defined
Request.html:674:1 (Request.Rd:471): Warning: <h5> anchor "Arguments" already defined
Request.html:702:1 (Request.Rd:489): Warning: <h5> anchor "Usage" already defined
Request.html:708:1 (Request.Rd:493): Warning: <h5> anchor "Arguments" already defined
Request.html:732:1 (Request.Rd:507): Warning: <h5> anchor "Usage" already defined
Request.html:751:1 (Request.Rd:520): Warning: <h5> anchor "Usage" already defined
Request.html:757:1 (Request.Rd:524): Warning: <h5> anchor "Arguments" already defined
Request.html:784:1 (Request.Rd:541): Warning: <h5> anchor "Usage" already defined
Request.html:790:1 (Request.Rd:545): Warning: <h5> anchor "Arguments" already defined
Request.html:816:1 (Request.Rd:561): Warning: <h5> anchor "Usage" already defined
Request.html:834:1 (Request.Rd:573): Warning: <h5> anchor "Usage" already defined
Request.html:848:1 (Request.Rd:585): Warning: <h5> anchor "Arguments" already defined
Request.html:889:1 (Request.Rd:616): Warning: <h5> anchor "Usage" already defined
Request.html:895:1 (Request.Rd:620): Warning: <h5> anchor "Arguments" already defined
Response.html:354:1 (Response.Rd:239): Warning: <h5> anchor "Usage" already defined
Response.html:360:1 (Response.Rd:243): Warning: <h5> anchor "Arguments" already defined
Response.html:385:1 (Response.Rd:258): Warning: <h5> anchor "Usage" already defined
Response.html:391:1 (Response.Rd:262): Warning: <h5> anchor "Arguments" already defined
Response.html:416:1 (Response.Rd:277): Warning: <h5> anchor "Usage" already defined
Response.html:422:1 (Response.Rd:281): Warning: <h5> anchor "Arguments" already defined
Response.html:445:1 (Response.Rd:294): Warning: <h5> anchor "Usage" already defined
Response.html:451:1 (Response.Rd:298): Warning: <h5> anchor "Arguments" already defined
Response.html:474:1 (Response.Rd:311): Warning: <h5> anchor "Usage" already defined
Response.html:480:1 (Response.Rd:315): Warning: <h5> anchor "Arguments" already defined
Response.html:504:1 (Response.Rd:329): Warning: <h5> anchor "Usage" already defined
Response.html:510:1 (Response.Rd:333): Warning: <h5> anchor "Arguments" already defined
Response.html:536:1 (Response.Rd:349): Warning: <h5> anchor "Usage" already defined
Response.html:542:1 (Response.Rd:353): Warning: <h5> anchor "Arguments" already defined
Response.html:568:1 (Response.Rd:369): Warning: <h5> anchor "Usage" already defined
Response.html:574:1 (Response.Rd:373): Warning: <h5> anchor "Arguments" already defined
Response.html:598:1 (Response.Rd:387): Warning: <h5> anchor "Usage" already defined
Response.html:604:1 (Response.Rd:391): Warning: <h5> anchor "Arguments" already defined
Response.html:627:1 (Response.Rd:404): Warning: <h5> anchor "Usage" already defined
Response.html:633:1 (Response.Rd:408): Warning: <h5> anchor "Arguments" already defined
Response.html:656:1 (Response.Rd:421): Warning: <h5> anchor "Usage" already defined
Response.html:675:1 (Response.Rd:434): Warning: <h5> anchor "Usage" already defined
Response.html:681:1 (Response.Rd:438): Warning: <h5> anchor "Arguments" already defined
Response.html:709:1 (Response.Rd:456): Warning: <h5> anchor "Usage" already defined
Response.html:715:1 (Response.Rd:460): Warning: <h5> anchor "Arguments" already defined
Response.html:739:1 (Response.Rd:474): Warning: <h5> anchor "Usage" already defined
Response.html:745:1 (Response.Rd:478): Warning: <h5> anchor "Arguments" already defined
Response.html:774:1 (Response.Rd:497): Warning: <h5> anchor "Usage" already defined
Response.html:787:1 (Response.Rd:508): Warning: <h5> anchor "Arguments" already defined
Response.html:829:1 (Response.Rd:540): Warning: <h5> anchor "Usage" already defined
Response.html:845:1 (Response.Rd:554): Warning: <h5> anchor "Arguments" already defined
Response.html:886:1 (Response.Rd:585): Warning: <h5> anchor "Usage" already defined
Response.html:892:1 (Response.Rd:589): Warning: <h5> anchor "Arguments" already defined
Response.html:915:1 (Response.Rd:602): Warning: <h5> anchor "Usage" already defined
Response.html:921:1 (Response.Rd:606): Warning: <h5> anchor "Arguments" already defined
Response.html:944:1 (Response.Rd:619): Warning: <h5> anchor "Usage" already defined
Response.html:950:1 (Response.Rd:623): Warning: <h5> anchor "Arguments" already defined
Response.html:974:1 (Response.Rd:637): Warning: <h5> anchor "Usage" already defined
Response.html:980:1 (Response.Rd:641): Warning: <h5> anchor "Arguments" already defined
Response.html:1010:1 (Response.Rd:661): Warning: <h5> anchor "Usage" already defined
Response.html:1016:1 (Response.Rd:665): Warning: <h5> anchor "Arguments" already defined
Response.html:1053:1 (Response.Rd:692): Warning: <h5> anchor "Usage" already defined
Response.html:1059:1 (Response.Rd:696): Warning: <h5> anchor "Arguments" already defined
Response.html:1090:1 (Response.Rd:717): Warning: <h5> anchor "Usage" already defined
Response.html:1100:1 (Response.Rd:725): Warning: <h5> anchor "Arguments" already defined
Response.html:1134:1 (Response.Rd:749): Warning: <h5> anchor "Usage" already defined
Response.html:1154:1 (Response.Rd:763): Warning: <h5> anchor "Usage" already defined
Response.html:1171:1 (Response.Rd:774): Warning: <h5> anchor "Usage" already defined
Response.html:1190:1 (Response.Rd:787): Warning: <h5> anchor "Usage" already defined
Response.html:1196:1 (Response.Rd:791): Warning: <h5> anchor "Arguments" already defined
Response.html:1223:1 (Response.Rd:808): Warning: <h5> anchor "Usage" already defined
Response.html:1229:1 (Response.Rd:812): Warning: <h5> anchor "Arguments" already defined
Response.html:1254:1 (Response.Rd:827): Warning: <h5> anchor "Usage" already defined
Response.html:1270:1 (Response.Rd:837): Warning: <h5> anchor "Usage" already defined
Response.html:1276:1 (Response.Rd:841): Warning: <h5> anchor "Arguments" already defined
abort_http_problem.html:192:1 (abort_http_problem.Rd:140): Warning: missing </ul> before </div>
Flavor: r-devel-linux-x86_64-debian-gcc