Last updated on 2025-10-21 09:48:44 CEST.
Flavor | Version | Tinstall | Tcheck | Ttotal | Status | Flags |
---|---|---|---|---|---|---|
r-devel-linux-x86_64-debian-clang | 0.1.1 | 24.08 | 242.81 | 266.89 | OK | |
r-devel-linux-x86_64-debian-gcc | 0.1.1 | 16.29 | 167.51 | 183.80 | NOTE | |
r-devel-linux-x86_64-fedora-clang | 0.1.1 | 448.68 | OK | |||
r-devel-linux-x86_64-fedora-gcc | 0.1.1 | 434.84 | OK | |||
r-devel-windows-x86_64 | 0.1.1 | 23.00 | 246.00 | 269.00 | OK | |
r-patched-linux-x86_64 | 0.1.1 | 21.32 | 218.68 | 240.00 | OK | |
r-release-linux-x86_64 | 0.1.1 | 24.29 | 220.40 | 244.69 | OK | |
r-release-macos-arm64 | 0.1.1 | 118.00 | OK | |||
r-release-macos-x86_64 | 0.1.1 | 155.00 | OK | |||
r-release-windows-x86_64 | 0.1.1 | 25.00 | 232.00 | 257.00 | OK | |
r-oldrel-macos-arm64 | 0.1.1 | 114.00 | OK | |||
r-oldrel-macos-x86_64 | 0.1.1 | 191.00 | OK | |||
r-oldrel-windows-x86_64 | 0.1.1 | 33.00 | 298.00 | 331.00 | OK |
Version: 0.1.1
Check: HTML version of manual
Result: NOTE
Found the following HTML validation problems:
addspace.html:46:1 (addspace.Rd:10): Warning: missing </ul> before </div>
cap.html:46:1 (cap.Rd:10): Warning: missing </ul> before </div>
formatp.html:47:1 (formatp.Rd:10): Warning: missing </ul> before </div>
ggkmcif2Parameters.html:312:1 (ggkmcif2Parameters.Rd:184): Warning: missing </ul> before </div>
hbld.html:46:1 (hbld.Rd:10): Warning: missing </ul> before </div>
lbld.html:46:1 (lbld.Rd:10): Warning: missing </ul> before </div>
lpvalue.html:50:1 (lpvalue.Rd:12): Warning: missing </ul> before </div>
niceNum.html:50:1 (niceNum.Rd:12): Warning: missing </ul> before </div>
nicename.html:52:1 (nicename.Rd:13): Warning: missing </ul> before </div>
psthr.html:50:1 (psthr.Rd:12): Warning: missing </ul> before </div>
pstprn.html:46:1 (pstprn.Rd:10): Warning: missing </ul> before </div>
pvalue.html:51:1 (pvalue.Rd:12): Warning: missing </ul> before </div>
rmds.html:46:1 (rmds.Rd:10): Warning: missing </ul> before </div>
sanitizestr.html:48:1 (sanitizestr.Rd:10): Warning: missing </ul> before </div>
xvar_function.default.html:46:1 (xvar_function.default.Rd:10): Warning: missing </ul> before </div>
Flavor: r-devel-linux-x86_64-debian-gcc