Last updated on 2025-10-21 09:48:44 CEST.
Flavor | Version | Tinstall | Tcheck | Ttotal | Status | Flags |
---|---|---|---|---|---|---|
r-devel-linux-x86_64-debian-clang | 1.0.1 | 4.59 | 39.83 | 44.42 | OK | |
r-devel-linux-x86_64-debian-gcc | 1.0.1 | 3.20 | 29.51 | 32.71 | NOTE | |
r-devel-linux-x86_64-fedora-clang | 1.0.1 | 66.61 | OK | |||
r-devel-linux-x86_64-fedora-gcc | 1.0.1 | 78.04 | OK | |||
r-devel-windows-x86_64 | 1.0.1 | 7.00 | 56.00 | 63.00 | OK | |
r-patched-linux-x86_64 | 1.0.1 | 4.49 | 36.13 | 40.62 | OK | |
r-release-linux-x86_64 | 1.0.1 | 3.82 | 36.48 | 40.30 | OK | |
r-release-macos-arm64 | 1.0.1 | 31.00 | OK | |||
r-release-macos-x86_64 | 1.0.1 | 53.00 | OK | |||
r-release-windows-x86_64 | 1.0.1 | 7.00 | 57.00 | 64.00 | OK | |
r-oldrel-macos-arm64 | 1.0.1 | 29.00 | NOTE | |||
r-oldrel-macos-x86_64 | 1.0.1 | 43.00 | NOTE | |||
r-oldrel-windows-x86_64 | 1.0.1 | 7.00 | 66.00 | 73.00 | NOTE |
Version: 1.0.1
Check: HTML version of manual
Result: NOTE
Found the following HTML validation problems:
all_checklists.html:50:1 (all_checklists.Rd:12): Warning: missing </ul> before </div>
cards_info.html:46:1 (cards_info.Rd:10): Warning: missing </ul> before </div>
check_new_tasks.html:50:1 (check_new_tasks.Rd:12): Warning: missing </ul> before </div>
compare_checklists.html:50:1 (compare_checklists.Rd:12): Warning: missing </ul> before </div>
get_board_id.html:46:1 (get_board_id.Rd:10): Warning: missing </ul> before </div>
get_checklist.html:50:1 (get_checklist.Rd:12): Warning: missing </ul> before </div>
set_key_token.html:56:1 (set_key_token.Rd:14): Warning: missing </ul> before </div>
trello_updates.html:58:1 (trello_updates.Rd:16): Warning: missing </ul> before </div>
Flavor: r-devel-linux-x86_64-debian-gcc
Version: 1.0.1
Check: LazyData
Result: NOTE
'LazyData' is specified without a 'data' directory
Flavors: r-oldrel-macos-arm64, r-oldrel-macos-x86_64, r-oldrel-windows-x86_64