Last updated on 2025-10-21 09:48:44 CEST.
Flavor | Version | Tinstall | Tcheck | Ttotal | Status | Flags |
---|---|---|---|---|---|---|
r-devel-linux-x86_64-debian-clang | 3.2.4 | 58.44 | 56.09 | 114.53 | OK | |
r-devel-linux-x86_64-debian-gcc | 3.2.4 | 43.61 | 42.61 | 86.22 | NOTE | |
r-devel-linux-x86_64-fedora-clang | 3.2.4 | 200.78 | OK | |||
r-devel-linux-x86_64-fedora-gcc | 3.2.4 | 218.32 | OK | |||
r-devel-windows-x86_64 | 3.2.4 | 71.00 | 107.00 | 178.00 | OK | |
r-patched-linux-x86_64 | 3.2.4 | 68.26 | 53.53 | 121.79 | OK | |
r-release-linux-x86_64 | 3.2.4 | 68.51 | 53.86 | 122.37 | OK | |
r-release-macos-arm64 | 3.2.4 | 75.00 | OK | |||
r-release-macos-x86_64 | 3.2.4 | 108.00 | OK | |||
r-release-windows-x86_64 | 3.2.4 | 72.00 | 104.00 | 176.00 | OK | |
r-oldrel-macos-arm64 | 3.2.4 | 59.00 | NOTE | |||
r-oldrel-macos-x86_64 | 3.2.4 | 108.00 | NOTE | |||
r-oldrel-windows-x86_64 | 3.2.4 | 84.00 | 127.00 | 211.00 | OK |
Version: 3.2.4
Check: HTML version of manual
Result: NOTE
Found the following HTML validation problems:
aomstats.html:165:1 (aomstats.Rd:102): Warning: <h3> anchor "attr_actors" already defined
aomstats.html:186:1 (aomstats.Rd:122): Warning: <h3> anchor "attr_dyads" already defined
remstats.html:217:1 (remstats.Rd:146): Warning: <h3> anchor "attr_actors" already defined
remstats.html:238:1 (remstats.Rd:166): Warning: <h3> anchor "attr_dyads" already defined
tomstats.html:182:1 (tomstats.Rd:116): Warning: <h3> anchor "attr_actors" already defined
tomstats.html:203:1 (tomstats.Rd:136): Warning: <h3> anchor "attr_dyads" already defined
Flavor: r-devel-linux-x86_64-debian-gcc
Version: 3.2.4
Check: installed package size
Result: NOTE
installed size is 7.3Mb
sub-directories of 1Mb or more:
libs 6.7Mb
Flavors: r-oldrel-macos-arm64, r-oldrel-macos-x86_64