Last updated on 2025-10-21 09:48:44 CEST.
Flavor | Version | Tinstall | Tcheck | Ttotal | Status | Flags |
---|---|---|---|---|---|---|
r-devel-linux-x86_64-debian-clang | 0.1.0 | 2.27 | 23.63 | 25.90 | OK | |
r-devel-linux-x86_64-debian-gcc | 0.1.0 | 1.73 | 20.06 | 21.79 | NOTE | |
r-devel-linux-x86_64-fedora-clang | 0.1.0 | 38.73 | OK | |||
r-devel-linux-x86_64-fedora-gcc | 0.1.0 | 50.67 | OK | |||
r-devel-windows-x86_64 | 0.1.0 | 4.00 | 43.00 | 47.00 | OK | |
r-patched-linux-x86_64 | 0.1.0 | 2.40 | 21.94 | 24.34 | OK | |
r-release-linux-x86_64 | 0.1.0 | 2.38 | 21.79 | 24.17 | OK | |
r-release-macos-arm64 | 0.1.0 | 20.00 | OK | |||
r-release-macos-x86_64 | 0.1.0 | 35.00 | OK | |||
r-release-windows-x86_64 | 0.1.0 | 5.00 | 44.00 | 49.00 | OK | |
r-oldrel-macos-arm64 | 0.1.0 | 34.00 | OK | |||
r-oldrel-macos-x86_64 | 0.1.0 | 73.00 | OK | |||
r-oldrel-windows-x86_64 | 0.1.0 | 4.00 | 49.00 | 53.00 | OK |
Version: 0.1.0
Check: HTML version of manual
Result: NOTE
Found the following HTML validation problems:
Replacer.html:130:1 (Replacer.Rd:98): Warning: <h5> anchor "Usage" already defined
Replacer.html:136:1 (Replacer.Rd:102): Warning: <h5> anchor "Arguments" already defined
Replacer.html:151:1 (Replacer.Rd:111): Warning: <h5> anchor "Returns" already defined
Replacer.html:158:1 (Replacer.Rd:114): Warning: <h5> anchor "Examples" already defined
Replacer.html:181:1 (Replacer.Rd:132): Warning: <h5> anchor "Usage" already defined
Replacer.html:187:1 (Replacer.Rd:136): Warning: <h5> anchor "Arguments" already defined
Replacer.html:204:1 (Replacer.Rd:147): Warning: <h5> anchor "Returns" already defined
Replacer.html:211:1 (Replacer.Rd:150): Warning: <h5> anchor "Examples" already defined
Replacer.html:231:1 (Replacer.Rd:165): Warning: <h5> anchor "Usage" already defined
Replacer.html:237:1 (Replacer.Rd:169): Warning: <h5> anchor "Arguments" already defined
Flavor: r-devel-linux-x86_64-debian-gcc