Last updated on 2025-10-21 09:48:44 CEST.
Flavor | Version | Tinstall | Tcheck | Ttotal | Status | Flags |
---|---|---|---|---|---|---|
r-devel-linux-x86_64-debian-clang | 0.1.0 | 6.17 | 46.47 | 52.64 | OK | |
r-devel-linux-x86_64-debian-gcc | 0.1.0 | 4.00 | 33.65 | 37.65 | NOTE | |
r-devel-linux-x86_64-fedora-clang | 0.1.0 | 83.72 | OK | |||
r-devel-linux-x86_64-fedora-gcc | 0.1.0 | 74.31 | OK | |||
r-devel-windows-x86_64 | 0.1.0 | 8.00 | 63.00 | 71.00 | OK | |
r-patched-linux-x86_64 | 0.1.0 | 6.35 | 42.80 | 49.15 | OK | |
r-release-linux-x86_64 | 0.1.0 | 4.43 | 43.39 | 47.82 | OK | |
r-release-macos-arm64 | 0.1.0 | 25.00 | OK | |||
r-release-macos-x86_64 | 0.1.0 | 41.00 | OK | |||
r-release-windows-x86_64 | 0.1.0 | 7.00 | 64.00 | 71.00 | OK | |
r-oldrel-macos-arm64 | 0.1.0 | 25.00 | OK | |||
r-oldrel-macos-x86_64 | 0.1.0 | 35.00 | OK | |||
r-oldrel-windows-x86_64 | 0.1.0 | 9.00 | 71.00 | 80.00 | OK |
Version: 0.1.0
Check: HTML version of manual
Result: NOTE
Found the following HTML validation problems:
example_der_fun.html:50:1 (example_der_fun.Rd:12): Warning: missing </ul> before </div>
Flavor: r-devel-linux-x86_64-debian-gcc