CRAN Package Check Results for Package rearrr

Last updated on 2025-10-21 09:48:43 CEST.

Flavor Version Tinstall Tcheck Ttotal Status Flags
r-devel-linux-x86_64-debian-clang 0.3.5 12.79 196.90 209.69 OK
r-devel-linux-x86_64-debian-gcc 0.3.5 7.41 128.63 136.04 NOTE
r-devel-linux-x86_64-fedora-clang 0.3.5 319.80 OK
r-devel-linux-x86_64-fedora-gcc 0.3.5 303.60 OK
r-devel-windows-x86_64 0.3.5 15.00 196.00 211.00 OK
r-patched-linux-x86_64 0.3.5 16.96 182.76 199.72 OK
r-release-linux-x86_64 0.3.5 12.52 185.87 198.39 OK
r-release-macos-arm64 0.3.5 89.00 OK
r-release-macos-x86_64 0.3.5 185.00 OK
r-release-windows-x86_64 0.3.5 15.00 194.00 209.00 OK
r-oldrel-macos-arm64 0.3.5 82.00 OK
r-oldrel-macos-x86_64 0.3.5 156.00 OK
r-oldrel-windows-x86_64 0.3.5 20.00 261.00 281.00 OK

Check Details

Version: 0.3.5
Check: HTML version of manual
Result: NOTE Found the following HTML validation problems: FixedGroupsPipeline.html:135:1 (FixedGroupsPipeline.Rd:147): Warning: <h5> anchor "Usage" already defined FixedGroupsPipeline.html:141:1 (FixedGroupsPipeline.Rd:151): Warning: <h5> anchor "Arguments" already defined FixedGroupsPipeline.html:185:1 (FixedGroupsPipeline.Rd:181): Warning: <h5> anchor "Usage" already defined FixedGroupsPipeline.html:191:1 (FixedGroupsPipeline.Rd:185): Warning: <h5> anchor "Arguments" already defined FixedGroupsPipeline.html:210:1 (FixedGroupsPipeline.Rd:198): Warning: <h5> anchor "Returns" already defined FixedGroupsPipeline.html:227:1 (FixedGroupsPipeline.Rd:207): Warning: <h5> anchor "Usage" already defined FixedGroupsPipeline.html:233:1 (FixedGroupsPipeline.Rd:211): Warning: <h5> anchor "Arguments" already defined FixedGroupsPipeline.html:246:1 (FixedGroupsPipeline.Rd:218): Warning: <h5> anchor "Returns" already defined FixedGroupsPipeline.html:263:1 (FixedGroupsPipeline.Rd:227): Warning: <h5> anchor "Usage" already defined FixedGroupsPipeline.html:269:1 (FixedGroupsPipeline.Rd:231): Warning: <h5> anchor "Arguments" already defined FixedGroupsTransformation.html:140:1 (FixedGroupsTransformation.Rd:90): Warning: <h5> anchor "Usage" already defined FixedGroupsTransformation.html:146:1 (FixedGroupsTransformation.Rd:94): Warning: <h5> anchor "Arguments" already defined FixedGroupsTransformation.html:176:1 (FixedGroupsTransformation.Rd:110): Warning: <h5> anchor "Usage" already defined FixedGroupsTransformation.html:182:1 (FixedGroupsTransformation.Rd:114): Warning: <h5> anchor "Arguments" already defined FixedGroupsTransformation.html:195:1 (FixedGroupsTransformation.Rd:121): Warning: <h5> anchor "Returns" already defined FixedGroupsTransformation.html:212:1 (FixedGroupsTransformation.Rd:130): Warning: <h5> anchor "Usage" already defined FixedGroupsTransformation.html:218:1 (FixedGroupsTransformation.Rd:134): Warning: <h5> anchor "Arguments" already defined FixedGroupsTransformation.html:235:1 (FixedGroupsTransformation.Rd:145): Warning: <h5> anchor "Returns" already defined FixedGroupsTransformation.html:252:1 (FixedGroupsTransformation.Rd:154): Warning: <h5> anchor "Usage" already defined FixedGroupsTransformation.html:258:1 (FixedGroupsTransformation.Rd:158): Warning: <h5> anchor "Arguments" already defined GeneratedPipeline.html:175:1 (GeneratedPipeline.Rd:197): Warning: <h5> anchor "Usage" already defined GeneratedPipeline.html:181:1 (GeneratedPipeline.Rd:201): Warning: <h5> anchor "Arguments" already defined GeneratedPipeline.html:194:1 (GeneratedPipeline.Rd:208): Warning: <h5> anchor "Returns" already defined GeneratedPipeline.html:211:1 (GeneratedPipeline.Rd:217): Warning: <h5> anchor "Usage" already defined GeneratedPipeline.html:217:1 (GeneratedPipeline.Rd:221): Warning: <h5> anchor "Arguments" already defined GeneratedTransformation.html:155:1 (GeneratedTransformation.Rd:105): Warning: <h5> anchor "Usage" already defined GeneratedTransformation.html:178:1 (GeneratedTransformation.Rd:118): Warning: <h5> anchor "Usage" already defined GeneratedTransformation.html:184:1 (GeneratedTransformation.Rd:122): Warning: <h5> anchor "Returns" already defined GeneratedTransformation.html:203:1 (GeneratedTransformation.Rd:133): Warning: <h5> anchor "Usage" already defined GeneratedTransformation.html:209:1 (GeneratedTransformation.Rd:137): Warning: <h5> anchor "Arguments" already defined GeneratedTransformation.html:226:1 (GeneratedTransformation.Rd:148): Warning: <h5> anchor "Returns" already defined GeneratedTransformation.html:243:1 (GeneratedTransformation.Rd:157): Warning: <h5> anchor "Usage" already defined GeneratedTransformation.html:249:1 (GeneratedTransformation.Rd:161): Warning: <h5> anchor "Arguments" already defined Pipeline.html:136:1 (Pipeline.Rd:141): Warning: <h5> anchor "Usage" already defined Pipeline.html:142:1 (Pipeline.Rd:145): Warning: <h5> anchor "Arguments" already defined Pipeline.html:161:1 (Pipeline.Rd:158): Warning: <h5> anchor "Returns" already defined Pipeline.html:178:1 (Pipeline.Rd:167): Warning: <h5> anchor "Usage" already defined Pipeline.html:184:1 (Pipeline.Rd:171): Warning: <h5> anchor "Arguments" already defined Pipeline.html:197:1 (Pipeline.Rd:178): Warning: <h5> anchor "Returns" already defined Pipeline.html:214:1 (Pipeline.Rd:187): Warning: <h5> anchor "Usage" already defined Pipeline.html:220:1 (Pipeline.Rd:191): Warning: <h5> anchor "Arguments" already defined Transformation.html:124:1 (Transformation.Rd:79): Warning: <h5> anchor "Usage" already defined Transformation.html:130:1 (Transformation.Rd:83): Warning: <h5> anchor "Arguments" already defined Transformation.html:163:1 (Transformation.Rd:102): Warning: <h5> anchor "Usage" already defined Transformation.html:169:1 (Transformation.Rd:106): Warning: <h5> anchor "Arguments" already defined Transformation.html:186:1 (Transformation.Rd:117): Warning: <h5> anchor "Returns" already defined Transformation.html:203:1 (Transformation.Rd:126): Warning: <h5> anchor "Usage" already defined Transformation.html:209:1 (Transformation.Rd:130): Warning: <h5> anchor "Arguments" already defined apply_coord_fn_.html:63:1 (apply_coord_fn_.Rd:19): Warning: missing </ul> before </div> rearrr_fn_.html:94:1 (rearrr_fn_.Rd:46): Warning: missing </ul> before </div> Flavor: r-devel-linux-x86_64-debian-gcc