Last updated on 2025-10-21 09:48:43 CEST.
Flavor | Version | Tinstall | Tcheck | Ttotal | Status | Flags |
---|---|---|---|---|---|---|
r-devel-linux-x86_64-debian-clang | 1.4.0 | 3.87 | 41.32 | 45.19 | OK | |
r-devel-linux-x86_64-debian-gcc | 1.4.0 | 2.81 | 32.00 | 34.81 | NOTE | |
r-devel-linux-x86_64-fedora-clang | 1.4.0 | 65.54 | OK | |||
r-devel-linux-x86_64-fedora-gcc | 1.4.0 | 62.95 | OK | |||
r-devel-windows-x86_64 | 1.4.0 | 5.00 | 60.00 | 65.00 | OK | |
r-patched-linux-x86_64 | 1.4.0 | 4.97 | 38.19 | 43.16 | OK | |
r-release-linux-x86_64 | 1.4.0 | 4.22 | 37.87 | 42.09 | OK | |
r-release-macos-arm64 | 1.4.0 | 31.00 | OK | |||
r-release-macos-x86_64 | 1.4.0 | 47.00 | OK | |||
r-release-windows-x86_64 | 1.4.0 | 6.00 | 61.00 | 67.00 | OK | |
r-oldrel-macos-arm64 | 1.4.0 | 26.00 | OK | |||
r-oldrel-macos-x86_64 | 1.4.0 | 40.00 | OK | |||
r-oldrel-windows-x86_64 | 1.4.0 | 7.00 | 69.00 | 76.00 | OK |
Version: 1.4.0
Check: HTML version of manual
Result: NOTE
Found the following HTML validation problems:
myrep.html:51:1 (myrep.Rd:13): Warning: missing </ul> before </div>
print.rcmdcheck.html:66:1 (print.rcmdcheck.Rd:23): Warning: missing </ul> before </div>
print.rcmdcheck_comparison.html:57:1 (print.rcmdcheck_comparison.Rd:16): Warning: missing </ul> before </div>
xopen.rcmdcheck.html:61:1 (xopen.rcmdcheck.Rd:18): Warning: missing </ul> before </div>
Flavor: r-devel-linux-x86_64-debian-gcc