Last updated on 2025-10-21 09:48:43 CEST.
Flavor | Version | Tinstall | Tcheck | Ttotal | Status | Flags |
---|---|---|---|---|---|---|
r-devel-linux-x86_64-debian-clang | 1.3.4 | 2.76 | 35.74 | 38.50 | OK | |
r-devel-linux-x86_64-debian-gcc | 1.3.4 | 2.49 | 27.50 | 29.99 | NOTE | |
r-devel-linux-x86_64-fedora-clang | 1.3.4 | 55.58 | OK | |||
r-devel-linux-x86_64-fedora-gcc | 1.3.4 | 53.25 | OK | |||
r-devel-windows-x86_64 | 1.3.4 | 5.00 | 55.00 | 60.00 | OK | |
r-patched-linux-x86_64 | 1.3.4 | 3.75 | 33.02 | 36.77 | OK | |
r-release-linux-x86_64 | 1.3.4 | 3.28 | 32.82 | 36.10 | OK | |
r-release-macos-arm64 | 1.3.4 | 27.00 | OK | |||
r-release-macos-x86_64 | 1.3.4 | 40.00 | OK | |||
r-release-windows-x86_64 | 1.3.4 | 6.00 | 57.00 | 63.00 | OK | |
r-oldrel-macos-arm64 | 1.3.4 | 24.00 | OK | |||
r-oldrel-macos-x86_64 | 1.3.4 | 33.00 | OK | |||
r-oldrel-windows-x86_64 | 1.3.4 | 6.00 | 64.00 | 70.00 | OK |
Version: 1.3.4
Check: HTML version of manual
Result: NOTE
Found the following HTML validation problems:
countdown.html:50:1 (countdown.Rd:12): Warning: missing </ul> before </div>
html_img.html:50:1 (html_img.Rd:12): Warning: missing </ul> before </div>
last_update.html:50:1 (last_update.Rd:12): Warning: missing </ul> before </div>
str_rank.html:60:1 (str_rank.Rd:20): Warning: missing </ul> before </div>
Flavor: r-devel-linux-x86_64-debian-gcc