Last updated on 2025-10-21 09:48:43 CEST.
Flavor | Version | Tinstall | Tcheck | Ttotal | Status | Flags |
---|---|---|---|---|---|---|
r-devel-linux-x86_64-debian-clang | 0.2.4.7 | 10.32 | 69.50 | 79.82 | OK | |
r-devel-linux-x86_64-debian-gcc | 0.2.4.7 | 7.34 | 48.65 | 55.99 | NOTE | |
r-devel-linux-x86_64-fedora-clang | 0.2.4.7 | 127.98 | OK | |||
r-devel-linux-x86_64-fedora-gcc | 0.2.4.7 | 133.53 | OK | |||
r-devel-windows-x86_64 | 0.2.4.7 | 12.00 | 76.00 | 88.00 | OK | |
r-patched-linux-x86_64 | 0.2.4.7 | 10.03 | 65.15 | 75.18 | OK | |
r-release-linux-x86_64 | 0.2.4.7 | 9.20 | 65.59 | 74.79 | OK | |
r-release-macos-arm64 | 0.2.4.7 | 40.00 | OK | |||
r-release-macos-x86_64 | 0.2.4.7 | 74.00 | OK | |||
r-release-windows-x86_64 | 0.2.4.7 | 14.00 | 79.00 | 93.00 | OK | |
r-oldrel-macos-arm64 | 0.2.4.7 | 40.00 | OK | |||
r-oldrel-macos-x86_64 | 0.2.4.7 | 90.00 | OK | |||
r-oldrel-windows-x86_64 | 0.2.4.7 | 16.00 | 95.00 | 111.00 | OK |
Version: 0.2.4.7
Check: HTML version of manual
Result: NOTE
Found the following HTML validation problems:
LoggerAxytrek-class.html:49:1 (LoggerAxytrek-class.Rd:19): Warning: missing </ul> before </div>
LoggerCats-class.html:49:1 (LoggerCats-class.Rd:19): Warning: missing </ul> before </div>
LoggerData-class.html:49:1 (LoggerData-class.Rd:19): Warning: missing </ul> before </div>
LoggerList-class.html:47:1 (LoggerList-class.Rd:17): Warning: missing </ul> before </div>
LoggerLul-class.html:49:1 (LoggerLul-class.Rd:19): Warning: missing </ul> before </div>
LoggerWacu-class.html:49:1 (LoggerWacu-class.Rd:19): Warning: missing </ul> before </div>
Metric-class.html:60:1 (Metric-class.Rd:27): Warning: missing </ul> before </div>
MetricList-class.html:89:1 (MetricList-class.Rd:37): Warning: missing </ul> before </div>
MetricList-class.html:45:1 (MetricList-class.Rd:20): Warning: <h4> anchor "Return-Value" already defined
MetricList-class.html:53:1 (MetricList-class.Rd:23): Warning: <h4> anchor "Return-Value" already defined
MetricList-class.html:67:1 (MetricList-class.Rd:32): Warning: <h4> anchor "Return-Value" already defined
ZoomHistory-class.html:49:1 (ZoomHistory-class.Rd:19): Warning: missing </ul> before </div>
axytrek2h5.html:54:1 (axytrek2h5.Rd:14): Warning: missing </ul> before </div>
cats2h5.html:54:1 (cats2h5.Rd:14): Warning: missing </ul> before </div>
demoaxytrek2h5.html:50:1 (demoaxytrek2h5.Rd:12): Warning: missing </ul> before </div>
democats2h5.html:50:1 (democats2h5.Rd:12): Warning: missing </ul> before </div>
democatsmkbe.html:54:1 (democatsmkbe.Rd:14): Warning: missing </ul> before </div>
demolul2h5.html:50:1 (demolul2h5.Rd:12): Warning: missing </ul> before </div>
demowacu2h5.html:50:1 (demowacu2h5.Rd:12): Warning: missing </ul> before </div>
lul2h5.html:54:1 (lul2h5.Rd:14): Warning: missing </ul> before </div>
wacu2h5.html:63:1 (wacu2h5.Rd:19): Warning: missing </ul> before </div>
Flavor: r-devel-linux-x86_64-debian-gcc