Last updated on 2025-10-21 09:48:43 CEST.
Flavor | Version | Tinstall | Tcheck | Ttotal | Status | Flags |
---|---|---|---|---|---|---|
r-devel-linux-x86_64-debian-clang | 2.2.1 | 21.24 | 296.59 | 317.83 | OK | |
r-devel-linux-x86_64-debian-gcc | 2.2.1 | 15.04 | 195.46 | 210.50 | NOTE | |
r-devel-linux-x86_64-fedora-clang | 2.2.1 | 483.43 | OK | |||
r-devel-linux-x86_64-fedora-gcc | 2.2.1 | 445.41 | OK | |||
r-devel-windows-x86_64 | 2.2.1 | 31.00 | 291.00 | 322.00 | OK | |
r-patched-linux-x86_64 | 2.2.1 | 23.83 | 278.18 | 302.01 | OK | |
r-release-linux-x86_64 | 2.2.1 | 21.19 | 274.38 | 295.57 | OK | |
r-release-macos-arm64 | 2.2.1 | 105.00 | OK | |||
r-release-macos-x86_64 | 2.2.1 | 176.00 | OK | |||
r-release-windows-x86_64 | 2.2.1 | 32.00 | 291.00 | 323.00 | OK | |
r-oldrel-macos-arm64 | 2.2.1 | 106.00 | OK | |||
r-oldrel-macos-x86_64 | 2.2.1 | 181.00 | OK | |||
r-oldrel-windows-x86_64 | 2.2.1 | 40.00 | 373.00 | 413.00 | OK |
Version: 2.2.1
Check: HTML version of manual
Result: NOTE
Found the following HTML validation problems:
documentation_biom.rbiom.html:56:1 (documentation_biom.rbiom.Rd:15): Warning: missing </ul> before </div>
documentation_default.html:458:1 (documentation_default.Rd:277): Warning: missing </ul> before </div>
documentation_dist_test.html:57:1 (documentation_dist_test.Rd:16): Warning: missing </ul> before </div>
documentation_rank.2.html:46:1 (documentation_rank.2.Rd:13): Warning: missing </ul> before </div>
documentation_rank.NULL.html:46:1 (documentation_rank.NULL.Rd:13): Warning: missing </ul> before </div>
documentation_taxa.4.html:44:1 (documentation_taxa.4.Rd:11): Warning: missing </ul> before </div>
Flavor: r-devel-linux-x86_64-debian-gcc