Last updated on 2025-10-21 09:48:43 CEST.
Flavor | Version | Tinstall | Tcheck | Ttotal | Status | Flags |
---|---|---|---|---|---|---|
r-devel-linux-x86_64-debian-clang | 0.1.0 | 12.88 | 26.74 | 39.62 | OK | |
r-devel-linux-x86_64-debian-gcc | 0.1.0 | 7.88 | 21.60 | 29.48 | NOTE | |
r-devel-linux-x86_64-fedora-clang | 0.1.0 | 59.37 | OK | |||
r-devel-linux-x86_64-fedora-gcc | 0.1.0 | 55.96 | OK | |||
r-devel-windows-x86_64 | 0.1.0 | 11.00 | 46.00 | 57.00 | OK | |
r-patched-linux-x86_64 | 0.1.0 | 12.19 | 25.69 | 37.88 | OK | |
r-release-linux-x86_64 | 0.1.0 | 11.74 | 25.52 | 37.26 | OK | |
r-release-macos-arm64 | 0.1.0 | 21.00 | OK | |||
r-release-macos-x86_64 | 0.1.0 | 42.00 | OK | |||
r-release-windows-x86_64 | 0.1.0 | 12.00 | 47.00 | 59.00 | OK | |
r-oldrel-macos-arm64 | 0.1.0 | 26.00 | OK | |||
r-oldrel-macos-x86_64 | 0.1.0 | 65.00 | OK | |||
r-oldrel-windows-x86_64 | 0.1.0 | 12.00 | 54.00 | 66.00 | OK |
Version: 0.1.0
Check: HTML version of manual
Result: NOTE
Found the following HTML validation problems:
AIC.RegressionByComposition.html:56:1 (AIC.RegressionByComposition.Rd:15): Warning: missing </ul> before </div>
coef.RegressionByComposition.html:52:1 (coef.RegressionByComposition.Rd:13): Warning: missing </ul> before </div>
fitted.RegressionByComposition.html:52:1 (fitted.RegressionByComposition.Rd:13): Warning: missing </ul> before </div>
logLik.RegressionByComposition.html:52:1 (logLik.RegressionByComposition.Rd:13): Warning: missing </ul> before </div>
predict.RegressionByComposition.html:56:1 (predict.RegressionByComposition.Rd:15): Warning: missing </ul> before </div>
summary.RegressionByComposition.html:56:1 (summary.RegressionByComposition.Rd:15): Warning: missing </ul> before </div>
vcov.RegressionByComposition.html:52:1 (vcov.RegressionByComposition.Rd:13): Warning: missing </ul> before </div>
Flavor: r-devel-linux-x86_64-debian-gcc