Last updated on 2025-10-21 09:48:43 CEST.
Flavor | Version | Tinstall | Tcheck | Ttotal | Status | Flags |
---|---|---|---|---|---|---|
r-devel-linux-x86_64-debian-clang | 0.37.3 | 78.42 | 128.06 | 206.48 | OK | |
r-devel-linux-x86_64-debian-gcc | 0.37.3 | 51.48 | 90.09 | 141.57 | NOTE | |
r-devel-linux-x86_64-fedora-clang | 0.37.3 | 384.93 | NOTE | |||
r-devel-linux-x86_64-fedora-gcc | 0.37.3 | 350.03 | NOTE | |||
r-devel-windows-x86_64 | 0.37.3 | 85.00 | 159.00 | 244.00 | OK | |
r-patched-linux-x86_64 | 0.37.3 | 76.19 | 118.67 | 194.86 | OK | |
r-release-linux-x86_64 | 0.37.3 | 77.99 | 117.79 | 195.78 | OK | |
r-release-macos-arm64 | 0.37.3 | 75.00 | OK | |||
r-release-macos-x86_64 | 0.37.3 | 136.00 | OK | |||
r-release-windows-x86_64 | 0.37.3 | 94.00 | 162.00 | 256.00 | OK | |
r-oldrel-macos-arm64 | 0.37.3 | 80.00 | NOTE | |||
r-oldrel-macos-x86_64 | 0.37.3 | 93.00 | NOTE | |||
r-oldrel-windows-x86_64 | 0.37.3 | 107.00 | 199.00 | 306.00 | OK |
Version: 0.37.3
Check: HTML version of manual
Result: NOTE
Found the following HTML validation problems:
drawkeyfunction_lines.html:54:1 (drawkeyfunction_lines.Rd:14): Warning: missing </ul> before </div>
drawkeyfunction_points.html:54:1 (drawkeyfunction_points.Rd:14): Warning: missing </ul> before </div>
generate_soil_textures.html:69:1 (generate_soil_textures.Rd:27): Warning: missing </ul> before </div>
generate_surface.html:51:1 (generate_surface.Rd:13): Warning: missing </ul> before </div>
get_polygon_data_value.html:51:1 (get_polygon_data_value.Rd:15): Warning: missing </ul> before </div>
make_base.html:71:1 (make_base.Rd:29): Warning: missing </ul> before </div>
make_base_triangulated.html:54:1 (make_base_triangulated.Rd:14): Warning: missing </ul> before </div>
make_lines.html:79:1 (make_lines.Rd:31): Warning: missing </ul> before </div>
make_shadow.html:61:1 (make_shadow.Rd:21): Warning: missing </ul> before </div>
make_water.html:69:1 (make_water.Rd:25): Warning: missing </ul> before </div>
make_waterlines.html:79:1 (make_waterlines.Rd:31): Warning: missing </ul> before </div>
render_snapshot_software.html:71:1 (render_snapshot_software.Rd:35): Warning: missing </ul> before </div>
translate_shape_string.html:46:1 (translate_shape_string.Rd:10): Warning: missing </ul> before </div>
write_stl.html:46:1 (write_stl.Rd:10): Warning: missing </ul> before </div>
Flavors: r-devel-linux-x86_64-debian-gcc, r-devel-linux-x86_64-fedora-clang, r-devel-linux-x86_64-fedora-gcc
Version: 0.37.3
Check: installed package size
Result: NOTE
installed size is 7.2Mb
sub-directories of 1Mb or more:
data 2.9Mb
libs 3.3Mb
Flavors: r-oldrel-macos-arm64, r-oldrel-macos-x86_64