Last updated on 2025-10-21 09:48:43 CEST.
Flavor | Version | Tinstall | Tcheck | Ttotal | Status | Flags |
---|---|---|---|---|---|---|
r-devel-linux-x86_64-debian-clang | 0.0.3 | 15.35 | 84.13 | 99.48 | OK | |
r-devel-linux-x86_64-debian-gcc | 0.0.3 | 9.94 | 58.54 | 68.48 | NOTE | |
r-devel-linux-x86_64-fedora-clang | 0.0.3 | 151.63 | OK | |||
r-devel-linux-x86_64-fedora-gcc | 0.0.3 | 141.28 | OK | |||
r-devel-windows-x86_64 | 0.0.3 | 18.00 | 101.00 | 119.00 | OK | |
r-patched-linux-x86_64 | 0.0.3 | 14.65 | 78.79 | 93.44 | OK | |
r-release-linux-x86_64 | 0.0.3 | 14.50 | 78.16 | 92.66 | OK | |
r-release-macos-arm64 | 0.0.3 | 48.00 | OK | |||
r-release-macos-x86_64 | 0.0.3 | 84.00 | OK | |||
r-release-windows-x86_64 | 0.0.3 | 18.00 | 102.00 | 120.00 | OK | |
r-oldrel-macos-arm64 | 0.0.3 | 52.00 | OK | |||
r-oldrel-macos-x86_64 | 0.0.3 | 85.00 | OK | |||
r-oldrel-windows-x86_64 | 0.0.3 | 24.00 | 122.00 | 146.00 | OK |
Version: 0.0.3
Check: HTML version of manual
Result: NOTE
Found the following HTML validation problems:
PipelineCollections.html:293:1 (PipelineCollections.Rd:179): Warning: missing </ul> before </div>
PipelineCollections.html:145:1 (PipelineCollections.Rd:73): Warning: <h5> anchor "Usage" already defined
PipelineCollections.html:161:1 (PipelineCollections.Rd:87): Warning: <h5> anchor "Arguments" already defined
PipelineCollections.html:210:1 (PipelineCollections.Rd:126): Warning: <h5> anchor "Usage" already defined
PipelineCollections.html:216:1 (PipelineCollections.Rd:130): Warning: <h5> anchor "Arguments" already defined
PipelineCollections.html:239:1 (PipelineCollections.Rd:143): Warning: <h5> anchor "Usage" already defined
PipelineCollections.html:253:1 (PipelineCollections.Rd:155): Warning: <h5> anchor "Arguments" already defined
PipelineCollections.html:283:1 (PipelineCollections.Rd:175): Warning: <h5> anchor "Usage" already defined
PipelineResult.html:361:1 (PipelineResult.Rd:217): Warning: missing </ul> before </div>
PipelineResult.html:151:1 (PipelineResult.Rd:85): Warning: <h5> anchor "Usage" already defined
PipelineResult.html:167:1 (PipelineResult.Rd:95): Warning: <h5> anchor "Usage" already defined
PipelineResult.html:183:1 (PipelineResult.Rd:105): Warning: <h5> anchor "Usage" already defined
PipelineResult.html:214:1 (PipelineResult.Rd:124): Warning: <h5> anchor "Usage" already defined
PipelineResult.html:226:1 (PipelineResult.Rd:134): Warning: <h5> anchor "Arguments" already defined
PipelineResult.html:259:1 (PipelineResult.Rd:157): Warning: <h5> anchor "Usage" already defined
PipelineResult.html:265:1 (PipelineResult.Rd:161): Warning: <h5> anchor "Arguments" already defined
PipelineResult.html:291:1 (PipelineResult.Rd:177): Warning: <h5> anchor "Usage" already defined
PipelineResult.html:307:1 (PipelineResult.Rd:187): Warning: <h5> anchor "Usage" already defined
PipelineResult.html:313:1 (PipelineResult.Rd:191): Warning: <h5> anchor "Arguments" already defined
PipelineResult.html:338:1 (PipelineResult.Rd:206): Warning: <h5> anchor "Usage" already defined
PipelineResult.html:344:1 (PipelineResult.Rd:210): Warning: <h5> anchor "Arguments" already defined
PipelineTools.html:235:1 (PipelineTools.Rd:166): Warning: <h5> anchor "Usage" already defined
PipelineTools.html:241:1 (PipelineTools.Rd:170): Warning: <h5> anchor "Arguments" already defined
PipelineTools.html:266:1 (PipelineTools.Rd:185): Warning: <h5> anchor "Usage" already defined
PipelineTools.html:277:1 (PipelineTools.Rd:194): Warning: <h5> anchor "Arguments" already defined
PipelineTools.html:311:1 (PipelineTools.Rd:218): Warning: <h5> anchor "Usage" already defined
PipelineTools.html:317:1 (PipelineTools.Rd:222): Warning: <h5> anchor "Arguments" already defined
PipelineTools.html:341:1 (PipelineTools.Rd:236): Warning: <h5> anchor "Usage" already defined
PipelineTools.html:347:1 (PipelineTools.Rd:240): Warning: <h5> anchor "Arguments" already defined
PipelineTools.html:377:1 (PipelineTools.Rd:260): Warning: <h5> anchor "Usage" already defined
PipelineTools.html:383:1 (PipelineTools.Rd:264): Warning: <h5> anchor "Arguments" already defined
PipelineTools.html:412:1 (PipelineTools.Rd:283): Warning: <h5> anchor "Usage" already defined
PipelineTools.html:429:1 (PipelineTools.Rd:298): Warning: <h5> anchor "Arguments" already defined
PipelineTools.html:465:1 (PipelineTools.Rd:324): Warning: <h5> anchor "Usage" already defined
PipelineTools.html:477:1 (PipelineTools.Rd:334): Warning: <h5> anchor "Arguments" already defined
PipelineTools.html:514:1 (PipelineTools.Rd:361): Warning: <h5> anchor "Usage" already defined
PipelineTools.html:520:1 (PipelineTools.Rd:365): Warning: <h5> anchor "Arguments" already defined
PipelineTools.html:547:1 (PipelineTools.Rd:382): Warning: <h5> anchor "Usage" already defined
PipelineTools.html:556:1 (PipelineTools.Rd:389): Warning: <h5> anchor "Arguments" already defined
PipelineTools.html:587:1 (PipelineTools.Rd:410): Warning: <h5> anchor "Usage" already defined
PipelineTools.html:593:1 (PipelineTools.Rd:414): Warning: <h5> anchor "Arguments" already defined
PipelineTools.html:616:1 (PipelineTools.Rd:427): Warning: <h5> anchor "Usage" already defined
PipelineTools.html:622:1 (PipelineTools.Rd:431): Warning: <h5> anchor "Arguments" already defined
PipelineTools.html:645:1 (PipelineTools.Rd:444): Warning: <h5> anchor "Usage" already defined
PipelineTools.html:657:1 (PipelineTools.Rd:454): Warning: <h5> anchor "Arguments" already defined
PipelineTools.html:686:1 (PipelineTools.Rd:473): Warning: <h5> anchor "Usage" already defined
PipelineTools.html:692:1 (PipelineTools.Rd:477): Warning: <h5> anchor "Arguments" already defined
PipelineTools.html:720:1 (PipelineTools.Rd:495): Warning: <h5> anchor "Usage" already defined
PipelineTools.html:726:1 (PipelineTools.Rd:499): Warning: <h5> anchor "Arguments" already defined
PipelineTools.html:753:1 (PipelineTools.Rd:516): Warning: <h5> anchor "Usage" already defined
PipelineTools.html:765:1 (PipelineTools.Rd:526): Warning: <h5> anchor "Arguments" already defined
PipelineTools.html:803:1 (PipelineTools.Rd:554): Warning: <h5> anchor "Usage" already defined
PipelineTools.html:809:1 (PipelineTools.Rd:558): Warning: <h5> anchor "Arguments" already defined
PipelineTools.html:836:1 (PipelineTools.Rd:575): Warning: <h5> anchor "Usage" already defined
PipelineTools.html:846:1 (PipelineTools.Rd:583): Warning: <h5> anchor "Arguments" already defined
PipelineTools.html:869:1 (PipelineTools.Rd:596): Warning: <h5> anchor "Usage" already defined
PipelineTools.html:881:1 (PipelineTools.Rd:606): Warning: <h5> anchor "Arguments" already defined
PipelineTools.html:915:1 (PipelineTools.Rd:630): Warning: <h5> anchor "Usage" already defined
PipelineTools.html:927:1 (PipelineTools.Rd:640): Warning: <h5> anchor "Arguments" already defined
PipelineTools.html:962:1 (PipelineTools.Rd:665): Warning: <h5> anchor "Usage" already defined
PipelineTools.html:968:1 (PipelineTools.Rd:669): Warning: <h5> anchor "Arguments" already defined
PipelineTools.html:1000:1 (PipelineTools.Rd:691): Warning: <h5> anchor "Usage" already defined
PipelineTools.html:1012:1 (PipelineTools.Rd:701): Warning: <h5> anchor "Arguments" already defined
PipelineTools.html:1076:1 (PipelineTools.Rd:754): Warning: <h5> anchor "Usage" already defined
PipelineTools.html:1082:1 (PipelineTools.Rd:758): Warning: <h5> anchor "Arguments" already defined
PipelineTools.html:1107:1 (PipelineTools.Rd:773): Warning: <h5> anchor "Usage" already defined
PipelineTools.html:1120:1 (PipelineTools.Rd:784): Warning: <h5> anchor "Arguments" already defined
PipelineTools.html:1154:1 (PipelineTools.Rd:808): Warning: <h5> anchor "Usage" already defined
PipelineTools.html:1160:1 (PipelineTools.Rd:812): Warning: <h5> anchor "Arguments" already defined
RAVEFileArray.html:130:1 (RAVEFileArray.Rd:71): Warning: <h5> anchor "Usage" already defined
RAVEFileArray.html:136:1 (RAVEFileArray.Rd:75): Warning: <h5> anchor "Arguments" already defined
RAVEFileArray.html:161:1 (RAVEFileArray.Rd:90): Warning: <h5> anchor "Usage" already defined
RAVEFileArray.html:167:1 (RAVEFileArray.Rd:94): Warning: <h5> anchor "Arguments" already defined
RAVEFileArray.html:193:1 (RAVEFileArray.Rd:110): Warning: <h5> anchor "Usage" already defined
RAVEFileArray.html:199:1 (RAVEFileArray.Rd:114): Warning: <h5> anchor "Arguments" already defined
RAVESerializable.html:92:1 (RAVESerializable.Rd:44): Warning: <h5> anchor "Usage" already defined
RAVESerializable.html:98:1 (RAVESerializable.Rd:48): Warning: <h5> anchor "Arguments" already defined
RAVESerializable.html:121:1 (RAVESerializable.Rd:61): Warning: <h5> anchor "Usage" already defined
RAVESerializable.html:127:1 (RAVESerializable.Rd:65): Warning: <h5> anchor "Arguments" already defined
RAVESerializable.html:152:1 (RAVESerializable.Rd:80): Warning: <h5> anchor "Usage" already defined
RAVESerializable.html:158:1 (RAVESerializable.Rd:84): Warning: <h5> anchor "Arguments" already defined
RAVESerializable.html:181:1 (RAVESerializable.Rd:97): Warning: <h5> anchor "Usage" already defined
RAVESerializable.html:187:1 (RAVESerializable.Rd:101): Warning: <h5> anchor "Arguments" already defined
Flavor: r-devel-linux-x86_64-debian-gcc