Last updated on 2025-10-21 09:48:43 CEST.
Flavor | Version | Tinstall | Tcheck | Ttotal | Status | Flags |
---|---|---|---|---|---|---|
r-devel-linux-x86_64-debian-clang | 1.2 | 6.22 | 46.71 | 52.93 | OK | |
r-devel-linux-x86_64-debian-gcc | 1.2 | 4.24 | 35.34 | 39.58 | NOTE | |
r-devel-linux-x86_64-fedora-clang | 1.2 | 77.90 | OK | |||
r-devel-linux-x86_64-fedora-gcc | 1.2 | 74.39 | OK | |||
r-devel-windows-x86_64 | 1.2 | 9.00 | 71.00 | 80.00 | OK | |
r-patched-linux-x86_64 | 1.2 | 6.49 | 44.45 | 50.94 | OK | |
r-release-linux-x86_64 | 1.2 | 4.98 | 44.73 | 49.71 | OK | |
r-release-macos-arm64 | 1.2 | 18.00 | OK | |||
r-release-macos-x86_64 | 1.2 | 49.00 | OK | |||
r-release-windows-x86_64 | 1.2 | 9.00 | 72.00 | 81.00 | OK | |
r-oldrel-macos-arm64 | 1.2 | 26.00 | OK | |||
r-oldrel-macos-x86_64 | 1.2 | 56.00 | OK | |||
r-oldrel-windows-x86_64 | 1.2 | 12.00 | 81.00 | 93.00 | OK |
Version: 1.2
Check: HTML version of manual
Result: NOTE
Found the following HTML validation problems:
as.character.rapport.inputs.html:51:1 (as.character.rapport.inputs.Rd:12): Warning: missing </ul> before </div>
as.character.rapport.meta.html:51:1 (as.character.rapport.meta.Rd:12): Warning: missing </ul> before </div>
as.yaml.bool.html:46:1 (as.yaml.bool.Rd:10): Warning: missing </ul> before </div>
check.input.value.html:58:1 (check.input.value.Rd:18): Warning: missing </ul> before </div>
check.input.value.class.html:58:1 (check.input.value.class.Rd:18): Warning: missing </ul> before </div>
check.report.chunks.html:50:1 (check.report.chunks.Rd:12): Warning: missing </ul> before </div>
check.tpl.html:63:1 (check.tpl.Rd:21): Warning: missing </ul> before </div>
guess.input.html:46:1 (guess.input.Rd:10): Warning: missing </ul> before </div>
guess.input.description.html:46:1 (guess.input.description.Rd:10): Warning: missing </ul> before </div>
guess.input.label.html:46:1 (guess.input.label.Rd:10): Warning: missing </ul> before </div>
guess.input.name.html:46:1 (guess.input.name.Rd:10): Warning: missing </ul> before </div>
guess.l.html:63:1 (guess.l.Rd:21): Warning: missing </ul> before </div>
guess.old.input.length.html:50:1 (guess.old.input.length.Rd:12): Warning: missing </ul> before </div>
guess.old.input.type.html:46:1 (guess.old.input.type.Rd:10): Warning: missing </ul> before </div>
print.rapport.info.html:51:1 (print.rapport.info.Rd:12): Warning: missing </ul> before </div>
print.rapport.inputs.html:51:1 (print.rapport.inputs.Rd:12): Warning: missing </ul> before </div>
print.rapport.meta.html:51:1 (print.rapport.meta.Rd:12): Warning: missing </ul> before </div>
rapport.renew.html:50:1 (rapport.renew.Rd:13): Warning: missing </ul> before </div>
Flavor: r-devel-linux-x86_64-debian-gcc