Last updated on 2025-10-21 09:48:43 CEST.
Flavor | Version | Tinstall | Tcheck | Ttotal | Status | Flags |
---|---|---|---|---|---|---|
r-devel-linux-x86_64-debian-clang | 0.1.8 | 2.18 | 24.03 | 26.21 | OK | |
r-devel-linux-x86_64-debian-gcc | 0.1.8 | 1.64 | 19.25 | 20.89 | NOTE | |
r-devel-linux-x86_64-fedora-clang | 0.1.8 | 39.36 | OK | |||
r-devel-linux-x86_64-fedora-gcc | 0.1.8 | 37.34 | OK | |||
r-devel-windows-x86_64 | 0.1.8 | 4.00 | 44.00 | 48.00 | OK | |
r-patched-linux-x86_64 | 0.1.8 | 2.57 | 23.50 | 26.07 | OK | |
r-release-linux-x86_64 | 0.1.8 | 2.00 | 23.07 | 25.07 | OK | |
r-release-macos-arm64 | 0.1.8 | 18.00 | OK | |||
r-release-macos-x86_64 | 0.1.8 | 48.00 | OK | |||
r-release-windows-x86_64 | 0.1.8 | 5.00 | 45.00 | 50.00 | OK | |
r-oldrel-macos-arm64 | 0.1.8 | 17.00 | OK | |||
r-oldrel-macos-x86_64 | 0.1.8 | 26.00 | OK | |||
r-oldrel-windows-x86_64 | 0.1.8 | 5.00 | 50.00 | 55.00 | OK |
Version: 0.1.8
Check: HTML version of manual
Result: NOTE
Found the following HTML validation problems:
get_parameters.html:47:1 (get_parameters.Rd:10): Warning: missing </ul> before </div>
get_schema_graphviz_dot.html:60:1 (get_schema_graphviz_dot.Rd:20): Warning: missing </ul> before </div>
get_schema_structure.html:56:1 (get_schema_structure.Rd:14): Warning: missing </ul> before </div>
print.rapi_api.html:51:1 (print.rapi_api.Rd:12): Warning: missing </ul> before </div>
print.rapi_operation.html:51:1 (print.rapi_operation.Rd:12): Warning: missing </ul> before </div>
print.rapi_schema_function.html:51:1 (print.rapi_schema_function.Rd:12): Warning: missing </ul> before </div>
print_wrap.html:48:1 (print_wrap.Rd:12): Warning: missing </ul> before </div>
Flavor: r-devel-linux-x86_64-debian-gcc