Last updated on 2025-10-21 09:48:42 CEST.
Flavor | Version | Tinstall | Tcheck | Ttotal | Status | Flags |
---|---|---|---|---|---|---|
r-devel-linux-x86_64-debian-clang | 1.0.2 | 2.29 | 23.17 | 25.46 | OK | |
r-devel-linux-x86_64-debian-gcc | 1.0.2 | 1.53 | 18.70 | 20.23 | NOTE | |
r-devel-linux-x86_64-fedora-clang | 1.0.2 | 36.92 | OK | |||
r-devel-linux-x86_64-fedora-gcc | 1.0.2 | 35.21 | OK | |||
r-devel-windows-x86_64 | 1.0.2 | 3.00 | 39.00 | 42.00 | OK | |
r-patched-linux-x86_64 | 1.0.2 | 2.46 | 22.05 | 24.51 | OK | |
r-release-linux-x86_64 | 1.0.2 | 1.92 | 22.13 | 24.05 | OK | |
r-release-macos-arm64 | 1.0.2 | 14.00 | OK | |||
r-release-macos-x86_64 | 1.0.2 | 24.00 | OK | |||
r-release-windows-x86_64 | 1.0.2 | 4.00 | 45.00 | 49.00 | OK | |
r-oldrel-macos-arm64 | 1.0.2 | 15.00 | OK | |||
r-oldrel-macos-x86_64 | 1.0.2 | 21.00 | OK | |||
r-oldrel-windows-x86_64 | 1.0.2 | 4.00 | 41.00 | 45.00 | OK |
Version: 1.0.2
Check: HTML version of manual
Result: NOTE
Found the following HTML validation problems:
randtests.aux.html:52:1 (randtests.aux.Rd:14): Warning: missing </ul> before </div>
Flavor: r-devel-linux-x86_64-debian-gcc