Last updated on 2025-10-21 09:48:42 CEST.
Flavor | Version | Tinstall | Tcheck | Ttotal | Status | Flags |
---|---|---|---|---|---|---|
r-devel-linux-x86_64-debian-clang | 1.1.4-5 | 3.47 | 32.56 | 36.03 | OK | |
r-devel-linux-x86_64-debian-gcc | 1.1.4-5 | 2.34 | 25.43 | 27.77 | NOTE | |
r-devel-linux-x86_64-fedora-clang | 1.1.4-5 | 55.79 | OK | |||
r-devel-linux-x86_64-fedora-gcc | 1.1.4-5 | 52.69 | OK | |||
r-devel-windows-x86_64 | 1.1.4-5 | 5.00 | 48.00 | 53.00 | OK | |
r-patched-linux-x86_64 | 1.1.4-5 | 3.80 | 30.62 | 34.42 | OK | |
r-release-linux-x86_64 | 1.1.4-5 | 3.31 | 30.82 | 34.13 | OK | |
r-release-macos-arm64 | 1.1.4-5 | 21.00 | OK | |||
r-release-macos-x86_64 | 1.1.4-5 | 34.00 | OK | |||
r-release-windows-x86_64 | 1.1.4-5 | 4.00 | 49.00 | 53.00 | OK | |
r-oldrel-macos-arm64 | 1.1.4-5 | 20.00 | OK | |||
r-oldrel-macos-x86_64 | 1.1.4-5 | 30.00 | OK | |||
r-oldrel-windows-x86_64 | 1.1.4-5 | 6.00 | 56.00 | 62.00 | OK |
Version: 1.1.4-5
Check: HTML version of manual
Result: NOTE
Found the following HTML validation problems:
NEWS.html:112:1 (NEWS.Rd:64): Warning: <h3> anchor "Changes-in-version-1.1.3.5" already defined
Flavor: r-devel-linux-x86_64-debian-gcc