Last updated on 2025-10-21 09:48:43 CEST.
Flavor | Version | Tinstall | Tcheck | Ttotal | Status | Flags |
---|---|---|---|---|---|---|
r-devel-linux-x86_64-debian-clang | 0.60.0 | 8.03 | 70.42 | 78.45 | OK | |
r-devel-linux-x86_64-debian-gcc | 0.60.0 | 6.04 | 49.40 | 55.44 | NOTE | |
r-devel-linux-x86_64-fedora-clang | 0.60.0 | 130.30 | OK | |||
r-devel-linux-x86_64-fedora-gcc | 0.60.0 | 114.44 | OK | |||
r-devel-windows-x86_64 | 0.60.0 | 13.00 | 96.00 | 109.00 | OK | |
r-patched-linux-x86_64 | 0.60.0 | 10.76 | 66.66 | 77.42 | OK | |
r-release-linux-x86_64 | 0.60.0 | 9.16 | 65.58 | 74.74 | OK | |
r-release-macos-arm64 | 0.60.0 | 34.00 | OK | |||
r-release-macos-x86_64 | 0.60.0 | 63.00 | OK | |||
r-release-windows-x86_64 | 0.60.0 | 14.00 | 97.00 | 111.00 | OK | |
r-oldrel-macos-arm64 | 0.60.0 | 35.00 | OK | |||
r-oldrel-macos-x86_64 | 0.60.0 | 60.00 | OK | |||
r-oldrel-windows-x86_64 | 0.60.0 | 14.00 | 111.00 | 125.00 | OK |
Version: 0.60.0
Check: HTML version of manual
Result: NOTE
Found the following HTML validation problems:
check_config.html:55:1 (check_config.Rd:15): Warning: missing </ul> before </div>
check_dataproduct_exists.html:64:1 (check_dataproduct_exists.Rd:21): Warning: missing </ul> before </div>
check_datetime.html:58:1 (check_datetime.Rd:16): Warning: missing </ul> before </div>
check_field.html:66:1 (check_field.Rd:20): Warning: missing </ul> before </div>
check_fields.html:58:1 (check_fields.Rd:16): Warning: missing </ul> before </div>
check_handle.html:59:1 (check_handle.Rd:17): Warning: missing </ul> before </div>
check_integer.html:58:1 (check_integer.Rd:16): Warning: missing </ul> before </div>
check_string.html:54:1 (check_string.Rd:14): Warning: missing </ul> before </div>
check_yaml_write.html:50:1 (check_yaml_write.Rd:12): Warning: missing </ul> before </div>
clean_query.html:51:1 (clean_query.Rd:13): Warning: missing </ul> before </div>
create_config.html:80:1 (create_config.Rd:30): Warning: missing </ul> before </div>
create_index.html:46:1 (create_index.Rd:10): Warning: missing </ul> before </div>
extract_id.html:50:1 (extract_id.Rd:12): Warning: missing </ul> before </div>
fair_init.html:57:1 (fair_init.Rd:17): Warning: missing </ul> before </div>
fair_run.html:58:1 (fair_run.Rd:18): Warning: missing </ul> before </div>
fdp-class.html:603:1 (fdp-class.Rd:414): Warning: missing </ul> before </div>
fdp-class.html:183:1 (fdp-class.Rd:113): Warning: <h5> anchor "Usage" already defined
fdp-class.html:189:1 (fdp-class.Rd:117): Warning: <h5> anchor "Arguments" already defined
fdp-class.html:212:1 (fdp-class.Rd:130): Warning: <h5> anchor "Usage" already defined
fdp-class.html:226:1 (fdp-class.Rd:142): Warning: <h5> anchor "Arguments" already defined
fdp-class.html:258:1 (fdp-class.Rd:168): Warning: <h5> anchor "Returns" already defined
fdp-class.html:275:1 (fdp-class.Rd:177): Warning: <h5> anchor "Usage" already defined
fdp-class.html:291:1 (fdp-class.Rd:191): Warning: <h5> anchor "Arguments" already defined
fdp-class.html:327:1 (fdp-class.Rd:222): Warning: <h5> anchor "Returns" already defined
fdp-class.html:345:1 (fdp-class.Rd:232): Warning: <h5> anchor "Usage" already defined
fdp-class.html:351:1 (fdp-class.Rd:236): Warning: <h5> anchor "Arguments" already defined
fdp-class.html:374:1 (fdp-class.Rd:253): Warning: <h5> anchor "Returns" already defined
fdp-class.html:391:1 (fdp-class.Rd:262): Warning: <h5> anchor "Usage" already defined
fdp-class.html:406:1 (fdp-class.Rd:275): Warning: <h5> anchor "Arguments" already defined
fdp-class.html:441:1 (fdp-class.Rd:304): Warning: <h5> anchor "Returns" already defined
fdp-class.html:458:1 (fdp-class.Rd:313): Warning: <h5> anchor "Usage" already defined
fdp-class.html:473:1 (fdp-class.Rd:326): Warning: <h5> anchor "Arguments" already defined
fdp-class.html:507:1 (fdp-class.Rd:354): Warning: <h5> anchor "Returns" already defined
fdp-class.html:525:1 (fdp-class.Rd:364): Warning: <h5> anchor "Usage" already defined
fdp-class.html:537:1 (fdp-class.Rd:374): Warning: <h5> anchor "Arguments" already defined
fdp-class.html:563:1 (fdp-class.Rd:394): Warning: <h5> anchor "Returns" already defined
fdp-class.html:580:1 (fdp-class.Rd:403): Warning: <h5> anchor "Usage" already defined
fdp-class.html:586:1 (fdp-class.Rd:407): Warning: <h5> anchor "Arguments" already defined
fdp_resolve_read.html:50:1 (fdp_resolve_read.Rd:12): Warning: missing </ul> before </div>
fdp_resolve_write.html:50:1 (fdp_resolve_write.Rd:12): Warning: missing </ul> before </div>
find_read_match.html:51:1 (find_read_match.Rd:13): Warning: missing </ul> before </div>
find_write_match.html:51:1 (find_write_match.Rd:13): Warning: missing </ul> before </div>
findme.html:51:1 (findme.Rd:12): Warning: missing </ul> before </div>
get_author_url.html:46:1 (get_author_url.Rd:10): Warning: missing </ul> before </div>
get_dataproduct.html:63:1 (get_dataproduct.Rd:21): Warning: missing </ul> before </div>
get_entity.html:46:1 (get_entity.Rd:10): Warning: missing </ul> before </div>
get_index.html:50:1 (get_index.Rd:12): Warning: missing </ul> before </div>
get_max_version.html:50:1 (get_max_version.Rd:12): Warning: missing </ul> before </div>
github_files.html:46:1 (github_files.Rd:10): Warning: missing </ul> before </div>
increment_filename.html:46:1 (increment_filename.Rd:10): Warning: missing </ul> before </div>
paper_exists.html:46:1 (paper_exists.Rd:10): Warning: missing </ul> before </div>
patch_data.html:50:1 (patch_data.Rd:12): Warning: missing </ul> before </div>
post_data.html:54:1 (post_data.Rd:14): Warning: missing </ul> before </div>
raise_issue.html:80:1 (raise_issue.Rd:32): Warning: missing </ul> before </div>
raise_issue_config.html:55:1 (raise_issue_config.Rd:15): Warning: missing </ul> before </div>
raise_issue_repo.html:55:1 (raise_issue_repo.Rd:15): Warning: missing </ul> before </div>
raise_issue_script.html:55:1 (raise_issue_script.Rd:15): Warning: missing </ul> before </div>
read_distribution.html:55:1 (read_distribution.Rd:15): Warning: missing </ul> before </div>
read_estimate.html:55:1 (read_estimate.Rd:15): Warning: missing </ul> before </div>
register_issue_dataproduct.html:51:1 (register_issue_dataproduct.Rd:13): Warning: missing </ul> before </div>
register_issue_script.html:55:1 (register_issue_script.Rd:15): Warning: missing </ul> before </div>
remove_empty_parents.html:50:1 (remove_empty_parents.Rd:12): Warning: missing </ul> before </div>
resolve_read.html:56:1 (resolve_read.Rd:16): Warning: missing </ul> before </div>
resolve_version.html:54:1 (resolve_version.Rd:14): Warning: missing </ul> before </div>
resolve_write.html:56:1 (resolve_write.Rd:16): Warning: missing </ul> before </div>
Flavor: r-devel-linux-x86_64-debian-gcc