Last updated on 2025-10-21 09:48:43 CEST.
Flavor | Version | Tinstall | Tcheck | Ttotal | Status | Flags |
---|---|---|---|---|---|---|
r-devel-linux-x86_64-debian-clang | 0.11-0 | 6.43 | 54.65 | 61.08 | NOTE | |
r-devel-linux-x86_64-debian-gcc | 0.11-0 | 4.35 | 41.66 | 46.01 | NOTE | |
r-devel-linux-x86_64-fedora-clang | 0.11-0 | 90.69 | OK | |||
r-devel-linux-x86_64-fedora-gcc | 0.11-0 | 89.47 | OK | |||
r-devel-windows-x86_64 | 0.11-0 | 7.00 | 61.00 | 68.00 | OK | |
r-patched-linux-x86_64 | 0.11-0 | 5.99 | 51.44 | 57.43 | OK | |
r-release-linux-x86_64 | 0.11-0 | 5.71 | 50.72 | 56.43 | OK | |
r-release-macos-arm64 | 0.11-0 | 34.00 | OK | |||
r-release-macos-x86_64 | 0.11-0 | 57.00 | OK | |||
r-release-windows-x86_64 | 0.11-0 | 7.00 | 63.00 | 70.00 | OK | |
r-oldrel-macos-arm64 | 0.11-0 | 31.00 | OK | |||
r-oldrel-macos-x86_64 | 0.11-0 | 43.00 | OK | |||
r-oldrel-windows-x86_64 | 0.11-0 | 9.00 | 77.00 | 86.00 | OK |
Version: 0.11-0
Check: CRAN incoming feasibility
Result: NOTE
Maintainer: ‘Yixuan Qiu <yixuan.qiu@cos.name>’
No Authors@R field in DESCRIPTION.
Please add one, modifying
Authors@R: c(person(given = "Yixuan",
family = "Qiu",
role = c("aut", "cre"),
email = "yixuan.qiu@cos.name"),
person(given = "Jiali",
family = "Mei",
role = "aut"),
person(given = c("authors", "of", "the", "ARPACK", "library.", "See", "file", "AUTHORS", "for"),
family = "details.",
role = "aut"))
as necessary.
Flavors: r-devel-linux-x86_64-debian-clang, r-devel-linux-x86_64-debian-gcc
Version: 0.11-0
Check: top-level files
Result: NOTE
Found the following validation problem for the NEWS.Rd HTML conversion:
NEWS.html:311:1 (inst/NEWS.Rd:152): Warning: missing </ul> before </div>
NEWS.html:57:1 (inst/NEWS.Rd:23): Warning: <h4> anchor "BUG-FIXES" already defined
NEWS.html:72:1 (inst/NEWS.Rd:31): Warning: <h4> anchor "BUG-FIXES" already defined
NEWS.html:87:1 (inst/NEWS.Rd:39): Warning: <h4> anchor "NEW-FEATURES" already defined
NEWS.html:106:1 (inst/NEWS.Rd:48): Warning: <h4> anchor "BUG-FIXES" already defined
NEWS.html:126:1 (inst/NEWS.Rd:59): Warning: <h4> anchor "NEW-FEATURES" already defined
NEWS.html:146:1 (inst/NEWS.Rd:71): Warning: <h4> anchor "BUG-FIXES" already defined
NEWS.html:169:1 (inst/NEWS.Rd:83): Warning: <h4> anchor "NEW-FEATURES" already defined
NEWS.html:189:1 (inst/NEWS.Rd:93): Warning: <h4> anchor "BUG-FIXES" already defined
NEWS.html:207:1 (inst/NEWS.Rd:102): Warning: <h4> anchor "NEW-FEATURES" already defined
NEWS.html:218:1 (inst/NEWS.Rd:107): Warning: <h4> anchor "BUG-FIXES" already defined
NEWS.html:239:1 (inst/NEWS.Rd:117): Warning: <h4> anchor "NEW-FEATURES" already defined
NEWS.html:250:1 (inst/NEWS.Rd:122): Warning: <h4> anchor "BUG-FIXES" already defined
NEWS.html:265:1 (inst/NEWS.Rd:130): Warning: <h4> anchor "NEW-FEATURES" already defined
NEWS.html:280:1 (inst/NEWS.Rd:138): Warning: <h4> anchor "NEW-FEATURES" already defined
NEWS.html:296:1 (inst/NEWS.Rd:147): Warning: <h4> anchor "NEW-FEATURES" already defined
Flavor: r-devel-linux-x86_64-debian-gcc