Last updated on 2025-10-21 09:48:42 CEST.
Flavor | Version | Tinstall | Tcheck | Ttotal | Status | Flags |
---|---|---|---|---|---|---|
r-devel-linux-x86_64-debian-clang | 1.2.0 | 4.60 | 64.10 | 68.70 | OK | |
r-devel-linux-x86_64-debian-gcc | 1.2.0 | 3.24 | 44.71 | 47.95 | NOTE | |
r-devel-linux-x86_64-fedora-clang | 1.2.0 | 104.14 | OK | |||
r-devel-linux-x86_64-fedora-gcc | 1.2.0 | 121.89 | OK | |||
r-devel-windows-x86_64 | 1.2.0 | 6.00 | 100.00 | 106.00 | OK | |
r-patched-linux-x86_64 | 1.2.0 | 5.15 | 59.57 | 64.72 | OK | |
r-release-linux-x86_64 | 1.2.0 | 4.14 | 59.81 | 63.95 | OK | |
r-release-macos-arm64 | 1.2.0 | 37.00 | OK | |||
r-release-macos-x86_64 | 1.2.0 | 171.00 | OK | |||
r-release-windows-x86_64 | 1.2.0 | 6.00 | 102.00 | 108.00 | OK | |
r-oldrel-macos-arm64 | 1.2.0 | 37.00 | OK | |||
r-oldrel-macos-x86_64 | 1.2.0 | 143.00 | OK | |||
r-oldrel-windows-x86_64 | 1.2.0 | 8.00 | 119.00 | 127.00 | OK |
Version: 1.2.0
Check: HTML version of manual
Result: NOTE
Found the following HTML validation problems:
rtf_page_footer.html:136:1 (rtf_page_footer.Rd:72): Warning: missing </ul> before </div>
rtf_page_header.html:136:1 (rtf_page_header.Rd:72): Warning: missing </ul> before </div>
Flavor: r-devel-linux-x86_64-debian-gcc