Last updated on 2025-10-21 09:48:42 CEST.
Flavor | Version | Tinstall | Tcheck | Ttotal | Status | Flags |
---|---|---|---|---|---|---|
r-devel-linux-x86_64-debian-clang | 0.30.0 | 2.09 | 25.93 | 28.02 | OK | |
r-devel-linux-x86_64-debian-gcc | 0.30.0 | 1.73 | 21.24 | 22.97 | NOTE | |
r-devel-linux-x86_64-fedora-clang | 0.30.0 | 38.95 | OK | |||
r-devel-linux-x86_64-fedora-gcc | 0.30.0 | 39.09 | OK | |||
r-devel-windows-x86_64 | 0.30.0 | 3.00 | 45.00 | 48.00 | OK | |
r-patched-linux-x86_64 | 0.30.0 | 1.97 | 23.52 | 25.49 | OK | |
r-release-linux-x86_64 | 0.30.0 | 2.03 | 23.40 | 25.43 | OK | |
r-release-macos-arm64 | 0.30.0 | 17.00 | OK | |||
r-release-macos-x86_64 | 0.30.0 | 27.00 | OK | |||
r-release-windows-x86_64 | 0.30.0 | 4.00 | 46.00 | 50.00 | OK | |
r-oldrel-macos-arm64 | 0.30.0 | 21.00 | OK | |||
r-oldrel-macos-x86_64 | 0.30.0 | 42.00 | OK | |||
r-oldrel-windows-x86_64 | 0.30.0 | 5.00 | 53.00 | 58.00 | OK |
Version: 0.30.0
Check: HTML version of manual
Result: NOTE
Found the following HTML validation problems:
as.fmap.html:46:1 (as.fmap.Rd:10): Warning: missing </ul> before </div>
decorate.html:50:1 (decorate.Rd:12): Warning: missing </ul> before </div>
decorate.WrappedModel.html:57:1 (decorate.WrappedModel.Rd:15): Warning: missing </ul> before </div>
decorate.default.html:59:1 (decorate.default.Rd:16): Warning: missing </ul> before </div>
decorate.earth.html:55:1 (decorate.earth.Rd:14): Warning: missing </ul> before </div>
decorate.elm.html:55:1 (decorate.elm.Rd:14): Warning: missing </ul> before </div>
decorate.randomForest.html:55:1 (decorate.randomForest.Rd:14): Warning: missing </ul> before </div>
decorate.svm.formula.html:55:1 (decorate.svm.formula.Rd:14): Warning: missing </ul> before </div>
decorate.train.html:51:1 (decorate.train.Rd:12): Warning: missing </ul> before </div>
verify.html:54:1 (verify.Rd:14): Warning: missing </ul> before </div>
verify.default.html:55:1 (verify.default.Rd:14): Warning: missing </ul> before </div>
verify.train.html:63:1 (verify.train.Rd:18): Warning: missing </ul> before </div>
verify.xgb.Booster.html:79:1 (verify.xgb.Booster.Rd:30): Warning: missing </ul> before </div>
write.fmap.html:50:1 (write.fmap.Rd:12): Warning: missing </ul> before </div>
Flavor: r-devel-linux-x86_64-debian-gcc