Last updated on 2025-10-21 09:48:42 CEST.
Flavor | Version | Tinstall | Tcheck | Ttotal | Status | Flags |
---|---|---|---|---|---|---|
r-devel-linux-x86_64-debian-clang | 0.0.4 | 2.13 | 36.06 | 38.19 | OK | |
r-devel-linux-x86_64-debian-gcc | 0.0.4 | 1.56 | 26.74 | 28.30 | NOTE | |
r-devel-linux-x86_64-fedora-clang | 0.0.4 | 56.17 | OK | |||
r-devel-linux-x86_64-fedora-gcc | 0.0.4 | 55.80 | OK | |||
r-devel-windows-x86_64 | 0.0.4 | 4.00 | 55.00 | 59.00 | OK | |
r-patched-linux-x86_64 | 0.0.4 | 2.10 | 33.09 | 35.19 | OK | |
r-release-linux-x86_64 | 0.0.4 | 1.25 | 33.23 | 34.48 | OK | |
r-release-macos-arm64 | 0.0.4 | 369.00 | OK | |||
r-release-macos-x86_64 | 0.0.4 | 37.00 | OK | |||
r-release-windows-x86_64 | 0.0.4 | 4.00 | 56.00 | 60.00 | OK | |
r-oldrel-macos-arm64 | 0.0.4 | 26.00 | OK | |||
r-oldrel-macos-x86_64 | 0.0.4 | 41.00 | OK | |||
r-oldrel-windows-x86_64 | 0.0.4 | 5.00 | 64.00 | 69.00 | OK |
Version: 0.0.4
Check: HTML version of manual
Result: NOTE
Found the following HTML validation problems:
mse.InteractionClassification.html:54:1 (mse.InteractionClassification.Rd:13): Warning: missing </ul> before </div>
mse.payoffs.html:52:1 (mse.payoffs.Rd:12): Warning: missing </ul> before </div>
summary.InteractionClassification.html:54:1 (summary.InteractionClassification.Rd:13): Warning: missing </ul> before </div>
summary.payoffs.html:51:1 (summary.payoffs.Rd:12): Warning: missing </ul> before </div>
Flavor: r-devel-linux-x86_64-debian-gcc