Last updated on 2025-10-21 09:48:42 CEST.
Flavor | Version | Tinstall | Tcheck | Ttotal | Status | Flags |
---|---|---|---|---|---|---|
r-devel-linux-x86_64-debian-clang | 0.1.0 | 5.53 | 143.87 | 149.40 | OK | |
r-devel-linux-x86_64-debian-gcc | 0.1.0 | 5.07 | 93.36 | 98.43 | NOTE | |
r-devel-linux-x86_64-fedora-clang | 0.1.0 | 239.11 | OK | |||
r-devel-linux-x86_64-fedora-gcc | 0.1.0 | 243.35 | OK | |||
r-devel-windows-x86_64 | 0.1.0 | 8.00 | 138.00 | 146.00 | OK | |
r-patched-linux-x86_64 | 0.1.0 | 7.56 | 135.28 | 142.84 | OK | |
r-release-linux-x86_64 | 0.1.0 | 6.48 | 135.07 | 141.55 | OK | |
r-release-macos-arm64 | 0.1.0 | 72.00 | OK | |||
r-release-macos-x86_64 | 0.1.0 | 164.00 | OK | |||
r-release-windows-x86_64 | 0.1.0 | 10.00 | 146.00 | 156.00 | OK | |
r-oldrel-macos-arm64 | 0.1.0 | 73.00 | OK | |||
r-oldrel-macos-x86_64 | 0.1.0 | 156.00 | OK | |||
r-oldrel-windows-x86_64 | 0.1.0 | 11.00 | 186.00 | 197.00 | OK |
Version: 0.1.0
Check: HTML version of manual
Result: NOTE
Found the following HTML validation problems:
data_provided.html:55:1 (data_provided.Rd:15): Warning: missing </ul> before </div>
result_read_fb_mobility_data.html:69:1 (result_read_fb_mobility_data.Rd:22): Warning: missing </ul> before </div>
Flavor: r-devel-linux-x86_64-debian-gcc