Last updated on 2025-10-21 09:48:42 CEST.
Flavor | Version | Tinstall | Tcheck | Ttotal | Status | Flags |
---|---|---|---|---|---|---|
r-devel-linux-x86_64-debian-clang | 2.1.1 | 2.40 | 52.16 | 54.56 | OK | |
r-devel-linux-x86_64-debian-gcc | 2.1.1 | 2.01 | 34.37 | 36.38 | NOTE | |
r-devel-linux-x86_64-fedora-clang | 2.1.1 | 86.39 | OK | |||
r-devel-linux-x86_64-fedora-gcc | 2.1.1 | 84.87 | OK | |||
r-devel-windows-x86_64 | 2.1.1 | 4.00 | 66.00 | 70.00 | OK | |
r-patched-linux-x86_64 | 2.1.1 | 3.59 | 49.21 | 52.80 | OK | |
r-release-linux-x86_64 | 2.1.1 | 2.80 | 48.68 | 51.48 | OK | |
r-release-macos-arm64 | 2.1.1 | 24.00 | OK | |||
r-release-macos-x86_64 | 2.1.1 | 46.00 | OK | |||
r-release-windows-x86_64 | 2.1.1 | 4.00 | 70.00 | 74.00 | OK | |
r-oldrel-macos-arm64 | 2.1.1 | 23.00 | OK | |||
r-oldrel-macos-x86_64 | 2.1.1 | 36.00 | OK | |||
r-oldrel-windows-x86_64 | 2.1.1 | 4.00 | 67.00 | 71.00 | OK |
Version: 2.1.1
Check: HTML version of manual
Result: NOTE
Found the following HTML validation problems:
qrnn.initialize.html:68:1 (qrnn.initialize.Rd:24): Warning: missing </ul> before </div>
Flavor: r-devel-linux-x86_64-debian-gcc