Last updated on 2025-10-21 09:48:42 CEST.
Flavor | Version | Tinstall | Tcheck | Ttotal | Status | Flags |
---|---|---|---|---|---|---|
r-devel-linux-x86_64-debian-clang | 1.1.6 | 86.34 | 113.92 | 200.26 | OK | |
r-devel-linux-x86_64-debian-gcc | 1.1.6 | 58.78 | 73.86 | 132.64 | NOTE | |
r-devel-linux-x86_64-fedora-clang | 1.1.6 | 332.88 | OK | |||
r-devel-linux-x86_64-fedora-gcc | 1.1.6 | 323.50 | OK | |||
r-devel-windows-x86_64 | 1.1.6 | 95.00 | 141.00 | 236.00 | OK | |
r-patched-linux-x86_64 | 1.1.6 | 87.27 | 104.37 | 191.64 | OK | |
r-release-linux-x86_64 | 1.1.6 | 88.69 | 105.60 | 194.29 | OK | |
r-release-macos-arm64 | 1.1.6 | 80.00 | OK | |||
r-release-macos-x86_64 | 1.1.6 | 149.00 | OK | |||
r-release-windows-x86_64 | 1.1.6 | 95.00 | 138.00 | 233.00 | OK | |
r-oldrel-macos-arm64 | 1.1.6 | 74.00 | NOTE | |||
r-oldrel-macos-x86_64 | 1.1.6 | 134.00 | NOTE | |||
r-oldrel-windows-x86_64 | 1.1.6 | 113.00 | 175.00 | 288.00 | OK |
Version: 1.1.6
Check: HTML version of manual
Result: NOTE
Found the following HTML validation problems:
acc.html:54:1 (acc.Rd:14): Warning: missing </ul> before </div>
adjLD.html:83:1 (adjLD.Rd:33): Warning: missing </ul> before </div>
adjLDStat.html:83:1 (adjLDStat.Rd:33): Warning: missing </ul> before </div>
auc.html:50:1 (auc.Rd:12): Warning: missing </ul> before </div>
gblup.html:73:1 (gblup.Rd:27): Warning: missing </ul> before </div>
getGRM.html:73:1 (getGRM.Rd:27): Warning: missing </ul> before </div>
getLDsets.html:54:1 (getLDsets.Rd:14): Warning: missing </ul> before </div>
hwe.html:46:1 (hwe.Rd:10): Warning: missing </ul> before </div>
mergeGRM.html:47:1 (mergeGRM.Rd:10): Warning: missing </ul> before </div>
plotBayes.html:58:1 (plotBayes.Rd:16): Warning: missing </ul> before </div>
plotForest.html:99:1 (plotForest.Rd:42): Warning: missing </ul> before </div>
rnag.html:50:1 (rnag.Rd:12): Warning: missing </ul> before </div>
Flavor: r-devel-linux-x86_64-debian-gcc
Version: 1.1.6
Check: installed package size
Result: NOTE
installed size is 5.8Mb
sub-directories of 1Mb or more:
libs 4.8Mb
Flavors: r-oldrel-macos-arm64, r-oldrel-macos-x86_64