Last updated on 2025-10-21 09:48:42 CEST.
Flavor | Version | Tinstall | Tcheck | Ttotal | Status | Flags |
---|---|---|---|---|---|---|
r-devel-linux-x86_64-debian-clang | 2.4.6 | 36.24 | 253.98 | 290.22 | ERROR | |
r-devel-linux-x86_64-debian-gcc | 2.4.6 | 23.56 | 170.43 | 193.99 | ERROR | |
r-devel-linux-x86_64-fedora-clang | 2.4.6 | 461.98 | ERROR | |||
r-devel-linux-x86_64-fedora-gcc | 2.4.6 | 426.92 | ERROR | |||
r-devel-windows-x86_64 | 2.4.6 | 44.00 | 299.00 | 343.00 | ERROR | |
r-patched-linux-x86_64 | 2.4.6 | 39.20 | 237.39 | 276.59 | ERROR | |
r-release-linux-x86_64 | 2.4.6 | 37.00 | 238.05 | 275.05 | ERROR | |
r-release-macos-arm64 | 2.4.6 | 103.00 | NOTE | |||
r-release-macos-x86_64 | 2.4.6 | 210.00 | NOTE | |||
r-release-windows-x86_64 | 2.4.6 | 45.00 | 301.00 | 346.00 | ERROR | |
r-oldrel-macos-arm64 | 2.4.6 | 102.00 | NOTE | |||
r-oldrel-macos-x86_64 | 2.4.6 | 160.00 | NOTE | |||
r-oldrel-windows-x86_64 | 2.4.6 | 62.00 | 376.00 | 438.00 | ERROR |
Version: 2.4.6
Check: Rd files
Result: NOTE
checkRd: (-1) check_text.Rd:19: Lost braces in \itemize; \value handles \item{}{} directly
checkRd: (-1) check_text.Rd:20: Lost braces in \itemize; \value handles \item{}{} directly
checkRd: (-1) check_text.Rd:21: Lost braces in \itemize; \value handles \item{}{} directly
checkRd: (-1) check_text.Rd:22: Lost braces in \itemize; \value handles \item{}{} directly
checkRd: (-1) check_text.Rd:23: Lost braces in \itemize; \value handles \item{}{} directly
checkRd: (-1) check_text.Rd:24: Lost braces in \itemize; \value handles \item{}{} directly
checkRd: (-1) check_text.Rd:25: Lost braces in \itemize; \value handles \item{}{} directly
checkRd: (-1) check_text.Rd:26: Lost braces in \itemize; \value handles \item{}{} directly
checkRd: (-1) check_text.Rd:27: Lost braces in \itemize; \value handles \item{}{} directly
checkRd: (-1) check_text.Rd:28: Lost braces in \itemize; \value handles \item{}{} directly
checkRd: (-1) check_text.Rd:29: Lost braces in \itemize; \value handles \item{}{} directly
checkRd: (-1) check_text.Rd:30: Lost braces in \itemize; \value handles \item{}{} directly
checkRd: (-1) new_project.Rd:30-34: Lost braces in \itemize; meant \describe ?
checkRd: (-1) new_project.Rd:32: Lost braces in \itemize; meant \describe ?
checkRd: (-1) new_project.Rd:35-39: Lost braces in \itemize; meant \describe ?
checkRd: (-1) new_project.Rd:37: Lost braces in \itemize; meant \describe ?
checkRd: (-1) new_project.Rd:40: Lost braces in \itemize; meant \describe ?
checkRd: (-1) new_project.Rd:42: Lost braces in \itemize; meant \describe ?
checkRd: (-1) new_project.Rd:43: Lost braces in \itemize; meant \describe ?
checkRd: (-1) new_project.Rd:44: Lost braces in \itemize; meant \describe ?
checkRd: (-1) new_project.Rd:45-54: Lost braces in \itemize; meant \describe ?
checkRd: (-1) new_project.Rd:47: Lost braces in \itemize; meant \describe ?
checkRd: (-1) new_project.Rd:48: Lost braces in \itemize; meant \describe ?
checkRd: (-1) new_project.Rd:49: Lost braces in \itemize; meant \describe ?
checkRd: (-1) new_project.Rd:50: Lost braces in \itemize; meant \describe ?
checkRd: (-1) new_project.Rd:51: Lost braces in \itemize; meant \describe ?
checkRd: (-1) new_project.Rd:52: Lost braces in \itemize; meant \describe ?
checkRd: (-1) new_project.Rd:55-60: Lost braces in \itemize; meant \describe ?
checkRd: (-1) new_project.Rd:57: Lost braces in \itemize; meant \describe ?
checkRd: (-1) new_project.Rd:58: Lost braces in \itemize; meant \describe ?
checkRd: (-1) new_project.Rd:62: Lost braces in \itemize; meant \describe ?
checkRd: (-1) new_project.Rd:63: Lost braces in \itemize; meant \describe ?
checkRd: (-1) new_project.Rd:64: Lost braces in \itemize; meant \describe ?
checkRd: (-1) new_project.Rd:65-71: Lost braces in \itemize; meant \describe ?
checkRd: (-1) new_project.Rd:67: Lost braces in \itemize; meant \describe ?
checkRd: (-1) new_project.Rd:68: Lost braces in \itemize; meant \describe ?
checkRd: (-1) new_project.Rd:69: Lost braces in \itemize; meant \describe ?
checkRd: (-1) new_project.Rd:72: Lost braces in \itemize; meant \describe ?
checkRd: (-1) new_project.Rd:73: Lost braces in \itemize; meant \describe ?
checkRd: (-1) new_project.Rd:74-79: Lost braces in \itemize; meant \describe ?
checkRd: (-1) new_project.Rd:76: Lost braces in \itemize; meant \describe ?
checkRd: (-1) new_project.Rd:77: Lost braces in \itemize; meant \describe ?
checkRd: (-1) new_project.Rd:80: Lost braces in \itemize; meant \describe ?
checkRd: (-1) new_project.Rd:81: Lost braces in \itemize; meant \describe ?
checkRd: (-1) new_project.Rd:82: Lost braces in \itemize; meant \describe ?
checkRd: (-1) new_project.Rd:83: Lost braces in \itemize; meant \describe ?
checkRd: (-1) plot.lexical.Rd:24: Lost braces
24 | \item{random.order}{logical. If code{TRUE} plot words in random order. If \code{FALSE}, they will be plotted in decreasing frequency.}
| ^
checkRd: (-1) trans_venn.Rd:81: Lost braces
81 | \{code{\link[qdap]{Dissimilarity}} measures labeling the edges between nodes
| ^
checkRd: (-1) word_stats.Rd:54: Lost braces in \itemize; \value handles \item{}{} directly
checkRd: (-1) word_stats.Rd:55: Lost braces in \itemize; \value handles \item{}{} directly
checkRd: (-1) word_stats.Rd:56: Lost braces in \itemize; \value handles \item{}{} directly
checkRd: (-1) word_stats.Rd:57: Lost braces in \itemize; \value handles \item{}{} directly
checkRd: (-1) word_stats.Rd:58: Lost braces in \itemize; \value handles \item{}{} directly
checkRd: (-1) word_stats.Rd:59: Lost braces in \itemize; \value handles \item{}{} directly
checkRd: (-1) word_stats.Rd:60: Lost braces in \itemize; \value handles \item{}{} directly
checkRd: (-1) word_stats.Rd:61: Lost braces in \itemize; \value handles \item{}{} directly
checkRd: (-1) word_stats.Rd:62: Lost braces in \itemize; \value handles \item{}{} directly
checkRd: (-1) word_stats.Rd:63: Lost braces in \itemize; \value handles \item{}{} directly
checkRd: (-1) word_stats.Rd:64: Lost braces in \itemize; \value handles \item{}{} directly
checkRd: (-1) word_stats.Rd:65: Lost braces in \itemize; \value handles \item{}{} directly
checkRd: (-1) word_stats.Rd:66: Lost braces in \itemize; \value handles \item{}{} directly
checkRd: (-1) word_stats.Rd:67: Lost braces in \itemize; \value handles \item{}{} directly
checkRd: (-1) word_stats.Rd:68: Lost braces in \itemize; \value handles \item{}{} directly
checkRd: (-1) word_stats.Rd:69: Lost braces in \itemize; \value handles \item{}{} directly
checkRd: (-1) word_stats.Rd:70: Lost braces in \itemize; \value handles \item{}{} directly
checkRd: (-1) word_stats.Rd:71: Lost braces in \itemize; \value handles \item{}{} directly
checkRd: (-1) word_stats.Rd:72: Lost braces in \itemize; \value handles \item{}{} directly
checkRd: (-1) word_stats.Rd:73: Lost braces in \itemize; \value handles \item{}{} directly
checkRd: (-1) word_stats.Rd:74: Lost braces in \itemize; \value handles \item{}{} directly
checkRd: (-1) word_stats.Rd:75: Lost braces in \itemize; \value handles \item{}{} directly
checkRd: (-1) word_stats.Rd:76: Lost braces in \itemize; \value handles \item{}{} directly
checkRd: (-1) word_stats.Rd:77: Lost braces in \itemize; \value handles \item{}{} directly
checkRd: (-1) word_stats.Rd:78: Lost braces in \itemize; \value handles \item{}{} directly
checkRd: (-1) word_stats.Rd:79: Lost braces in \itemize; \value handles \item{}{} directly
Flavors: r-devel-linux-x86_64-debian-clang, r-devel-linux-x86_64-debian-gcc, r-devel-linux-x86_64-fedora-clang, r-devel-linux-x86_64-fedora-gcc, r-devel-windows-x86_64, r-patched-linux-x86_64, r-release-linux-x86_64, r-release-macos-arm64, r-release-macos-x86_64, r-release-windows-x86_64, r-oldrel-macos-arm64, r-oldrel-macos-x86_64, r-oldrel-windows-x86_64
Version: 2.4.6
Check: tests
Result: ERROR
Running ‘testthat.R’ [20s/22s]
Running the tests in ‘tests/testthat.R’ failed.
Complete output:
> library("testthat")
> library("qdap")
Loading required package: qdapDictionaries
Loading required package: qdapRegex
Loading required package: qdapTools
Loading required package: RColorBrewer
Attaching package: 'qdap'
The following objects are masked from 'package:base':
Filter, proportions
>
>
> test_check("qdap")
|
| | 0%
|
|====== | 9%
|
|============= | 18%
|
|=================== | 27%
|
|========================= | 36%
|
|================================ | 45%
|
|====================================== | 55%
|
|============================================= | 64%
|
|=================================================== | 73%
|
|========================================================= | 82%
|
|================================================================ | 91%
|
|======================================================================| 100%
|
| | 0%
|
|====== | 9%
|
|============= | 18%
|
|=================== | 27%
|
|========================= | 36%
|
|================================ | 45%
|
|====================================== | 55%
|
|============================================= | 64%
|
|=================================================== | 73%
|
|========================================================= | 82%
|
|================================================================ | 91%
|
|======================================================================| 100%
[ FAIL 1 | WARN 3 | SKIP 0 | PASS 217 ]
══ Failed tests ════════════════════════════════════════════════════════════════
── Failure ('test-dispersion_plot.R:6:5'): dispersion_plot outputs a ggplot object ──
all(class(m) == c("gg", "ggplot")) is not TRUE
`actual`: FALSE
`expected`: TRUE
[ FAIL 1 | WARN 3 | SKIP 0 | PASS 217 ]
Error: Test failures
Execution halted
Flavor: r-devel-linux-x86_64-debian-clang
Version: 2.4.6
Check: tests
Result: ERROR
Running ‘testthat.R’ [15s/14s]
Running the tests in ‘tests/testthat.R’ failed.
Complete output:
> library("testthat")
> library("qdap")
Loading required package: qdapDictionaries
Loading required package: qdapRegex
Loading required package: qdapTools
Loading required package: RColorBrewer
Attaching package: 'qdap'
The following objects are masked from 'package:base':
Filter, proportions
>
>
> test_check("qdap")
|
| | 0%
|
|====== | 9%
|
|============= | 18%
|
|=================== | 27%
|
|========================= | 36%
|
|================================ | 45%
|
|====================================== | 55%
|
|============================================= | 64%
|
|=================================================== | 73%
|
|========================================================= | 82%
|
|================================================================ | 91%
|
|======================================================================| 100%
|
| | 0%
|
|====== | 9%
|
|============= | 18%
|
|=================== | 27%
|
|========================= | 36%
|
|================================ | 45%
|
|====================================== | 55%
|
|============================================= | 64%
|
|=================================================== | 73%
|
|========================================================= | 82%
|
|================================================================ | 91%
|
|======================================================================| 100%
[ FAIL 1 | WARN 3 | SKIP 0 | PASS 217 ]
══ Failed tests ════════════════════════════════════════════════════════════════
── Failure ('test-dispersion_plot.R:6:5'): dispersion_plot outputs a ggplot object ──
all(class(m) == c("gg", "ggplot")) is not TRUE
`actual`: FALSE
`expected`: TRUE
[ FAIL 1 | WARN 3 | SKIP 0 | PASS 217 ]
Error: Test failures
Execution halted
Flavor: r-devel-linux-x86_64-debian-gcc
Version: 2.4.6
Check: HTML version of manual
Result: NOTE
Found the following HTML validation problems:
Title.html:52:1 (Title.Rd:15): Warning: missing </ul> before </div>
addNetwork.html:51:1 (addNetwork.Rd:12): Warning: missing </ul> before </div>
common.list.html:61:1 (common.list.Rd:18): Warning: missing </ul> before </div>
counts.automated_readability_index.html:52:1 (counts.automated_readability_index.Rd:13): Warning: missing </ul> before </div>
cumulative.html:84:1 (cumulative.Rd:46): Warning: missing </ul> before </div>
plot.Network.html:51:1 (plot.Network.Rd:12): Warning: missing </ul> before </div>
plot.SMOG.html:51:1 (plot.SMOG.Rd:12): Warning: missing </ul> before </div>
plot.animated_character.html:51:1 (plot.animated_character.Rd:12): Warning: missing </ul> before </div>
plot.animated_discourse_map.html:51:1 (plot.animated_discourse_map.Rd:12): Warning: missing </ul> before </div>
plot.animated_formality.html:51:1 (plot.animated_formality.Rd:12): Warning: missing </ul> before </div>
plot.animated_lexical_classification.html:51:1 (plot.animated_lexical_classification.Rd:12): Warning: missing </ul> before </div>
plot.animated_polarity.html:51:1 (plot.animated_polarity.Rd:12): Warning: missing </ul> before </div>
plot.automated_readability_index.html:51:1 (plot.automated_readability_index.Rd:12): Warning: missing </ul> before </div>
plot.character_table.html:80:1 (plot.character_table.Rd:33): Warning: missing </ul> before </div>
plot.cmspans.html:63:1 (plot.cmspans.Rd:18): Warning: missing </ul> before </div>
plot.coleman_liau.html:51:1 (plot.coleman_liau.Rd:12): Warning: missing </ul> before </div>
plot.combo_syllable_sum.html:51:1 (plot.combo_syllable_sum.Rd:12): Warning: missing </ul> before </div>
plot.cumulative_animated_formality.html:51:1 (plot.cumulative_animated_formality.Rd:12): Warning: missing </ul> before </div>
plot.cumulative_animated_lexical_classification.html:51:1 (plot.cumulative_animated_lexical_classification.Rd:12): Warning: missing </ul> before </div>
plot.cumulative_animated_polarity.html:51:1 (plot.cumulative_animated_polarity.Rd:12): Warning: missing </ul> before </div>
plot.cumulative_combo_syllable_sum.html:51:1 (plot.cumulative_combo_syllable_sum.Rd:12): Warning: missing </ul> before </div>
plot.cumulative_end_mark.html:51:1 (plot.cumulative_end_mark.Rd:12): Warning: missing </ul> before </div>
plot.cumulative_formality.html:51:1 (plot.cumulative_formality.Rd:12): Warning: missing </ul> before </div>
plot.cumulative_lexical_classification.html:51:1 (plot.cumulative_lexical_classification.Rd:12): Warning: missing </ul> before </div>
plot.cumulative_polarity.html:51:1 (plot.cumulative_polarity.Rd:12): Warning: missing </ul> before </div>
plot.cumulative_syllable_freq.html:51:1 (plot.cumulative_syllable_freq.Rd:12): Warning: missing </ul> before </div>
plot.discourse_map.html:51:1 (plot.discourse_map.Rd:12): Warning: missing </ul> before </div>
plot.diversity.html:51:1 (plot.diversity.Rd:12): Warning: missing </ul> before </div>
plot.end_mark.html:51:1 (plot.end_mark.Rd:12): Warning: missing </ul> before </div>
plot.end_mark_by.html:56:1 (plot.end_mark_by.Rd:15): Warning: missing </ul> before </div>
plot.end_mark_by_count.html:56:1 (plot.end_mark_by_count.Rd:15): Warning: missing </ul> before </div>
plot.end_mark_by_preprocessed.html:55:1 (plot.end_mark_by_preprocessed.Rd:14): Warning: missing </ul> before </div>
plot.end_mark_by_proportion.html:56:1 (plot.end_mark_by_proportion.Rd:15): Warning: missing </ul> before </div>
plot.end_mark_by_score.html:56:1 (plot.end_mark_by_score.Rd:15): Warning: missing </ul> before </div>
plot.flesch_kincaid.html:51:1 (plot.flesch_kincaid.Rd:12): Warning: missing </ul> before </div>
plot.formality_scores.html:51:1 (plot.formality_scores.Rd:12): Warning: missing </ul> before </div>
plot.freq_terms.html:57:1 (plot.freq_terms.Rd:16): Warning: missing </ul> before </div>
plot.gantt.html:61:1 (plot.gantt.Rd:18): Warning: missing </ul> before </div>
plot.kullback_leibler.html:55:1 (plot.kullback_leibler.Rd:14): Warning: missing </ul> before </div>
plot.lexical.html:79:1 (plot.lexical.Rd:30): Warning: missing </ul> before </div>
plot.lexical_classification_preprocessed.html:67:1 (plot.lexical_classification_preprocessed.Rd:20): Warning: missing </ul> before </div>
plot.lexical_classification_score.html:69:1 (plot.lexical_classification_score.Rd:24): Warning: missing </ul> before </div>
plot.linsear_write.html:56:1 (plot.linsear_write.Rd:15): Warning: missing </ul> before </div>
plot.linsear_write_count.html:51:1 (plot.linsear_write_count.Rd:12): Warning: missing </ul> before </div>
plot.linsear_write_scores.html:56:1 (plot.linsear_write_scores.Rd:15): Warning: missing </ul> before </div>
plot.object_pronoun_type.html:57:1 (plot.object_pronoun_type.Rd:16): Warning: missing </ul> before </div>
plot.polarity_score.html:69:1 (plot.polarity_score.Rd:24): Warning: missing </ul> before </div>
plot.pos.html:51:1 (plot.pos.Rd:12): Warning: missing </ul> before </div>
plot.pos_by.html:79:1 (plot.pos_by.Rd:32): Warning: missing </ul> before </div>
plot.pos_preprocessed.html:51:1 (plot.pos_preprocessed.Rd:12): Warning: missing </ul> before </div>
plot.pronoun_type.html:57:1 (plot.pronoun_type.Rd:16): Warning: missing </ul> before </div>
plot.question_type.html:79:1 (plot.question_type.Rd:32): Warning: missing </ul> before </div>
plot.question_type_preprocessed.html:51:1 (plot.question_type_preprocessed.Rd:12): Warning: missing </ul> before </div>
plot.readability_count.html:55:1 (plot.readability_count.Rd:14): Warning: missing </ul> before </div>
plot.readability_score.html:72:1 (plot.readability_score.Rd:25): Warning: missing </ul> before </div>
plot.rmgantt.html:60:1 (plot.rmgantt.Rd:17): Warning: missing </ul> before </div>
plot.sent_split.html:62:1 (plot.sent_split.Rd:19): Warning: missing </ul> before </div>
plot.subject_pronoun_type.html:57:1 (plot.subject_pronoun_type.Rd:16): Warning: missing </ul> before </div>
plot.sums_gantt.html:61:1 (plot.sums_gantt.Rd:18): Warning: missing </ul> before </div>
plot.syllable_freq.html:51:1 (plot.syllable_freq.Rd:12): Warning: missing </ul> before </div>
plot.table_count.html:60:1 (plot.table_count.Rd:17): Warning: missing </ul> before </div>
plot.table_proportion.html:60:1 (plot.table_proportion.Rd:17): Warning: missing </ul> before </div>
plot.table_score.html:60:1 (plot.table_score.Rd:17): Warning: missing </ul> before </div>
plot.termco.html:79:1 (plot.termco.Rd:32): Warning: missing </ul> before </div>
plot.type_token_ratio.html:51:1 (plot.type_token_ratio.Rd:12): Warning: missing </ul> before </div>
plot.weighted_wfm.html:88:1 (plot.weighted_wfm.Rd:37): Warning: missing </ul> before </div>
plot.wfdf.html:51:1 (plot.wfdf.Rd:12): Warning: missing </ul> before </div>
plot.wfm.html:88:1 (plot.wfm.Rd:37): Warning: missing </ul> before </div>
plot.word_cor.html:90:1 (plot.word_cor.Rd:39): Warning: missing </ul> before </div>
plot.word_length.html:79:1 (plot.word_length.Rd:32): Warning: missing </ul> before </div>
plot.word_position.html:62:1 (plot.word_position.Rd:19): Warning: missing </ul> before </div>
plot.word_proximity.html:81:1 (plot.word_proximity.Rd:32): Warning: missing </ul> before </div>
plot.word_stats.html:61:1 (plot.word_stats.Rd:18): Warning: missing </ul> before </div>
plot.word_stats_counts.html:55:1 (plot.word_stats_counts.Rd:14): Warning: missing </ul> before </div>
power.html:63:1 (power.Rd:20): Warning: missing </ul> before </div>
print.Dissimilarity.html:55:1 (print.Dissimilarity.Rd:14): Warning: missing </ul> before </div>
print.SMOG.html:55:1 (print.SMOG.Rd:14): Warning: missing </ul> before </div>
print.adjacency_matrix.html:51:1 (print.adjacency_matrix.Rd:12): Warning: missing </ul> before </div>
print.all_words.html:51:1 (print.all_words.Rd:12): Warning: missing </ul> before </div>
print.animated_character.html:55:1 (print.animated_character.Rd:14): Warning: missing </ul> before </div>
print.animated_discourse_map.html:74:1 (print.animated_discourse_map.Rd:27): Warning: missing </ul> before </div>
print.animated_formality.html:97:1 (print.animated_formality.Rd:42): Warning: missing </ul> before </div>
print.animated_lexical_classification.html:97:1 (print.animated_lexical_classification.Rd:42): Warning: missing </ul> before </div>
print.animated_polarity.html:97:1 (print.animated_polarity.Rd:42): Warning: missing </ul> before </div>
print.automated_readability_index.html:55:1 (print.automated_readability_index.Rd:14): Warning: missing </ul> before </div>
print.boolean_qdap.html:51:1 (print.boolean_qdap.Rd:12): Warning: missing </ul> before </div>
print.character_table.html:68:1 (print.character_table.Rd:23): Warning: missing </ul> before </div>
print.check_spelling.html:51:1 (print.check_spelling.Rd:12): Warning: missing </ul> before </div>
print.check_spelling_interactive.html:51:1 (print.check_spelling_interactive.Rd:12): Warning: missing </ul> before </div>
print.check_text.html:61:1 (print.check_text.Rd:18): Warning: missing </ul> before </div>
print.cm_distance.html:100:1 (print.cm_distance.Rd:45): Warning: missing </ul> before </div>
print.coleman_liau.html:55:1 (print.coleman_liau.Rd:14): Warning: missing </ul> before </div>
print.colsplit2df.html:51:1 (print.colsplit2df.Rd:12): Warning: missing </ul> before </div>
print.combo_syllable_sum.html:51:1 (print.combo_syllable_sum.Rd:12): Warning: missing </ul> before </div>
print.cumulative_animated_formality.html:51:1 (print.cumulative_animated_formality.Rd:12): Warning: missing </ul> before </div>
print.cumulative_animated_lexical_classification.html:51:1 (print.cumulative_animated_lexical_classification.Rd:12): Warning: missing </ul> before </div>
print.cumulative_animated_polarity.html:51:1 (print.cumulative_animated_polarity.Rd:12): Warning: missing </ul> before </div>
print.cumulative_combo_syllable_sum.html:51:1 (print.cumulative_combo_syllable_sum.Rd:12): Warning: missing </ul> before </div>
print.cumulative_end_mark.html:51:1 (print.cumulative_end_mark.Rd:12): Warning: missing </ul> before </div>
print.cumulative_formality.html:51:1 (print.cumulative_formality.Rd:12): Warning: missing </ul> before </div>
print.cumulative_lexical_classification.html:51:1 (print.cumulative_lexical_classification.Rd:12): Warning: missing </ul> before </div>
print.cumulative_polarity.html:51:1 (print.cumulative_polarity.Rd:12): Warning: missing </ul> before </div>
print.cumulative_syllable_freq.html:51:1 (print.cumulative_syllable_freq.Rd:12): Warning: missing </ul> before </div>
print.discourse_map.html:59:1 (print.discourse_map.Rd:16): Warning: missing </ul> before </div>
print.diversity.html:55:1 (print.diversity.Rd:14): Warning: missing </ul> before </div>
print.end_mark.html:51:1 (print.end_mark.Rd:12): Warning: missing </ul> before </div>
print.end_mark_by.html:51:1 (print.end_mark_by.Rd:12): Warning: missing </ul> before </div>
print.end_mark_by_preprocessed.html:51:1 (print.end_mark_by_preprocessed.Rd:12): Warning: missing </ul> before </div>
print.flesch_kincaid.html:55:1 (print.flesch_kincaid.Rd:14): Warning: missing </ul> before </div>
print.formality.html:55:1 (print.formality.Rd:14): Warning: missing </ul> before </div>
print.formality_scores.html:51:1 (print.formality_scores.Rd:12): Warning: missing </ul> before </div>
print.fry.html:74:1 (print.fry.Rd:25): Warning: missing </ul> before </div>
print.inspect_text.html:57:1 (print.inspect_text.Rd:16): Warning: missing </ul> before </div>
print.kullback_leibler.html:55:1 (print.kullback_leibler.Rd:14): Warning: missing </ul> before </div>
print.lexical_classification.html:52:1 (print.lexical_classification.Rd:13): Warning: missing </ul> before </div>
print.lexical_classification_by.html:65:1 (print.lexical_classification_by.Rd:20): Warning: missing </ul> before </div>
print.lexical_classification_preprocessed.html:51:1 (print.lexical_classification_preprocessed.Rd:12): Warning: missing </ul> before </div>
print.lexical_classification_score.html:55:1 (print.lexical_classification_score.Rd:14): Warning: missing </ul> before </div>
print.linsear_write.html:55:1 (print.linsear_write.Rd:14): Warning: missing </ul> before </div>
print.linsear_write_count.html:55:1 (print.linsear_write_count.Rd:14): Warning: missing </ul> before </div>
print.linsear_write_scores.html:55:1 (print.linsear_write_scores.Rd:14): Warning: missing </ul> before </div>
print.ngrams.html:51:1 (print.ngrams.Rd:12): Warning: missing </ul> before </div>
print.object_pronoun_type.html:51:1 (print.object_pronoun_type.Rd:12): Warning: missing </ul> before </div>
print.phrase_net.html:55:1 (print.phrase_net.Rd:14): Warning: missing </ul> before </div>
print.polarity.html:55:1 (print.polarity.Rd:14): Warning: missing </ul> before </div>
print.polarity_count.html:55:1 (print.polarity_count.Rd:14): Warning: missing </ul> before </div>
print.polarity_score.html:55:1 (print.polarity_score.Rd:14): Warning: missing </ul> before </div>
print.polysyllable_sum.html:51:1 (print.polysyllable_sum.Rd:12): Warning: missing </ul> before </div>
print.pos.html:67:1 (print.pos.Rd:22): Warning: missing </ul> before </div>
print.pos_by.html:67:1 (print.pos_by.Rd:22): Warning: missing </ul> before </div>
print.pos_preprocessed.html:51:1 (print.pos_preprocessed.Rd:12): Warning: missing </ul> before </div>
print.pronoun_type.html:51:1 (print.pronoun_type.Rd:12): Warning: missing </ul> before </div>
print.qdapProj.html:51:1 (print.qdapProj.Rd:12): Warning: missing </ul> before </div>
print.qdap_context.html:85:1 (print.qdap_context.Rd:36): Warning: missing </ul> before </div>
print.question_type.html:51:1 (print.question_type.Rd:12): Warning: missing </ul> before </div>
print.question_type_preprocessed.html:51:1 (print.question_type_preprocessed.Rd:12): Warning: missing </ul> before </div>
print.readability_count.html:55:1 (print.readability_count.Rd:14): Warning: missing </ul> before </div>
print.readability_score.html:55:1 (print.readability_score.Rd:14): Warning: missing </ul> before </div>
print.sent_split.html:51:1 (print.sent_split.Rd:12): Warning: missing </ul> before </div>
print.sub_holder.html:51:1 (print.sub_holder.Rd:12): Warning: missing </ul> before </div>
print.subject_pronoun_type.html:51:1 (print.subject_pronoun_type.Rd:12): Warning: missing </ul> before </div>
print.sum_cmspans.html:56:1 (print.sum_cmspans.Rd:15): Warning: missing </ul> before </div>
print.sums_gantt.html:51:1 (print.sums_gantt.Rd:12): Warning: missing </ul> before </div>
print.syllable_sum.html:51:1 (print.syllable_sum.Rd:12): Warning: missing </ul> before </div>
print.table_count.html:51:1 (print.table_count.Rd:12): Warning: missing </ul> before </div>
print.table_proportion.html:51:1 (print.table_proportion.Rd:12): Warning: missing </ul> before </div>
print.table_score.html:51:1 (print.table_score.Rd:12): Warning: missing </ul> before </div>
print.termco.html:67:1 (print.termco.Rd:22): Warning: missing </ul> before </div>
print.trunc.html:51:1 (print.trunc.Rd:12): Warning: missing </ul> before </div>
print.type_token_ratio.html:55:1 (print.type_token_ratio.Rd:14): Warning: missing </ul> before </div>
print.wfm.html:60:1 (print.wfm.Rd:17): Warning: missing </ul> before </div>
print.wfm_summary.html:51:1 (print.wfm_summary.Rd:12): Warning: missing </ul> before </div>
print.which_misspelled.html:51:1 (print.which_misspelled.Rd:12): Warning: missing </ul> before </div>
print.word_associate.html:51:1 (print.word_associate.Rd:12): Warning: missing </ul> before </div>
print.word_cor.html:55:1 (print.word_cor.Rd:14): Warning: missing </ul> before </div>
print.word_length.html:51:1 (print.word_length.Rd:12): Warning: missing </ul> before </div>
print.word_list.html:51:1 (print.word_list.Rd:12): Warning: missing </ul> before </div>
print.word_position.html:51:1 (print.word_position.Rd:12): Warning: missing </ul> before </div>
print.word_proximity.html:55:1 (print.word_proximity.Rd:14): Warning: missing </ul> before </div>
print.word_stats.html:56:1 (print.word_stats.Rd:15): Warning: missing </ul> before </div>
print.word_stats_counts.html:51:1 (print.word_stats_counts.Rd:12): Warning: missing </ul> before </div>
Flavor: r-devel-linux-x86_64-debian-gcc
Version: 2.4.6
Check: tests
Result: ERROR
Running ‘testthat.R’ [33s/43s]
Running the tests in ‘tests/testthat.R’ failed.
Complete output:
> library("testthat")
> library("qdap")
Loading required package: qdapDictionaries
Loading required package: qdapRegex
Loading required package: qdapTools
Loading required package: RColorBrewer
Attaching package: 'qdap'
The following objects are masked from 'package:base':
Filter, proportions
>
>
> test_check("qdap")
|
| | 0%
|
|====== | 9%
|
|============= | 18%
|
|=================== | 27%
|
|========================= | 36%
|
|================================ | 45%
|
|====================================== | 55%
|
|============================================= | 64%
|
|=================================================== | 73%
|
|========================================================= | 82%
|
|================================================================ | 91%
|
|======================================================================| 100%
|
| | 0%
|
|====== | 9%
|
|============= | 18%
|
|=================== | 27%
|
|========================= | 36%
|
|================================ | 45%
|
|====================================== | 55%
|
|============================================= | 64%
|
|=================================================== | 73%
|
|========================================================= | 82%
|
|================================================================ | 91%
|
|======================================================================| 100%
[ FAIL 1 | WARN 3 | SKIP 0 | PASS 217 ]
══ Failed tests ════════════════════════════════════════════════════════════════
── Failure ('test-dispersion_plot.R:6:5'): dispersion_plot outputs a ggplot object ──
all(class(m) == c("gg", "ggplot")) is not TRUE
`actual`: FALSE
`expected`: TRUE
[ FAIL 1 | WARN 3 | SKIP 0 | PASS 217 ]
Error: Test failures
Execution halted
Flavor: r-devel-linux-x86_64-fedora-clang
Version: 2.4.6
Check: tests
Result: ERROR
Running ‘testthat.R’ [31s/31s]
Running the tests in ‘tests/testthat.R’ failed.
Complete output:
> library("testthat")
> library("qdap")
Loading required package: qdapDictionaries
Loading required package: qdapRegex
Loading required package: qdapTools
Loading required package: RColorBrewer
Attaching package: 'qdap'
The following objects are masked from 'package:base':
Filter, proportions
>
>
> test_check("qdap")
|
| | 0%
|
|====== | 9%
|
|============= | 18%
|
|=================== | 27%
|
|========================= | 36%
|
|================================ | 45%
|
|====================================== | 55%
|
|============================================= | 64%
|
|=================================================== | 73%
|
|========================================================= | 82%
|
|================================================================ | 91%
|
|======================================================================| 100%
|
| | 0%
|
|====== | 9%
|
|============= | 18%
|
|=================== | 27%
|
|========================= | 36%
|
|================================ | 45%
|
|====================================== | 55%
|
|============================================= | 64%
|
|=================================================== | 73%
|
|========================================================= | 82%
|
|================================================================ | 91%
|
|======================================================================| 100%
[ FAIL 1 | WARN 3 | SKIP 0 | PASS 217 ]
══ Failed tests ════════════════════════════════════════════════════════════════
── Failure ('test-dispersion_plot.R:6:5'): dispersion_plot outputs a ggplot object ──
all(class(m) == c("gg", "ggplot")) is not TRUE
`actual`: FALSE
`expected`: TRUE
[ FAIL 1 | WARN 3 | SKIP 0 | PASS 217 ]
Error: Test failures
Execution halted
Flavor: r-devel-linux-x86_64-fedora-gcc
Version: 2.4.6
Check: tests
Result: ERROR
Running 'testthat.R' [19s]
Running the tests in 'tests/testthat.R' failed.
Complete output:
> library("testthat")
> library("qdap")
Loading required package: qdapDictionaries
Loading required package: qdapRegex
Loading required package: qdapTools
Loading required package: RColorBrewer
Attaching package: 'qdap'
The following objects are masked from 'package:base':
Filter, proportions
>
>
> test_check("qdap")
[ FAIL 1 | WARN 3 | SKIP 0 | PASS 217 ]
══ Failed tests ════════════════════════════════════════════════════════════════
── Failure ('test-dispersion_plot.R:6:5'): dispersion_plot outputs a ggplot object ──
all(class(m) == c("gg", "ggplot")) is not TRUE
`actual`: FALSE
`expected`: TRUE
[ FAIL 1 | WARN 3 | SKIP 0 | PASS 217 ]
Error: Test failures
Execution halted
Flavors: r-devel-windows-x86_64, r-release-windows-x86_64
Version: 2.4.6
Check: tests
Result: ERROR
Running ‘testthat.R’ [20s/17s]
Running the tests in ‘tests/testthat.R’ failed.
Complete output:
> library("testthat")
> library("qdap")
Loading required package: qdapDictionaries
Loading required package: qdapRegex
Loading required package: qdapTools
Loading required package: RColorBrewer
Attaching package: 'qdap'
The following objects are masked from 'package:base':
Filter, proportions
>
>
> test_check("qdap")
|
| | 0%
|
|====== | 9%
|
|============= | 18%
|
|=================== | 27%
|
|========================= | 36%
|
|================================ | 45%
|
|====================================== | 55%
|
|============================================= | 64%
|
|=================================================== | 73%
|
|========================================================= | 82%
|
|================================================================ | 91%
|
|======================================================================| 100%
|
| | 0%
|
|====== | 9%
|
|============= | 18%
|
|=================== | 27%
|
|========================= | 36%
|
|================================ | 45%
|
|====================================== | 55%
|
|============================================= | 64%
|
|=================================================== | 73%
|
|========================================================= | 82%
|
|================================================================ | 91%
|
|======================================================================| 100%
[ FAIL 1 | WARN 3 | SKIP 0 | PASS 217 ]
══ Failed tests ════════════════════════════════════════════════════════════════
── Failure ('test-dispersion_plot.R:6:5'): dispersion_plot outputs a ggplot object ──
all(class(m) == c("gg", "ggplot")) is not TRUE
`actual`: FALSE
`expected`: TRUE
[ FAIL 1 | WARN 3 | SKIP 0 | PASS 217 ]
Error: Test failures
Execution halted
Flavors: r-patched-linux-x86_64, r-release-linux-x86_64
Version: 2.4.6
Check: tests
Result: ERROR
Running 'testthat.R' [26s]
Running the tests in 'tests/testthat.R' failed.
Complete output:
> library("testthat")
> library("qdap")
Loading required package: qdapDictionaries
Loading required package: qdapRegex
Loading required package: qdapTools
Loading required package: RColorBrewer
Attaching package: 'qdap'
The following objects are masked from 'package:base':
Filter, proportions
>
>
> test_check("qdap")
[ FAIL 1 | WARN 3 | SKIP 0 | PASS 217 ]
══ Failed tests ════════════════════════════════════════════════════════════════
── Failure ('test-dispersion_plot.R:6:5'): dispersion_plot outputs a ggplot object ──
all(class(m) == c("gg", "ggplot")) is not TRUE
`actual`: FALSE
`expected`: TRUE
[ FAIL 1 | WARN 3 | SKIP 0 | PASS 217 ]
Error: Test failures
Execution halted
Flavor: r-oldrel-windows-x86_64