Last updated on 2025-10-21 09:48:42 CEST.
Flavor | Version | Tinstall | Tcheck | Ttotal | Status | Flags |
---|---|---|---|---|---|---|
r-devel-linux-x86_64-debian-clang | 1.4 | 12.98 | 95.61 | 108.59 | OK | |
r-devel-linux-x86_64-debian-gcc | 1.4 | 9.14 | 66.96 | 76.10 | NOTE | |
r-devel-linux-x86_64-fedora-clang | 1.4 | 178.51 | OK | |||
r-devel-linux-x86_64-fedora-gcc | 1.4 | 158.34 | OK | |||
r-devel-windows-x86_64 | 1.4 | 13.00 | 109.00 | 122.00 | OK | |
r-patched-linux-x86_64 | 1.4 | 13.58 | 91.82 | 105.40 | OK | |
r-release-linux-x86_64 | 1.4 | 12.33 | 92.71 | 105.04 | OK | |
r-release-macos-arm64 | 1.4 | 48.00 | OK | |||
r-release-macos-x86_64 | 1.4 | 90.00 | OK | |||
r-release-windows-x86_64 | 1.4 | 15.00 | 112.00 | 127.00 | OK | |
r-oldrel-macos-arm64 | 1.4 | 44.00 | OK | |||
r-oldrel-macos-x86_64 | 1.4 | 68.00 | OK | |||
r-oldrel-windows-x86_64 | 1.4 | 20.00 | 136.00 | 156.00 | OK |
Version: 1.4
Check: HTML version of manual
Result: NOTE
Found the following HTML validation problems:
mqcs.html:58:1 (mqcs.Rd:19): Warning: missing </ul> before </div>
mqcs.add.html:57:1 (mqcs.add.Rd:17): Warning: missing </ul> before </div>
npqcs.html:57:1 (npqcs.Rd:17): Warning: missing </ul> before </div>
npqcs.add.html:57:1 (npqcs.add.Rd:17): Warning: missing </ul> before </div>
plot.fdqcs.depth.html:103:1 (plot.fdqcs.depth.Rd:47): Warning: missing </ul> before </div>
plot.mqcs.html:105:1 (plot.mqcs.Rd:55): Warning: missing </ul> before </div>
plot.npqcs.html:109:1 (plot.npqcs.Rd:57): Warning: missing </ul> before </div>
plot.qcs.html:250:1 (plot.qcs.Rd:188): Warning: missing </ul> before </div>
qcd.html:95:1 (qcd.Rd:43): Warning: missing </ul> before </div>
qcs.add.html:81:1 (qcs.add.Rd:35): Warning: missing </ul> before </div>
Flavor: r-devel-linux-x86_64-debian-gcc