Last updated on 2025-10-21 09:48:42 CEST.
Flavor | Version | Tinstall | Tcheck | Ttotal | Status | Flags |
---|---|---|---|---|---|---|
r-devel-linux-x86_64-debian-clang | 0.18.0 | 9.27 | 558.85 | 568.12 | OK | |
r-devel-linux-x86_64-debian-gcc | 0.18.0 | 5.12 | 349.53 | 354.65 | NOTE | |
r-devel-linux-x86_64-fedora-clang | 0.18.0 | 942.20 | OK | |||
r-devel-linux-x86_64-fedora-gcc | 0.18.0 | 882.49 | OK | |||
r-devel-windows-x86_64 | 0.18.0 | 10.00 | 337.00 | 347.00 | OK | |
r-patched-linux-x86_64 | 0.18.0 | 11.36 | 530.94 | 542.30 | OK | |
r-release-linux-x86_64 | 0.18.0 | 8.61 | 525.31 | 533.92 | OK | |
r-release-macos-arm64 | 0.18.0 | 146.00 | OK | |||
r-release-macos-x86_64 | 0.18.0 | 278.00 | OK | |||
r-release-windows-x86_64 | 0.18.0 | 15.00 | 338.00 | 353.00 | OK | |
r-oldrel-macos-arm64 | 0.18.0 | 163.00 | OK | |||
r-oldrel-macos-x86_64 | 0.18.0 | 312.00 | OK | |||
r-oldrel-windows-x86_64 | 0.18.0 | 14.00 | 470.00 | 484.00 | OK |
Version: 0.18.0
Check: HTML version of manual
Result: NOTE
Found the following HTML validation problems:
add_totals_to_df.html:64:1 (add_totals_to_df.Rd:19): Warning: missing </ul> before </div>
create_dummy_tibbles.html:46:1 (create_dummy_tibbles.Rd:10): Warning: missing </ul> before </div>
extract_section.html:54:1 (extract_section.Rd:14): Warning: missing </ul> before </div>
get_section.html:50:1 (get_section.Rd:12): Warning: missing </ul> before </div>
return_px.html:46:1 (return_px.Rd:10): Warning: missing </ul> before </div>
section_interval.html:50:1 (section_interval.Rd:12): Warning: missing </ul> before </div>
Flavor: r-devel-linux-x86_64-debian-gcc