Last updated on 2025-10-21 09:48:42 CEST.
Flavor | Version | Tinstall | Tcheck | Ttotal | Status | Flags |
---|---|---|---|---|---|---|
r-devel-linux-x86_64-debian-clang | 1.3.3 | 2.84 | 151.34 | 154.18 | OK | |
r-devel-linux-x86_64-debian-gcc | 1.3.3 | 2.32 | 95.26 | 97.58 | NOTE | |
r-devel-linux-x86_64-fedora-clang | 1.3.3 | 247.87 | OK | |||
r-devel-linux-x86_64-fedora-gcc | 1.3.3 | 265.71 | OK | |||
r-devel-windows-x86_64 | 1.3.3 | 5.00 | 156.00 | 161.00 | OK | |
r-patched-linux-x86_64 | 1.3.3 | 4.17 | 147.63 | 151.80 | OK | |
r-release-linux-x86_64 | 1.3.3 | 3.05 | 147.42 | 150.47 | OK | |
r-release-macos-arm64 | 1.3.3 | 78.00 | OK | |||
r-release-macos-x86_64 | 1.3.3 | 175.00 | OK | |||
r-release-windows-x86_64 | 1.3.3 | 5.00 | 156.00 | 161.00 | OK | |
r-oldrel-macos-arm64 | 1.3.3 | 74.00 | OK | |||
r-oldrel-macos-x86_64 | 1.3.3 | 185.00 | OK | |||
r-oldrel-windows-x86_64 | 1.3.3 | 8.00 | 206.00 | 214.00 | OK |
Version: 1.3.3
Check: HTML version of manual
Result: NOTE
Found the following HTML validation problems:
calc_STG.html:89:1 (calc_STG.Rd:39): Warning: missing </ul> before </div>
empirical_TE.html:50:1 (empirical_TE.Rd:12): Warning: missing </ul> before </div>
empirical_VE.html:50:1 (empirical_VE.Rd:12): Warning: missing </ul> before </div>
expand_augdata.html:54:1 (expand_augdata.Rd:14): Warning: missing </ul> before </div>
generate_example_data.html:46:1 (generate_example_data.Rd:10): Warning: missing </ul> before </div>
integrate_bivnorm.html:63:1 (integrate_bivnorm.Rd:16): Warning: missing </ul> before </div>
integrate_nonparametric.html:53:1 (integrate_nonparametric.Rd:15): Warning: missing </ul> before </div>
integrate_parametric.html:58:1 (integrate_parametric.Rd:18): Warning: missing </ul> before </div>
integrate_semiparametric.html:58:1 (integrate_semiparametric.Rd:18): Warning: missing </ul> before </div>
plot.psdesign.html:117:1 (plot.psdesign.Rd:57): Warning: missing </ul> before </div>
plus-.ps.html:70:1 (plus-.ps.Rd:23): Warning: missing </ul> before </div>
print.psdesign.html:59:1 (print.psdesign.Rd:16): Warning: missing </ul> before </div>
ps_bootstrap.html:75:1 (ps_bootstrap.Rd:29): Warning: missing </ul> before </div>
ps_estimate.html:61:1 (ps_estimate.Rd:19): Warning: missing </ul> before </div>
psdesign.html:111:1 (psdesign.Rd:48): Warning: missing </ul> before </div>
pseudo_score.html:58:1 (pseudo_score.Rd:16): Warning: missing </ul> before </div>
risk_binary.html:55:1 (risk_binary.Rd:15): Warning: missing </ul> before </div>
risk_continuous.html:53:1 (risk_continuous.Rd:12): Warning: missing </ul> before </div>
risk_exponential.html:50:1 (risk_exponential.Rd:12): Warning: missing </ul> before </div>
risk_poisson.html:50:1 (risk_poisson.Rd:12): Warning: missing </ul> before </div>
risk_weibull.html:50:1 (risk_weibull.Rd:12): Warning: missing </ul> before </div>
riskcalc.html:66:1 (riskcalc.Rd:20): Warning: missing </ul> before </div>
stg.html:54:1 (stg.Rd:14): Warning: missing </ul> before </div>
summarize_bs.html:58:1 (summarize_bs.Rd:16): Warning: missing </ul> before </div>
verify_trt.html:46:1 (verify_trt.Rd:10): Warning: missing </ul> before </div>
wem_test.html:46:1 (wem_test.Rd:10): Warning: missing </ul> before </div>
Flavor: r-devel-linux-x86_64-debian-gcc