Last updated on 2025-10-21 09:48:42 CEST.
Flavor | Version | Tinstall | Tcheck | Ttotal | Status | Flags |
---|---|---|---|---|---|---|
r-devel-linux-x86_64-debian-clang | 0.2.8 | 26.87 | 106.30 | 133.17 | OK | |
r-devel-linux-x86_64-debian-gcc | 0.2.8 | 20.89 | 87.72 | 108.61 | NOTE | |
r-devel-linux-x86_64-fedora-clang | 0.2.8 | 224.81 | OK | |||
r-devel-linux-x86_64-fedora-gcc | 0.2.8 | 248.24 | OK | |||
r-devel-windows-x86_64 | 0.2.8 | 38.00 | 152.00 | 190.00 | OK | |
r-patched-linux-x86_64 | 0.2.8 | 29.03 | 118.26 | 147.29 | OK | |
r-release-linux-x86_64 | 0.2.8 | 29.22 | 117.17 | 146.39 | OK | |
r-release-macos-arm64 | 0.2.8 | 100.00 | OK | |||
r-release-macos-x86_64 | 0.2.8 | 185.00 | OK | |||
r-release-windows-x86_64 | 0.2.8 | 38.00 | 148.00 | 186.00 | OK | |
r-oldrel-macos-arm64 | 0.2.8 | 85.00 | NOTE | |||
r-oldrel-macos-x86_64 | 0.2.8 | 161.00 | NOTE | |||
r-oldrel-windows-x86_64 | 0.2.8 | 45.00 | 186.00 | 231.00 | OK |
Version: 0.2.8
Check: HTML version of manual
Result: NOTE
Found the following HTML validation problems:
bitAND.html:50:1 (bitAND.Rd:12): Warning: missing </ul> before </div>
convCppM.html:50:1 (convCppM.Rd:12): Warning: missing </ul> before </div>
get_msc_coeff.html:50:1 (get_msc_coeff.Rd:12): Warning: missing </ul> before </div>
pkg_info.html:46:1 (pkg_info.Rd:10): Warning: missing </ul> before </div>
resample_fwhm.html:58:1 (resample_fwhm.Rd:16): Warning: missing </ul> before </div>
Flavor: r-devel-linux-x86_64-debian-gcc
Version: 0.2.8
Check: installed package size
Result: NOTE
installed size is 7.0Mb
sub-directories of 1Mb or more:
data 2.9Mb
libs 2.8Mb
Flavors: r-oldrel-macos-arm64, r-oldrel-macos-x86_64