Last updated on 2025-10-21 09:48:42 CEST.
Flavor | Version | Tinstall | Tcheck | Ttotal | Status | Flags |
---|---|---|---|---|---|---|
r-devel-linux-x86_64-debian-clang | 1.3.3 | 149.78 | 249.69 | 399.47 | OK | |
r-devel-linux-x86_64-debian-gcc | 1.3.3 | 106.84 | 271.78 | 378.62 | NOTE | |
r-devel-linux-x86_64-fedora-clang | 1.3.3 | 646.84 | OK | |||
r-devel-linux-x86_64-fedora-gcc | 1.3.3 | 815.00 | OK | |||
r-devel-windows-x86_64 | 1.3.3 | 173.00 | 215.00 | 388.00 | OK | |
r-patched-linux-x86_64 | 1.3.3 | 156.36 | 315.53 | 471.89 | OK | |
r-release-linux-x86_64 | 1.3.3 | 165.55 | 298.97 | 464.52 | OK | |
r-release-macos-arm64 | 1.3.3 | 143.00 | OK | |||
r-release-macos-x86_64 | 1.3.3 | 232.00 | OK | |||
r-release-windows-x86_64 | 1.3.3 | 175.00 | 208.00 | 383.00 | OK | |
r-oldrel-macos-arm64 | 1.3.3 | 142.00 | NOTE | |||
r-oldrel-macos-x86_64 | 1.3.3 | 216.00 | NOTE | |||
r-oldrel-windows-x86_64 | 1.3.3 | 201.00 | 271.00 | 472.00 | OK |
Version: 1.3.3
Check: HTML version of manual
Result: NOTE
Found the following HTML validation problems:
autoplot.batch.html:51:1 (autoplot.batch.Rd:12): Warning: missing </ul> before </div>
autoplot.online.html:51:1 (autoplot.online.Rd:12): Warning: missing </ul> before </div>
init_experts_list.html:61:1 (init_experts_list.Rd:18): Warning: missing </ul> before </div>
make_basis_mats.html:98:1 (make_basis_mats.Rd:42): Warning: missing </ul> before </div>
make_hat_mats.html:109:1 (make_hat_mats.Rd:49): Warning: missing </ul> before </div>
make_knots.html:68:1 (make_knots.Rd:20): Warning: missing </ul> before </div>
plot.batch.html:51:1 (plot.batch.Rd:12): Warning: missing </ul> before </div>
plot.online.html:51:1 (plot.online.Rd:12): Warning: missing </ul> before </div>
post_process_model.html:54:1 (post_process_model.Rd:12): Warning: missing </ul> before </div>
print.batch.html:51:1 (print.batch.Rd:12): Warning: missing </ul> before </div>
print.online.html:51:1 (print.online.Rd:12): Warning: missing </ul> before </div>
summary.online.html:51:1 (summary.online.Rd:12): Warning: missing </ul> before </div>
Flavor: r-devel-linux-x86_64-debian-gcc
Version: 1.3.3
Check: installed package size
Result: NOTE
installed size is 15.3Mb
sub-directories of 1Mb or more:
doc 1.4Mb
libs 13.2Mb
Flavors: r-oldrel-macos-arm64, r-oldrel-macos-x86_64