CRAN Package Check Results for Package processx

Last updated on 2025-10-21 09:48:42 CEST.

Flavor Version Tinstall Tcheck Ttotal Status Flags
r-devel-linux-x86_64-debian-clang 3.8.6 10.56 68.86 79.42 OK
r-devel-linux-x86_64-debian-gcc 3.8.6 7.22 55.94 63.16 NOTE
r-devel-linux-x86_64-fedora-clang 3.8.6 116.21 OK
r-devel-linux-x86_64-fedora-gcc 3.8.6 119.25 OK
r-devel-windows-x86_64 3.8.6 50.00 102.00 152.00 OK
r-patched-linux-x86_64 3.8.6 9.42 64.16 73.58 OK
r-release-linux-x86_64 3.8.6 8.47 64.83 73.30 OK
r-release-macos-arm64 3.8.6 64.00 OK
r-release-macos-x86_64 3.8.6 89.00 OK
r-release-windows-x86_64 3.8.6 51.00 103.00 154.00 OK
r-oldrel-macos-arm64 3.8.6 59.00 OK
r-oldrel-macos-x86_64 3.8.6 122.00 OK
r-oldrel-windows-x86_64 3.8.6 58.00 118.00 176.00 OK

Check Details

Version: 3.8.6
Check: HTML version of manual
Result: NOTE Found the following HTML validation problems: process.html:484:1 (process.Rd:323): Warning: <h5> anchor "Usage" already defined process.html:504:1 (process.Rd:337): Warning: <h5> anchor "Usage" already defined process.html:510:1 (process.Rd:341): Warning: <h5> anchor "Arguments" already defined process.html:547:1 (process.Rd:368): Warning: <h5> anchor "Usage" already defined process.html:553:1 (process.Rd:372): Warning: <h5> anchor "Arguments" already defined process.html:585:1 (process.Rd:394): Warning: <h5> anchor "Usage" already defined process.html:591:1 (process.Rd:398): Warning: <h5> anchor "Arguments" already defined process.html:618:1 (process.Rd:415): Warning: <h5> anchor "Usage" already defined process.html:634:1 (process.Rd:425): Warning: <h5> anchor "Usage" already defined process.html:640:1 (process.Rd:429): Warning: <h5> anchor "Returns" already defined process.html:657:1 (process.Rd:438): Warning: <h5> anchor "Usage" already defined process.html:663:1 (process.Rd:442): Warning: <h5> anchor "Returns" already defined process.html:687:1 (process.Rd:458): Warning: <h5> anchor "Usage" already defined process.html:693:1 (process.Rd:462): Warning: <h5> anchor "Arguments" already defined process.html:707:1 (process.Rd:470): Warning: <h5> anchor "Returns" already defined process.html:730:1 (process.Rd:485): Warning: <h5> anchor "Usage" already defined process.html:747:1 (process.Rd:496): Warning: <h5> anchor "Usage" already defined process.html:764:1 (process.Rd:507): Warning: <h5> anchor "Usage" already defined process.html:781:1 (process.Rd:518): Warning: <h5> anchor "Usage" already defined process.html:798:1 (process.Rd:529): Warning: <h5> anchor "Usage" already defined process.html:818:1 (process.Rd:543): Warning: <h5> anchor "Usage" already defined process.html:824:1 (process.Rd:547): Warning: <h5> anchor "Arguments" already defined process.html:852:1 (process.Rd:565): Warning: <h5> anchor "Usage" already defined process.html:858:1 (process.Rd:569): Warning: <h5> anchor "Arguments" already defined process.html:882:1 (process.Rd:583): Warning: <h5> anchor "Usage" already defined process.html:888:1 (process.Rd:587): Warning: <h5> anchor "Arguments" already defined process.html:915:1 (process.Rd:604): Warning: <h5> anchor "Usage" already defined process.html:921:1 (process.Rd:608): Warning: <h5> anchor "Arguments" already defined process.html:945:1 (process.Rd:622): Warning: <h5> anchor "Usage" already defined process.html:951:1 (process.Rd:626): Warning: <h5> anchor "Arguments" already defined process.html:976:1 (process.Rd:641): Warning: <h5> anchor "Usage" already defined process.html:994:1 (process.Rd:653): Warning: <h5> anchor "Usage" already defined process.html:1012:1 (process.Rd:665): Warning: <h5> anchor "Usage" already defined process.html:1030:1 (process.Rd:677): Warning: <h5> anchor "Usage" already defined process.html:1048:1 (process.Rd:689): Warning: <h5> anchor "Usage" already defined process.html:1065:1 (process.Rd:700): Warning: <h5> anchor "Usage" already defined process.html:1082:1 (process.Rd:711): Warning: <h5> anchor "Usage" already defined process.html:1099:1 (process.Rd:722): Warning: <h5> anchor "Usage" already defined process.html:1116:1 (process.Rd:733): Warning: <h5> anchor "Usage" already defined process.html:1137:1 (process.Rd:748): Warning: <h5> anchor "Usage" already defined process.html:1158:1 (process.Rd:763): Warning: <h5> anchor "Usage" already defined process.html:1179:1 (process.Rd:778): Warning: <h5> anchor "Usage" already defined process.html:1200:1 (process.Rd:793): Warning: <h5> anchor "Usage" already defined process.html:1223:1 (process.Rd:810): Warning: <h5> anchor "Usage" already defined process.html:1229:1 (process.Rd:814): Warning: <h5> anchor "Arguments" already defined process.html:1247:1 (process.Rd:826): Warning: <h5> anchor "Returns" already defined process.html:1266:1 (process.Rd:837): Warning: <h5> anchor "Usage" already defined process.html:1284:1 (process.Rd:849): Warning: <h5> anchor "Usage" already defined process.html:1302:1 (process.Rd:861): Warning: <h5> anchor "Usage" already defined process.html:1320:1 (process.Rd:873): Warning: <h5> anchor "Usage" already defined process.html:1326:1 (process.Rd:877): Warning: <h5> anchor "Arguments" already defined process.html:1351:1 (process.Rd:892): Warning: <h5> anchor "Usage" already defined process.html:1369:1 (process.Rd:904): Warning: <h5> anchor "Usage" already defined process.html:1386:1 (process.Rd:915): Warning: <h5> anchor "Usage" already defined process.html:1402:1 (process.Rd:925): Warning: <h5> anchor "Usage" already defined process.html:1418:1 (process.Rd:935): Warning: <h5> anchor "Usage" already defined process.html:1434:1 (process.Rd:945): Warning: <h5> anchor "Usage" already defined process.html:1450:1 (process.Rd:955): Warning: <h5> anchor "Usage" already defined process.html:1466:1 (process.Rd:965): Warning: <h5> anchor "Usage" already defined process.html:1482:1 (process.Rd:975): Warning: <h5> anchor "Usage" already defined process.html:1498:1 (process.Rd:985): Warning: <h5> anchor "Usage" already defined process.html:1514:1 (process.Rd:995): Warning: <h5> anchor "Usage" already defined process.html:1530:1 (process.Rd:1005): Warning: <h5> anchor "Usage" already defined process.html:1546:1 (process.Rd:1015): Warning: <h5> anchor "Usage" already defined process_initialize.html:137:1 (process_initialize.Rd:67): Warning: missing </ul> before </div> Flavor: r-devel-linux-x86_64-debian-gcc