Last updated on 2025-10-21 09:48:42 CEST.
Flavor | Version | Tinstall | Tcheck | Ttotal | Status | Flags |
---|---|---|---|---|---|---|
r-devel-linux-x86_64-debian-clang | 0.1.0 | 10.36 | 75.02 | 85.38 | NOTE | |
r-devel-linux-x86_64-debian-gcc | 0.1.0 | 7.11 | 52.36 | 59.47 | NOTE | |
r-devel-linux-x86_64-fedora-clang | 0.1.0 | 129.07 | OK | |||
r-devel-linux-x86_64-fedora-gcc | 0.1.0 | 142.48 | OK | |||
r-devel-windows-x86_64 | 0.1.0 | 10.00 | 80.00 | 90.00 | OK | |
r-patched-linux-x86_64 | 0.1.0 | 8.27 | 68.91 | 77.18 | OK | |
r-release-linux-x86_64 | 0.1.0 | 9.03 | 68.82 | 77.85 | OK | |
r-release-macos-arm64 | 0.1.0 | 37.00 | OK | |||
r-release-macos-x86_64 | 0.1.0 | 88.00 | OK | |||
r-release-windows-x86_64 | 0.1.0 | 12.00 | 79.00 | 91.00 | OK | |
r-oldrel-macos-arm64 | 0.1.0 | 38.00 | NOTE | |||
r-oldrel-macos-x86_64 | 0.1.0 | 54.00 | NOTE | |||
r-oldrel-windows-x86_64 | 0.1.0 | 15.00 | 99.00 | 114.00 | NOTE |
Version: 0.1.0
Check: CRAN incoming feasibility
Result: NOTE
Maintainer: ‘gert.janssenswillen@uhasselt.be <gert.janssenswillen@uhasselt.be>’
No Authors@R field in DESCRIPTION.
Please add one, modifying
Authors@R: c(person(given = "Gert",
family = "Janssenswillen",
role = "aut"),
person(family = "gert.janssenswillen@uhasselt.be",
role = "cre",
email = "gert.janssenswillen@uhasselt.be"))
as necessary.
Flavors: r-devel-linux-x86_64-debian-clang, r-devel-linux-x86_64-debian-gcc
Version: 0.1.0
Check: HTML version of manual
Result: NOTE
Found the following HTML validation problems:
activity_dashboard.html:46:1 (activity_dashboard.Rd:10): Warning: missing </ul> before </div>
performance_dashboard.html:46:1 (performance_dashboard.Rd:10): Warning: missing </ul> before </div>
resource_dashboard.html:46:1 (resource_dashboard.Rd:10): Warning: missing </ul> before </div>
rework_dashboard.html:46:1 (rework_dashboard.Rd:10): Warning: missing </ul> before </div>
Flavor: r-devel-linux-x86_64-debian-gcc
Version: 0.1.0
Check: LazyData
Result: NOTE
'LazyData' is specified without a 'data' directory
Flavors: r-oldrel-macos-arm64, r-oldrel-macos-x86_64, r-oldrel-windows-x86_64