Last updated on 2025-10-21 09:48:41 CEST.
Flavor | Version | Tinstall | Tcheck | Ttotal | Status | Flags |
---|---|---|---|---|---|---|
r-devel-linux-x86_64-debian-clang | 1.2.0 | 2.78 | 86.95 | 89.73 | OK | |
r-devel-linux-x86_64-debian-gcc | 1.2.0 | 2.71 | 63.55 | 66.26 | NOTE | |
r-devel-linux-x86_64-fedora-clang | 1.2.0 | 144.71 | OK | |||
r-devel-linux-x86_64-fedora-gcc | 1.2.0 | 215.52 | OK | |||
r-devel-windows-x86_64 | 1.2.0 | 6.00 | 114.00 | 120.00 | OK | |
r-patched-linux-x86_64 | 1.2.0 | 4.61 | 83.71 | 88.32 | OK | |
r-release-linux-x86_64 | 1.2.0 | 3.12 | 83.19 | 86.31 | OK | |
r-release-macos-arm64 | 1.2.0 | 140.00 | OK | |||
r-release-macos-x86_64 | 1.2.0 | 249.00 | OK | |||
r-release-windows-x86_64 | 1.2.0 | 7.00 | 116.00 | 123.00 | OK | |
r-oldrel-macos-arm64 | 1.2.0 | 118.00 | NOTE | |||
r-oldrel-macos-x86_64 | 1.2.0 | 254.00 | NOTE | |||
r-oldrel-windows-x86_64 | 1.2.0 | 7.00 | 134.00 | 141.00 | NOTE |
Version: 1.2.0
Check: HTML version of manual
Result: NOTE
Found the following HTML validation problems:
dot-dpcens.html:83:1 (dot-dpcens.Rd:37): Warning: missing </ul> before </div>
dot-name_deprecation.html:71:1 (dot-name_deprecation.Rd:26): Warning: missing </ul> before </div>
dot-ppcens.html:77:1 (dot-ppcens.Rd:33): Warning: missing </ul> before </div>
Flavor: r-devel-linux-x86_64-debian-gcc
Version: 1.2.0
Check: package dependencies
Result: NOTE
Package suggested but not available for checking: ‘cmdstanr’
Flavors: r-oldrel-macos-arm64, r-oldrel-macos-x86_64, r-oldrel-windows-x86_64