Last updated on 2025-10-21 09:48:41 CEST.
Flavor | Version | Tinstall | Tcheck | Ttotal | Status | Flags |
---|---|---|---|---|---|---|
r-devel-linux-x86_64-debian-clang | 0.4.1 | 2.31 | 41.43 | 43.74 | OK | |
r-devel-linux-x86_64-debian-gcc | 0.4.1 | 2.13 | 32.93 | 35.06 | NOTE | |
r-devel-linux-x86_64-fedora-clang | 0.4.1 | 66.49 | OK | |||
r-devel-linux-x86_64-fedora-gcc | 0.4.1 | 79.02 | OK | |||
r-devel-windows-x86_64 | 0.4.1 | 5.00 | 65.00 | 70.00 | OK | |
r-patched-linux-x86_64 | 0.4.1 | 2.23 | 39.80 | 42.03 | OK | |
r-release-linux-x86_64 | 0.4.1 | 2.40 | 40.33 | 42.73 | OK | |
r-release-macos-arm64 | 0.4.1 | 38.00 | OK | |||
r-release-macos-x86_64 | 0.4.1 | 63.00 | OK | |||
r-release-windows-x86_64 | 0.4.1 | 5.00 | 76.00 | 81.00 | OK | |
r-oldrel-macos-arm64 | 0.4.1 | 34.00 | NOTE | |||
r-oldrel-macos-x86_64 | 0.4.1 | 47.00 | NOTE | |||
r-oldrel-windows-x86_64 | 0.4.1 | 7.00 | 71.00 | 78.00 | NOTE |
Version: 0.4.1
Check: top-level files
Result: NOTE
Found the following validation problem for the NEWS.Rd HTML conversion:
NEWS.html:210:1 (inst/NEWS.Rd:100): Warning: missing </ul> before </div>
NEWS.html:61:1 (inst/NEWS.Rd:24): Warning: <h4> anchor "NEW-FEATURES" already defined
NEWS.html:81:1 (inst/NEWS.Rd:34): Warning: <h4> anchor "BUG-FIXES" already defined
NEWS.html:100:1 (inst/NEWS.Rd:44): Warning: <h4> anchor "BUG-FIXES" already defined
NEWS.html:123:1 (inst/NEWS.Rd:58): Warning: <h4> anchor "NEW-FEATURES" already defined
NEWS.html:140:1 (inst/NEWS.Rd:68): Warning: <h4> anchor "BUG-FIXES" already defined
NEWS.html:155:1 (inst/NEWS.Rd:76): Warning: <h4> anchor "NEW-FEATURES" already defined
NEWS.html:171:1 (inst/NEWS.Rd:84): Warning: <h4> anchor "BUG-FIXES" already defined
NEWS.html:190:1 (inst/NEWS.Rd:94): Warning: <h4> anchor "NEW-FEATURES" already defined
Flavor: r-devel-linux-x86_64-debian-gcc
Version: 0.4.1
Check: LazyData
Result: NOTE
'LazyData' is specified without a 'data' directory
Flavors: r-oldrel-macos-arm64, r-oldrel-macos-x86_64, r-oldrel-windows-x86_64