Last updated on 2025-02-21 09:50:56 CET.
Flavor | Version | Tinstall | Tcheck | Ttotal | Status | Flags |
---|---|---|---|---|---|---|
r-devel-linux-x86_64-debian-clang | 0.1-17 | 32.79 | 213.84 | 246.63 | OK | |
r-devel-linux-x86_64-debian-gcc | 0.1-17 | 19.21 | 135.11 | 154.32 | OK | |
r-devel-linux-x86_64-fedora-clang | 0.1-17 | 397.05 | OK | |||
r-devel-linux-x86_64-fedora-gcc | 0.1-17 | 373.53 | OK | |||
r-devel-macos-arm64 | 0.1-17 | 91.00 | OK | |||
r-devel-macos-x86_64 | 0.1-17 | 215.00 | OK | |||
r-devel-windows-x86_64 | 0.1-17 | 28.00 | 182.00 | 210.00 | OK | |
r-patched-linux-x86_64 | 0.1-17 | 31.35 | 202.62 | 233.97 | OK | |
r-release-linux-x86_64 | 0.1-17 | 25.89 | 201.01 | 226.90 | OK | |
r-release-macos-arm64 | 0.1-17 | 87.00 | NOTE | |||
r-release-macos-x86_64 | 0.1-17 | 189.00 | NOTE | |||
r-release-windows-x86_64 | 0.1-17 | 28.00 | 182.00 | 210.00 | NOTE | |
r-oldrel-macos-arm64 | 0.1-17 | 82.00 | NOTE | |||
r-oldrel-macos-x86_64 | 0.1-17 | 178.00 | NOTE | |||
r-oldrel-windows-x86_64 | 0.1-17 | 38.00 | 228.00 | 266.00 | OK |
Version: 0.1-17
Check: installed package size
Result: NOTE
installed size is 5.1Mb
sub-directories of 1Mb or more:
R 3.7Mb
Flavors: r-release-macos-arm64, r-release-macos-x86_64, r-release-windows-x86_64, r-oldrel-macos-arm64, r-oldrel-macos-x86_64