CRAN Package Check Results for Package prcbench

Last updated on 2025-10-21 09:48:41 CEST.

Flavor Version Tinstall Tcheck Ttotal Status Flags
r-devel-linux-x86_64-debian-clang 1.1.10 20.74 150.15 170.89 OK
r-devel-linux-x86_64-debian-gcc 1.1.10 13.77 112.62 126.39 NOTE
r-devel-linux-x86_64-fedora-clang 1.1.10 263.97 OK
r-devel-linux-x86_64-fedora-gcc 1.1.10 287.58 OK
r-devel-windows-x86_64 1.1.10 24.00 170.00 194.00 OK
r-patched-linux-x86_64 1.1.10 19.68 140.54 160.22 OK
r-release-linux-x86_64 1.1.10 20.34 141.87 162.21 OK
r-release-macos-arm64 1.1.10 80.00 OK
r-release-macos-x86_64 1.1.10 164.00 OK
r-release-windows-x86_64 1.1.10 26.00 170.00 196.00 OK
r-oldrel-macos-arm64 1.1.10 85.00 OK
r-oldrel-macos-x86_64 1.1.10 186.00 OK
r-oldrel-windows-x86_64 1.1.10 32.00 215.00 247.00 OK

Check Details

Version: 1.1.10
Check: HTML version of manual
Result: NOTE Found the following HTML validation problems: TestDataB.html:124:1 (TestDataB.Rd:68): Warning: <h5> anchor "Usage" already defined TestDataB.html:140:1 (TestDataB.Rd:78): Warning: <h5> anchor "Usage" already defined TestDataB.html:156:1 (TestDataB.Rd:88): Warning: <h5> anchor "Usage" already defined TestDataB.html:172:1 (TestDataB.Rd:98): Warning: <h5> anchor "Usage" already defined TestDataB.html:188:1 (TestDataB.Rd:108): Warning: <h5> anchor "Usage" already defined TestDataB.html:204:1 (TestDataB.Rd:118): Warning: <h5> anchor "Usage" already defined TestDataB.html:220:1 (TestDataB.Rd:128): Warning: <h5> anchor "Usage" already defined TestDataB.html:236:1 (TestDataB.Rd:138): Warning: <h5> anchor "Usage" already defined TestDataB.html:242:1 (TestDataB.Rd:142): Warning: <h5> anchor "Arguments" already defined TestDataB.html:265:1 (TestDataB.Rd:155): Warning: <h5> anchor "Usage" already defined TestDataB.html:271:1 (TestDataB.Rd:159): Warning: <h5> anchor "Arguments" already defined TestDataC.html:150:1 (TestDataC.Rd:90): Warning: <h5> anchor "Usage" already defined TestDataC.html:156:1 (TestDataC.Rd:94): Warning: <h5> anchor "Arguments" already defined TestDataC.html:179:1 (TestDataC.Rd:107): Warning: <h5> anchor "Usage" already defined TestDataC.html:195:1 (TestDataC.Rd:117): Warning: <h5> anchor "Usage" already defined TestDataC.html:211:1 (TestDataC.Rd:127): Warning: <h5> anchor "Usage" already defined TestDataC.html:217:1 (TestDataC.Rd:131): Warning: <h5> anchor "Arguments" already defined TestDataC.html:240:1 (TestDataC.Rd:144): Warning: <h5> anchor "Usage" already defined TestDataC.html:246:1 (TestDataC.Rd:148): Warning: <h5> anchor "Arguments" already defined TestDataC.html:269:1 (TestDataC.Rd:161): Warning: <h5> anchor "Usage" already defined TestDataC.html:275:1 (TestDataC.Rd:165): Warning: <h5> anchor "Arguments" already defined TestDataC.html:298:1 (TestDataC.Rd:178): Warning: <h5> anchor "Usage" already defined TestDataC.html:304:1 (TestDataC.Rd:182): Warning: <h5> anchor "Arguments" already defined TestDataC.html:327:1 (TestDataC.Rd:195): Warning: <h5> anchor "Usage" already defined TestDataC.html:343:1 (TestDataC.Rd:205): Warning: <h5> anchor "Usage" already defined TestDataC.html:359:1 (TestDataC.Rd:215): Warning: <h5> anchor "Usage" already defined TestDataC.html:375:1 (TestDataC.Rd:225): Warning: <h5> anchor "Usage" already defined TestDataC.html:391:1 (TestDataC.Rd:235): Warning: <h5> anchor "Usage" already defined TestDataC.html:397:1 (TestDataC.Rd:239): Warning: <h5> anchor "Arguments" already defined ToolAUCCalculator.html:129:1 (ToolAUCCalculator.Rd:85): Warning: <h5> anchor "Usage" already defined ToolAUCCalculator.html:135:1 (ToolAUCCalculator.Rd:89): Warning: <h5> anchor "Arguments" already defined ToolAUCCalculator.html:159:1 (ToolAUCCalculator.Rd:103): Warning: <h5> anchor "Usage" already defined ToolAUCCalculator.html:165:1 (ToolAUCCalculator.Rd:107): Warning: <h5> anchor "Arguments" already defined ToolAUCCalculator.html:188:1 (ToolAUCCalculator.Rd:120): Warning: <h5> anchor "Usage" already defined ToolAUCCalculator.html:194:1 (ToolAUCCalculator.Rd:124): Warning: <h5> anchor "Arguments" already defined ToolAUCCalculator.html:217:1 (ToolAUCCalculator.Rd:137): Warning: <h5> anchor "Usage" already defined ToolAUCCalculator.html:223:1 (ToolAUCCalculator.Rd:141): Warning: <h5> anchor "Arguments" already defined ToolIFBase.html:127:1 (ToolIFBase.Rd:63): Warning: <h5> anchor "Usage" already defined ToolIFBase.html:133:1 (ToolIFBase.Rd:67): Warning: <h5> anchor "Arguments" already defined ToolIFBase.html:163:1 (ToolIFBase.Rd:87): Warning: <h5> anchor "Usage" already defined ToolIFBase.html:179:1 (ToolIFBase.Rd:97): Warning: <h5> anchor "Usage" already defined ToolIFBase.html:185:1 (ToolIFBase.Rd:101): Warning: <h5> anchor "Arguments" already defined ToolIFBase.html:208:1 (ToolIFBase.Rd:114): Warning: <h5> anchor "Usage" already defined ToolIFBase.html:224:1 (ToolIFBase.Rd:124): Warning: <h5> anchor "Usage" already defined ToolIFBase.html:230:1 (ToolIFBase.Rd:128): Warning: <h5> anchor "Arguments" already defined ToolIFBase.html:253:1 (ToolIFBase.Rd:141): Warning: <h5> anchor "Usage" already defined ToolIFBase.html:269:1 (ToolIFBase.Rd:151): Warning: <h5> anchor "Usage" already defined ToolIFBase.html:285:1 (ToolIFBase.Rd:161): Warning: <h5> anchor "Usage" already defined ToolIFBase.html:301:1 (ToolIFBase.Rd:171): Warning: <h5> anchor "Usage" already defined ToolIFBase.html:317:1 (ToolIFBase.Rd:181): Warning: <h5> anchor "Usage" already defined ToolIFBase.html:323:1 (ToolIFBase.Rd:185): Warning: <h5> anchor "Arguments" already defined ToolIFBase.html:346:1 (ToolIFBase.Rd:198): Warning: <h5> anchor "Usage" already defined ToolIFBase.html:352:1 (ToolIFBase.Rd:202): Warning: <h5> anchor "Arguments" already defined ToolPRROC.html:130:1 (ToolPRROC.Rd:86): Warning: <h5> anchor "Usage" already defined ToolPRROC.html:136:1 (ToolPRROC.Rd:90): Warning: <h5> anchor "Arguments" already defined ToolPRROC.html:160:1 (ToolPRROC.Rd:104): Warning: <h5> anchor "Usage" already defined ToolPRROC.html:166:1 (ToolPRROC.Rd:108): Warning: <h5> anchor "Arguments" already defined ToolPRROC.html:189:1 (ToolPRROC.Rd:121): Warning: <h5> anchor "Usage" already defined ToolPRROC.html:195:1 (ToolPRROC.Rd:125): Warning: <h5> anchor "Arguments" already defined ToolPRROC.html:218:1 (ToolPRROC.Rd:138): Warning: <h5> anchor "Usage" already defined ToolPRROC.html:224:1 (ToolPRROC.Rd:142): Warning: <h5> anchor "Arguments" already defined Toolprecrec.html:123:1 (Toolprecrec.Rd:83): Warning: <h5> anchor "Usage" already defined Toolprecrec.html:129:1 (Toolprecrec.Rd:87): Warning: <h5> anchor "Arguments" already defined Toolprecrec.html:152:1 (Toolprecrec.Rd:100): Warning: <h5> anchor "Usage" already defined Toolprecrec.html:158:1 (Toolprecrec.Rd:104): Warning: <h5> anchor "Arguments" already defined Flavor: r-devel-linux-x86_64-debian-gcc