Last updated on 2025-10-21 09:48:41 CEST.
Flavor | Version | Tinstall | Tcheck | Ttotal | Status | Flags |
---|---|---|---|---|---|---|
r-devel-linux-x86_64-debian-clang | 0.1.1 | 9.99 | 611.47 | 621.46 | OK | |
r-devel-linux-x86_64-debian-gcc | 0.1.1 | 5.86 | 398.73 | 404.59 | NOTE | |
r-devel-linux-x86_64-fedora-clang | 0.1.1 | 990.72 | OK | |||
r-devel-linux-x86_64-fedora-gcc | 0.1.1 | 992.66 | OK | |||
r-devel-windows-x86_64 | 0.1.1 | 11.00 | 342.00 | 353.00 | OK | |
r-patched-linux-x86_64 | 0.1.1 | 10.11 | 588.35 | 598.46 | OK | |
r-release-linux-x86_64 | 0.1.1 | 8.51 | 584.43 | 592.94 | OK | |
r-release-macos-arm64 | 0.1.1 | 240.00 | OK | |||
r-release-macos-x86_64 | 0.1.1 | 424.00 | OK | |||
r-release-windows-x86_64 | 0.1.1 | 13.00 | 345.00 | 358.00 | OK | |
r-oldrel-macos-arm64 | 0.1.1 | 319.00 | OK | |||
r-oldrel-macos-x86_64 | 0.1.1 | 397.00 | OK | |||
r-oldrel-windows-x86_64 | 0.1.1 | 17.00 | 468.00 | 485.00 | OK |
Version: 0.1.1
Check: HTML version of manual
Result: NOTE
Found the following HTML validation problems:
power4test.html:756:1 (power4test.Rd:593): Warning: <h4> anchor "Single-Group-Model" already defined
power4test.html:878:1 (power4test.Rd:690): Warning: <h4> anchor "Multigroup-Model" already defined
power4test.html:936:1 (power4test.Rd:739): Warning: <h4> anchor "Single-Group-Model" already defined
power4test.html:1046:1 (power4test.Rd:814): Warning: <h4> anchor "Multigroup-Model" already defined
power4test.html:1156:1 (power4test.Rd:913): Warning: <h4> anchor "Single-Group-Model" already defined
ptable_pop.html:280:1 (ptable_pop.Rd:214): Warning: <h4> anchor "Single-Group-Model" already defined
ptable_pop.html:402:1 (ptable_pop.Rd:311): Warning: <h4> anchor "Multigroup-Model" already defined
ptable_pop.html:460:1 (ptable_pop.Rd:360): Warning: <h4> anchor "Single-Group-Model" already defined
ptable_pop.html:570:1 (ptable_pop.Rd:435): Warning: <h4> anchor "Multigroup-Model" already defined
sim_data.html:653:1 (sim_data.Rd:511): Warning: <h4> anchor "Single-Group-Model" already defined
sim_data.html:706:1 (sim_data.Rd:558): Warning: <h4> anchor "Single-Group-Model" already defined
sim_data.html:828:1 (sim_data.Rd:655): Warning: <h4> anchor "Multigroup-Model" already defined
sim_data.html:886:1 (sim_data.Rd:704): Warning: <h4> anchor "Single-Group-Model" already defined
sim_data.html:996:1 (sim_data.Rd:779): Warning: <h4> anchor "Multigroup-Model" already defined
Flavor: r-devel-linux-x86_64-debian-gcc