Last updated on 2025-10-21 09:48:41 CEST.
Flavor | Version | Tinstall | Tcheck | Ttotal | Status | Flags |
---|---|---|---|---|---|---|
r-devel-linux-x86_64-debian-clang | 0.1.2 | 8.11 | 66.40 | 74.51 | NOTE | |
r-devel-linux-x86_64-debian-gcc | 0.1.2 | 4.71 | 48.86 | 53.57 | NOTE | |
r-devel-linux-x86_64-fedora-clang | 0.1.2 | 115.47 | NOTE | |||
r-devel-linux-x86_64-fedora-gcc | 0.1.2 | 106.26 | NOTE | |||
r-devel-windows-x86_64 | 0.1.2 | 11.00 | 74.00 | 85.00 | NOTE | |
r-patched-linux-x86_64 | 0.1.2 | 7.67 | 61.32 | 68.99 | NOTE | |
r-release-linux-x86_64 | 0.1.2 | 7.13 | 60.82 | 67.95 | NOTE | |
r-release-macos-arm64 | 0.1.2 | 28.00 | NOTE | |||
r-release-macos-x86_64 | 0.1.2 | 49.00 | NOTE | |||
r-release-windows-x86_64 | 0.1.2 | 9.00 | 75.00 | 84.00 | NOTE | |
r-oldrel-macos-arm64 | 0.1.2 | 30.00 | OK | |||
r-oldrel-macos-x86_64 | 0.1.2 | 69.00 | OK | |||
r-oldrel-windows-x86_64 | 0.1.2 | 12.00 | 86.00 | 98.00 | OK |
Version: 0.1.2
Check: DESCRIPTION meta-information
Result: NOTE
Missing dependency on R >= 4.1.0 because package code uses the pipe
|> or function shorthand \(...) syntax added in R 4.1.0.
File(s) using such syntax:
‘earned_value.R’ ‘planned_value.R’ ‘pmevR6.R’
Flavors: r-devel-linux-x86_64-debian-clang, r-devel-linux-x86_64-debian-gcc, r-devel-linux-x86_64-fedora-clang, r-devel-linux-x86_64-fedora-gcc, r-devel-windows-x86_64, r-patched-linux-x86_64, r-release-linux-x86_64, r-release-macos-arm64, r-release-macos-x86_64, r-release-windows-x86_64
Version: 0.1.2
Check: HTML version of manual
Result: NOTE
Found the following HTML validation problems:
ev.html:137:1 (ev.Rd:91): Warning: <h5> anchor "Usage" already defined
ev.html:153:1 (ev.Rd:101): Warning: <h5> anchor "Usage" already defined
ev.html:159:1 (ev.Rd:105): Warning: <h5> anchor "Arguments" already defined
get_planned_value.html:51:1 (get_planned_value.Rd:12): Warning: missing </ul> before </div>
Flavor: r-devel-linux-x86_64-debian-gcc