CRAN Package Check Results for Package plumber

Last updated on 2025-10-21 09:48:41 CEST.

Flavor Version Tinstall Tcheck Ttotal Status Flags
r-devel-linux-x86_64-debian-clang 1.3.0 11.81 88.87 100.68 OK
r-devel-linux-x86_64-debian-gcc 1.3.0 7.02 62.49 69.51 NOTE
r-devel-linux-x86_64-fedora-clang 1.3.0 151.55 OK
r-devel-linux-x86_64-fedora-gcc 1.3.0 196.14 OK
r-devel-windows-x86_64 1.3.0 14.00 111.00 125.00 OK
r-patched-linux-x86_64 1.3.0 13.50 83.49 96.99 OK
r-release-linux-x86_64 1.3.0 11.76 82.84 94.60 OK
r-release-macos-arm64 1.3.0 86.00 OK
r-release-macos-x86_64 1.3.0 153.00 OK
r-release-windows-x86_64 1.3.0 15.00 112.00 127.00 OK
r-oldrel-macos-arm64 1.3.0 63.00 OK
r-oldrel-macos-x86_64 1.3.0 170.00 OK
r-oldrel-windows-x86_64 1.3.0 19.00 132.00 151.00 OK

Check Details

Version: 1.3.0
Check: HTML version of manual
Result: NOTE Found the following HTML validation problems: Hookable.html:142:1 (Hookable.Rd:72): Warning: missing </ul> before </div> Hookable.html:90:1 (Hookable.Rd:44): Warning: <h5> anchor "Usage" already defined Hookable.html:96:1 (Hookable.Rd:48): Warning: <h5> anchor "Arguments" already defined Hookable.html:119:1 (Hookable.Rd:61): Warning: <h5> anchor "Usage" already defined Hookable.html:125:1 (Hookable.Rd:65): Warning: <h5> anchor "Arguments" already defined Plumber.html:243:1 (Plumber.Rd:217): Warning: <h5> anchor "Usage" already defined Plumber.html:258:1 (Plumber.Rd:230): Warning: <h5> anchor "Arguments" already defined Plumber.html:313:1 (Plumber.Rd:275): Warning: <h5> anchor "Usage" already defined Plumber.html:319:1 (Plumber.Rd:279): Warning: <h5> anchor "Arguments" already defined Plumber.html:361:1 (Plumber.Rd:310): Warning: <h5> anchor "Usage" already defined Plumber.html:367:1 (Plumber.Rd:314): Warning: <h5> anchor "Arguments" already defined Plumber.html:429:1 (Plumber.Rd:356): Warning: <h5> anchor "Usage" already defined Plumber.html:438:1 (Plumber.Rd:363): Warning: <h5> anchor "Arguments" already defined Plumber.html:453:1 (Plumber.Rd:372): Warning: <h5> anchor "Examples" already defined Plumber.html:502:1 (Plumber.Rd:416): Warning: <h5> anchor "Usage" already defined Plumber.html:517:1 (Plumber.Rd:429): Warning: <h5> anchor "Arguments" already defined Plumber.html:544:1 (Plumber.Rd:450): Warning: <h5> anchor "Examples" already defined Plumber.html:568:1 (Plumber.Rd:469): Warning: <h5> anchor "Usage" already defined Plumber.html:574:1 (Plumber.Rd:473): Warning: <h5> anchor "Arguments" already defined Plumber.html:601:1 (Plumber.Rd:490): Warning: <h5> anchor "Usage" already defined Plumber.html:607:1 (Plumber.Rd:494): Warning: <h5> anchor "Arguments" already defined Plumber.html:625:1 (Plumber.Rd:506): Warning: <h5> anchor "Returns" already defined Plumber.html:642:1 (Plumber.Rd:515): Warning: <h5> anchor "Usage" already defined Plumber.html:648:1 (Plumber.Rd:519): Warning: <h5> anchor "Arguments" already defined Plumber.html:673:1 (Plumber.Rd:534): Warning: <h5> anchor "Usage" already defined Plumber.html:679:1 (Plumber.Rd:538): Warning: <h5> anchor "Arguments" already defined Plumber.html:704:1 (Plumber.Rd:553): Warning: <h5> anchor "Usage" already defined Plumber.html:710:1 (Plumber.Rd:557): Warning: <h5> anchor "Arguments" already defined Plumber.html:733:1 (Plumber.Rd:570): Warning: <h5> anchor "Usage" already defined Plumber.html:739:1 (Plumber.Rd:574): Warning: <h5> anchor "Arguments" already defined Plumber.html:762:1 (Plumber.Rd:587): Warning: <h5> anchor "Usage" already defined Plumber.html:768:1 (Plumber.Rd:591): Warning: <h5> anchor "Arguments" already defined Plumber.html:793:1 (Plumber.Rd:606): Warning: <h5> anchor "Usage" already defined Plumber.html:799:1 (Plumber.Rd:610): Warning: <h5> anchor "Arguments" already defined Plumber.html:812:1 (Plumber.Rd:617): Warning: <h5> anchor "Examples" already defined Plumber.html:834:1 (Plumber.Rd:634): Warning: <h5> anchor "Usage" already defined Plumber.html:840:1 (Plumber.Rd:638): Warning: <h5> anchor "Arguments" already defined Plumber.html:898:1 (Plumber.Rd:678): Warning: <h5> anchor "Usage" already defined Plumber.html:904:1 (Plumber.Rd:682): Warning: <h5> anchor "Arguments" already defined Plumber.html:917:1 (Plumber.Rd:689): Warning: <h5> anchor "Examples" already defined Plumber.html:942:1 (Plumber.Rd:709): Warning: <h5> anchor "Usage" already defined Plumber.html:948:1 (Plumber.Rd:713): Warning: <h5> anchor "Arguments" already defined Plumber.html:961:1 (Plumber.Rd:720): Warning: <h5> anchor "Examples" already defined Plumber.html:988:1 (Plumber.Rd:742): Warning: <h5> anchor "Usage" already defined Plumber.html:994:1 (Plumber.Rd:746): Warning: <h5> anchor "Arguments" already defined Plumber.html:1027:1 (Plumber.Rd:769): Warning: <h5> anchor "Usage" already defined Plumber.html:1035:1 (Plumber.Rd:775): Warning: <h5> anchor "Arguments" already defined Plumber.html:1060:1 (Plumber.Rd:790): Warning: <h5> anchor "Usage" already defined Plumber.html:1066:1 (Plumber.Rd:794): Warning: <h5> anchor "Arguments" already defined Plumber.html:1091:1 (Plumber.Rd:809): Warning: <h5> anchor "Usage" already defined Plumber.html:1109:1 (Plumber.Rd:821): Warning: <h5> anchor "Usage" already defined Plumber.html:1115:1 (Plumber.Rd:825): Warning: <h5> anchor "Arguments" already defined Plumber.html:1147:1 (Plumber.Rd:847): Warning: <h5> anchor "Usage" already defined Plumber.html:1153:1 (Plumber.Rd:851): Warning: <h5> anchor "Arguments" already defined Plumber.html:1190:1 (Plumber.Rd:871): Warning: <h5> anchor "Usage" already defined Plumber.html:1206:1 (Plumber.Rd:881): Warning: <h5> anchor "Usage" already defined Plumber.html:1221:1 (Plumber.Rd:894): Warning: <h5> anchor "Arguments" already defined Plumber.html:1258:1 (Plumber.Rd:921): Warning: <h5> anchor "Usage" already defined Plumber.html:1264:1 (Plumber.Rd:925): Warning: <h5> anchor "Arguments" already defined Plumber.html:1291:1 (Plumber.Rd:942): Warning: <h5> anchor "Usage" already defined Plumber.html:1297:1 (Plumber.Rd:946): Warning: <h5> anchor "Arguments" already defined Plumber.html:1326:1 (Plumber.Rd:965): Warning: <h5> anchor "Usage" already defined Plumber.html:1332:1 (Plumber.Rd:969): Warning: <h5> anchor "Arguments" already defined Plumber.html:1355:1 (Plumber.Rd:982): Warning: <h5> anchor "Usage" already defined Plumber.html:1371:1 (Plumber.Rd:992): Warning: <h5> anchor "Usage" already defined Plumber.html:1387:1 (Plumber.Rd:1002): Warning: <h5> anchor "Usage" already defined Plumber.html:1393:1 (Plumber.Rd:1006): Warning: <h5> anchor "Arguments" already defined PlumberEndpoint.html:449:1 (PlumberEndpoint.Rd:273): Warning: missing </ul> before </div> PlumberEndpoint.html:148:1 (PlumberEndpoint.Rd:82): Warning: <h5> anchor "Usage" already defined PlumberEndpoint.html:184:1 (PlumberEndpoint.Rd:102): Warning: <h5> anchor "Usage" already defined PlumberEndpoint.html:190:1 (PlumberEndpoint.Rd:106): Warning: <h5> anchor "Arguments" already defined PlumberEndpoint.html:203:1 (PlumberEndpoint.Rd:113): Warning: <h5> anchor "Returns" already defined PlumberEndpoint.html:220:1 (PlumberEndpoint.Rd:122): Warning: <h5> anchor "Usage" already defined PlumberEndpoint.html:240:1 (PlumberEndpoint.Rd:140): Warning: <h5> anchor "Arguments" already defined PlumberEndpoint.html:303:1 (PlumberEndpoint.Rd:189): Warning: <h5> anchor "Returns" already defined PlumberEndpoint.html:320:1 (PlumberEndpoint.Rd:198): Warning: <h5> anchor "Usage" already defined PlumberEndpoint.html:326:1 (PlumberEndpoint.Rd:202): Warning: <h5> anchor "Arguments" already defined PlumberEndpoint.html:349:1 (PlumberEndpoint.Rd:215): Warning: <h5> anchor "Usage" already defined PlumberEndpoint.html:365:1 (PlumberEndpoint.Rd:225): Warning: <h5> anchor "Usage" already defined PlumberEndpoint.html:381:1 (PlumberEndpoint.Rd:235): Warning: <h5> anchor "Usage" already defined PlumberEndpoint.html:397:1 (PlumberEndpoint.Rd:245): Warning: <h5> anchor "Usage" already defined PlumberEndpoint.html:403:1 (PlumberEndpoint.Rd:249): Warning: <h5> anchor "Arguments" already defined PlumberEndpoint.html:426:1 (PlumberEndpoint.Rd:262): Warning: <h5> anchor "Usage" already defined PlumberEndpoint.html:432:1 (PlumberEndpoint.Rd:266): Warning: <h5> anchor "Arguments" already defined PlumberStatic.html:208:1 (PlumberStatic.Rd:123): Warning: missing </ul> before </div> PlumberStatic.html:144:1 (PlumberStatic.Rd:87): Warning: <h5> anchor "Usage" already defined PlumberStatic.html:150:1 (PlumberStatic.Rd:91): Warning: <h5> anchor "Arguments" already defined PlumberStatic.html:168:1 (PlumberStatic.Rd:103): Warning: <h5> anchor "Returns" already defined PlumberStatic.html:185:1 (PlumberStatic.Rd:112): Warning: <h5> anchor "Usage" already defined PlumberStatic.html:191:1 (PlumberStatic.Rd:116): Warning: <h5> anchor "Arguments" already defined PlumberStep.html:220:1 (PlumberStep.Rd:123): Warning: missing </ul> before </div> PlumberStep.html:134:1 (PlumberStep.Rd:73): Warning: <h5> anchor "Usage" already defined PlumberStep.html:140:1 (PlumberStep.Rd:77): Warning: <h5> anchor "Arguments" already defined PlumberStep.html:163:1 (PlumberStep.Rd:90): Warning: <h5> anchor "Usage" already defined PlumberStep.html:172:1 (PlumberStep.Rd:97): Warning: <h5> anchor "Arguments" already defined PlumberStep.html:197:1 (PlumberStep.Rd:112): Warning: <h5> anchor "Usage" already defined PlumberStep.html:203:1 (PlumberStep.Rd:116): Warning: <h5> anchor "Arguments" already defined deprecated_r6.html:243:1 (deprecated_r6.Rd:149): Warning: missing </ul> before </div> deprecated_r6.html:102:1 (deprecated_r6.Rd:57): Warning: <h5> anchor "Usage" already defined deprecated_r6.html:128:1 (deprecated_r6.Rd:73): Warning: <h3> anchor "Methods" already defined deprecated_r6.html:132:1 (deprecated_r6.Rd:74): Warning: <h4> anchor "Public-methods" already defined deprecated_r6.html:185:1 (deprecated_r6.Rd:119): Warning: <h4> anchor "Method-+E2+80+98new+28+29+E2+80+99" already defined deprecated_r6.html:191:1 (deprecated_r6.Rd:121): Warning: <h5> anchor "Usage" already defined deprecated_r6.html:197:1 (deprecated_r6.Rd:125): Warning: <h5> anchor "Arguments" already defined deprecated_r6.html:214:1 (deprecated_r6.Rd:136): Warning: <h4> anchor "Method-+E2+80+98clone+28+29+E2+80+99" already defined deprecated_r6.html:220:1 (deprecated_r6.Rd:138): Warning: <h5> anchor "Usage" already defined deprecated_r6.html:226:1 (deprecated_r6.Rd:142): Warning: <h5> anchor "Arguments" already defined Flavor: r-devel-linux-x86_64-debian-gcc