Last updated on 2025-10-21 09:48:41 CEST.
Flavor | Version | Tinstall | Tcheck | Ttotal | Status | Flags |
---|---|---|---|---|---|---|
r-devel-linux-x86_64-debian-clang | 1.4.1 | 4.78 | 109.08 | 113.86 | OK | |
r-devel-linux-x86_64-debian-gcc | 1.4.1 | 3.89 | 75.80 | 79.69 | NOTE | |
r-devel-linux-x86_64-fedora-clang | 1.4.1 | 180.99 | OK | |||
r-devel-linux-x86_64-fedora-gcc | 1.4.1 | 299.57 | OK | |||
r-devel-windows-x86_64 | 1.4.1 | 8.00 | 106.00 | 114.00 | OK | |
r-patched-linux-x86_64 | 1.4.1 | 5.96 | 100.63 | 106.59 | OK | |
r-release-linux-x86_64 | 1.4.1 | 5.53 | 100.63 | 106.16 | OK | |
r-release-macos-arm64 | 1.4.1 | 102.00 | OK | |||
r-release-macos-x86_64 | 1.4.1 | 197.00 | OK | |||
r-release-windows-x86_64 | 1.4.1 | 8.00 | 116.00 | 124.00 | OK | |
r-oldrel-macos-arm64 | 1.4.1 | 113.00 | OK | |||
r-oldrel-macos-x86_64 | 1.4.1 | 334.00 | OK | |||
r-oldrel-windows-x86_64 | 1.4.1 | 9.00 | 138.00 | 147.00 | OK |
Version: 1.4.1
Check: HTML version of manual
Result: NOTE
Found the following HTML validation problems:
check_dep_version.html:51:1 (check_dep_version.Rd:13): Warning: missing </ul> before </div>
check_suggested.html:54:1 (check_suggested.Rd:14): Warning: missing </ul> before </div>
is_dev_package.html:47:1 (is_dev_package.Rd:10): Warning: missing </ul> before </div>
load_code.html:51:1 (load_code.Rd:12): Warning: missing </ul> before </div>
load_data.html:46:1 (load_data.Rd:10): Warning: missing </ul> before </div>
load_dll.html:46:1 (load_dll.Rd:10): Warning: missing </ul> before </div>
run_pkg_hook.html:52:1 (run_pkg_hook.Rd:15): Warning: missing </ul> before </div>
Flavor: r-devel-linux-x86_64-debian-gcc