CRAN Package Check Results for Package pixiedust

Last updated on 2025-10-21 09:48:41 CEST.

Flavor Version Tinstall Tcheck Ttotal Status Flags
r-devel-linux-x86_64-debian-clang 0.9.4 7.13 96.08 103.21 NOTE
r-devel-linux-x86_64-debian-gcc 0.9.4 5.32 67.47 72.79 NOTE
r-devel-linux-x86_64-fedora-clang 0.9.4 151.90 NOTE
r-devel-linux-x86_64-fedora-gcc 0.9.4 163.37 NOTE
r-devel-windows-x86_64 0.9.4 9.00 113.00 122.00 NOTE
r-patched-linux-x86_64 0.9.4 8.85 89.52 98.37 NOTE
r-release-linux-x86_64 0.9.4 5.24 87.56 92.80 NOTE
r-release-macos-arm64 0.9.4 53.00 NOTE
r-release-macos-x86_64 0.9.4 104.00 NOTE
r-release-windows-x86_64 0.9.4 8.00 111.00 119.00 NOTE
r-oldrel-macos-arm64 0.9.4 45.00 NOTE
r-oldrel-macos-x86_64 0.9.4 76.00 NOTE
r-oldrel-windows-x86_64 0.9.4 11.00 136.00 147.00 NOTE

Check Details

Version: 0.9.4
Check: Rd files
Result: NOTE checkRd: (-1) sprinkle_colnames.Rd:26-28: Lost braces in \itemize; meant \describe ? checkRd: (-1) sprinkle_colnames.Rd:29-31: Lost braces in \itemize; meant \describe ? checkRd: (-1) tidy_levels_labels.Rd:62: Lost braces in \itemize; meant \describe ? checkRd: (-1) tidy_levels_labels.Rd:63-68: Lost braces in \itemize; meant \describe ? checkRd: (-1) tidy_levels_labels.Rd:69-73: Lost braces in \itemize; meant \describe ? checkRd: (-1) tidy_levels_labels.Rd:74-77: Lost braces in \itemize; meant \describe ? checkRd: (-1) tidy_levels_labels.Rd:78-83: Lost braces in \itemize; meant \describe ? Flavors: r-devel-linux-x86_64-debian-clang, r-devel-linux-x86_64-debian-gcc, r-devel-linux-x86_64-fedora-clang, r-devel-linux-x86_64-fedora-gcc, r-devel-windows-x86_64, r-patched-linux-x86_64, r-release-linux-x86_64, r-release-macos-arm64, r-release-macos-x86_64, r-release-windows-x86_64, r-oldrel-macos-arm64, r-oldrel-macos-x86_64, r-oldrel-windows-x86_64

Version: 0.9.4
Check: HTML version of manual
Result: NOTE Found the following HTML validation problems: chain.html:46:1 (chain.Rd:10): Warning: missing </ul> before </div> compoundAssignment.html:47:1 (compoundAssignment.Rd:10): Warning: missing </ul> before </div> knit_print.dust.html:59:1 (knit_print.dust.Rd:17): Warning: missing </ul> before </div> Flavor: r-devel-linux-x86_64-debian-gcc