Last updated on 2025-10-21 09:48:41 CEST.
Flavor | Version | Tinstall | Tcheck | Ttotal | Status | Flags |
---|---|---|---|---|---|---|
r-devel-linux-x86_64-debian-clang | 1.1.1 | 2.29 | 40.70 | 42.99 | OK | |
r-devel-linux-x86_64-debian-gcc | 1.1.1 | 1.88 | 31.72 | 33.60 | NOTE | |
r-devel-linux-x86_64-fedora-clang | 1.1.1 | 61.85 | OK | |||
r-devel-linux-x86_64-fedora-gcc | 1.1.1 | 75.52 | OK | |||
r-devel-windows-x86_64 | 1.1.1 | 4.00 | 74.00 | 78.00 | OK | |
r-patched-linux-x86_64 | 1.1.1 | 2.88 | 39.48 | 42.36 | OK | |
r-release-linux-x86_64 | 1.1.1 | 2.38 | 39.58 | 41.96 | OK | |
r-release-macos-arm64 | 1.1.1 | 32.00 | OK | |||
r-release-macos-x86_64 | 1.1.1 | 63.00 | OK | |||
r-release-windows-x86_64 | 1.1.1 | 6.00 | 80.00 | 86.00 | OK | |
r-oldrel-macos-arm64 | 1.1.1 | 28.00 | OK | |||
r-oldrel-macos-x86_64 | 1.1.1 | 42.00 | OK | |||
r-oldrel-windows-x86_64 | 1.1.1 | 4.00 | 84.00 | 88.00 | OK |
Version: 1.1.1
Check: top-level files
Result: NOTE
Found the following validation problem for the NEWS.Rd HTML conversion:
NEWS.html:71:1 (inst/NEWS.Rd:36): Warning: missing </ul> before </div>
Flavor: r-devel-linux-x86_64-debian-gcc